83.212.121.124 - - [04/Aug/2017:00:07:23 +0300] "GET /sparql?query=ASK%0AWHERE%0A++%7B+%3Chttp%3A%2F%2Fwww.wikidata.org%2Fentity%2FQ11303%3E%0A++++++++++++++%3Chttp%3A%2F%2Fwww.w3.org%2F2000%2F01%2Frdf-schema%23subClassOf%3E++%3Chttp%3A%2F%2Flod.taxonconcept.org%2Fontology%2Ftxn.owl%23Area%3E%0A++%7D%0A HTTP/1.1" 200 82 "" "Apache-Jena-ARQ/3.0.0"
83.212.121.124 - - [04/Aug/2017:00:07:23 +0300] "GET /sparql?query=ASK%0AWHERE%0A++%7B+%3Chttp%3A%2F%2Fwww.wikidata.org%2Fentity%2FQ11303%3E%0A++++++++++++++%3Chttp%3A%2F%2Fwww.w3.org%2F2000%2F01%2Frdf-schema%23subClassOf%3E++%3Chttp%3A%2F%2Fschema.org%2FLandmarksOrHistoricalBuildings%3E%0A++%7D%0A HTTP/1.1" 200 82 "" "Apache-Jena-ARQ/3.0.0"
83.212.121.124 - - [04/Aug/2017:00:07:23 +0300] "GET /sparql?query=ASK%0AWHERE%0A++%7B+%3Chttp%3A%2F%2Fwww.wikidata.org%2Fentity%2FQ11303%3E%0A++++++++++++++%3Chttp%3A%2F%2Fwww.w3.org%2F2000%2F01%2Frdf-schema%23subClassOf%3E++%3Chttp%3A%2F%2Fwww.geonames.org%2Fontology%23Feature%3E%0A++%7D%0A HTTP/1.1" 200 82 "" "Apache-Jena-ARQ/3.0.0"
83.212.121.124 - - [04/Aug/2017:00:07:23 +0300] "GET /sparql?query=ASK%0AWHERE%0A++%7B+%3Chttp%3A%2F%2Fwww.wikidata.org%2Fentity%2FQ11303%3E%0A++++++++++++++%3Chttp%3A%2F%2Fwww.w3.org%2F2000%2F01%2Frdf-schema%23subClassOf%3E++%3Chttp%3A%2F%2Fschema.org%2FCreativeWork%3E%0A++%7D%0A HTTP/1.1" 200 82 "" "Apache-Jena-ARQ/3.0.0"
83.212.121.124 - - [04/Aug/2017:00:07:23 +0300] "GET /sparql?query=ASK%0AWHERE%0A++%7B+%3Chttp%3A%2F%2Fwww.wikidata.org%2Fentity%2FQ11303%3E%0A++++++++++++++%3Chttp%3A%2F%2Fwww.w3.org%2F2000%2F01%2Frdf-schema%23subClassOf%3E++%3Chttp%3A%2F%2Fdbpedia.org%2Fclass%2Fyago%2FWikicatPopulatedPlacesEstablishedInThe13thCentury%3E%0A++%7D%0A HTTP/1.1" 200 82 "" "Apache-Jena-ARQ/3.0.0"
83.212.121.124 - - [04/Aug/2017:00:07:24 +0300] "GET /sparql?query=ASK%0AWHERE%0A++%7B+%3Chttp%3A%2F%2Fwww.wikidata.org%2Fentity%2FQ11303%3E%0A++++++++++++++%3Chttp%3A%2F%2Fwww.w3.org%2F2000%2F01%2Frdf-schema%23subClassOf%3E++%3Chttp%3A%2F%2Fdbpedia.org%2Fclass%2Fyago%2FWikicatCapitalsInEurope%3E%0A++%7D%0A HTTP/1.1" 200 82 "" "Apache-Jena-ARQ/3.0.0"
83.212.121.124 - - [04/Aug/2017:00:07:24 +0300] "GET /sparql?query=ASK%0AWHERE%0A++%7B+%3Chttp%3A%2F%2Fwww.wikidata.org%2Fentity%2FQ11303%3E%0A++++++++++++++%3Chttp%3A%2F%2Fwww.w3.org%2F2000%2F01%2Frdf-schema%23subClassOf%3E++%3Chttp%3A%2F%2Fdbpedia.org%2Fclass%2Fyago%2FWikicatPortCities%3E%0A++%7D%0A HTTP/1.1" 200 82 "" "Apache-Jena-ARQ/3.0.0"
176.43.145.245 - - [04/Aug/2017:00:07:24 +0300] "HEAD /about/html/http://www.haliyikamacimiz.net/bolgeler/kucukcekmece-hali-yikama HTTP/1.0" 400 330 "http://www.haliyikamacimiz.net/bolgeler/kucukcekmece-hali-yikama" "&as_qdr=all"
83.212.121.124 - - [04/Aug/2017:00:07:24 +0300] "GET /sparql?query=ASK%0AWHERE%0A++%7B+%3Chttp%3A%2F%2Fwww.wikidata.org%2Fentity%2FQ11303%3E%0A++++++++++++++%3Chttp%3A%2F%2Fwww.w3.org%2F2000%2F01%2Frdf-schema%23subClassOf%3E++%3Chttp%3A%2F%2Fdbpedia.org%2Fclass%2Fyago%2FEconomy108366753%3E%0A++%7D%0A HTTP/1.1" 200 82 "" "Apache-Jena-ARQ/3.0.0"
83.212.121.124 - - [04/Aug/2017:00:07:24 +0300] "GET /sparql?query=ASK%0AWHERE%0A++%7B+%3Chttp%3A%2F%2Fwww.wikidata.org%2Fentity%2FQ11303%3E%0A++++++++++++++%3Chttp%3A%2F%2Fwww.w3.org%2F2000%2F01%2Frdf-schema%23subClassOf%3E++%3Chttp%3A%2F%2Fdbpedia.org%2Fontology%2FCountry%3E%0A++%7D%0A HTTP/1.1" 200 82 "" "Apache-Jena-ARQ/3.0.0"
83.212.121.124 - - [04/Aug/2017:00:07:25 +0300] "GET /sparql?query=ASK%0AWHERE%0A++%7B+%3Chttp%3A%2F%2Fwww.wikidata.org%2Fentity%2FQ11303%3E%0A++++++++++++++%3Chttp%3A%2F%2Fwww.w3.org%2F2000%2F01%2Frdf-schema%23subClassOf%3E++%3Chttp%3A%2F%2Fdbpedia.org%2Fclass%2Fyago%2FCountry108544813%3E%0A++%7D%0A HTTP/1.1" 200 82 "" "Apache-Jena-ARQ/3.0.0"
83.212.121.124 - - [04/Aug/2017:00:07:25 +0300] "GET /sparql?query=ASK%0AWHERE%0A++%7B+%3Chttp%3A%2F%2Fwww.wikidata.org%2Fentity%2FQ11303%3E%0A++++++++++++++%3Chttp%3A%2F%2Fwww.w3.org%2F2000%2F01%2Frdf-schema%23subClassOf%3E++%3Chttp%3A%2F%2Fdbpedia.org%2Fclass%2Fyago%2FSouthAmericanCountries%3E%0A++%7D%0A HTTP/1.1" 200 82 "" "Apache-Jena-ARQ/3.0.0"
83.212.121.124 - - [04/Aug/2017:00:07:25 +0300] "GET /sparql?query=ASK%0AWHERE%0A++%7B+%3Chttp%3A%2F%2Fwww.wikidata.org%2Fentity%2FQ11303%3E%0A++++++++++++++%3Chttp%3A%2F%2Fwww.w3.org%2F2000%2F01%2Frdf-schema%23subClassOf%3E++%3Chttp%3A%2F%2Fdbpedia.org%2Fclass%2Fyago%2FMemberStatesOfTheUnitedNations%3E%0A++%7D%0A HTTP/1.1" 200 82 "" "Apache-Jena-ARQ/3.0.0"
164.132.161.79 - - [04/Aug/2017:00:07:25 +0300] "GET /sparql?query=define%20sql%3Adescribe-mode%20%22CBD%22%20%20DESCRIBE%20%3Chttp%3A%2F%2Feo.dbpedia.org%2Fresource%2FThe_Cat_and_the_Canary_%281979%29%3E&output=text%2Fhtml HTTP/1.1" 200 252 "" "Mozilla/5.0 (compatible; AhrefsBot/5.2; +http://ahrefs.com/robot/)"
83.212.121.124 - - [04/Aug/2017:00:07:25 +0300] "GET /sparql?query=ASK%0AWHERE%0A++%7B+%3Chttp%3A%2F%2Fwww.wikidata.org%2Fentity%2FQ11303%3E%0A++++++++++++++%3Chttp%3A%2F%2Fwww.w3.org%2F2000%2F01%2Frdf-schema%23subClassOf%3E++%3Chttp%3A%2F%2Fdbpedia.org%2Fclass%2Fyago%2FSystem108435388%3E%0A++%7D%0A HTTP/1.1" 200 82 "" "Apache-Jena-ARQ/3.0.0"
83.212.121.124 - - [04/Aug/2017:00:07:25 +0300] "GET /sparql?query=ASK%0AWHERE%0A++%7B+%3Chttp%3A%2F%2Fwww.wikidata.org%2Fentity%2FQ11303%3E%0A++++++++++++++%3Chttp%3A%2F%2Fwww.w3.org%2F2000%2F01%2Frdf-schema%23subClassOf%3E++%3Chttp%3A%2F%2Fdbpedia.org%2Fclass%2Fyago%2FWorldTradeOrganizationMemberEconomies%3E%0A++%7D%0A HTTP/1.1" 200 82 "" "Apache-Jena-ARQ/3.0.0"
180.76.15.8 - - [04/Aug/2017:00:07:26 +0300] "GET /ode/?uri=http%3A%2F%2Fwww.bucknell.edu%2Fmsw3%2Fbrowse.asp%3Fs%3Dy%26id%3D14000211 HTTP/1.1" 200 15166 "" "Mozilla/5.0 (compatible; Baiduspider/2.0; +http://www.baidu.com/search/spider.html)"
83.212.121.124 - - [04/Aug/2017:00:07:26 +0300] "GET /sparql?query=ASK%0AWHERE%0A++%7B+%3Chttp%3A%2F%2Fwww.wikidata.org%2Fentity%2FQ11303%3E%0A++++++++++++++%3Chttp%3A%2F%2Fwww.w3.org%2F2000%2F01%2Frdf-schema%23subClassOf%3E++%3Chttp%3A%2F%2Fschema.org%2FCountry%3E%0A++%7D%0A HTTP/1.1" 200 82 "" "Apache-Jena-ARQ/3.0.0"
83.212.121.124 - - [04/Aug/2017:00:07:26 +0300] "GET /sparql?query=ASK%0AWHERE%0A++%7B+%3Chttp%3A%2F%2Fwww.wikidata.org%2Fentity%2FQ11303%3E%0A++++++++++++++%3Chttp%3A%2F%2Fwww.w3.org%2F2000%2F01%2Frdf-schema%23subClassOf%3E++%3Chttp%3A%2F%2Fumbel.org%2Fumbel%2Frc%2FCountry%3E%0A++%7D%0A HTTP/1.1" 200 82 "" "Apache-Jena-ARQ/3.0.0"
83.212.121.124 - - [04/Aug/2017:00:07:26 +0300] "GET /sparql?query=ASK%0AWHERE%0A++%7B+%3Chttp%3A%2F%2Fwww.wikidata.org%2Fentity%2FQ11303%3E%0A++++++++++++++%3Chttp%3A%2F%2Fwww.w3.org%2F2000%2F01%2Frdf-schema%23subClassOf%3E++%3Chttp%3A%2F%2Fdbpedia.org%2Fclass%2Fyago%2FFederalCountries%3E%0A++%7D%0A HTTP/1.1" 200 82 "" "Apache-Jena-ARQ/3.0.0"
83.212.121.124 - - [04/Aug/2017:00:07:26 +0300] "GET /sparql?query=ASK%0AWHERE%0A++%7B+%3Chttp%3A%2F%2Fwww.wikidata.org%2Fentity%2FQ11303%3E%0A++++++++++++++%3Chttp%3A%2F%2Fwww.w3.org%2F2000%2F01%2Frdf-schema%23subClassOf%3E++%3Chttp%3A%2F%2Fdbpedia.org%2Fclass%2Fyago%2FSpanish-speakingCountries%3E%0A++%7D%0A HTTP/1.1" 200 82 "" "Apache-Jena-ARQ/3.0.0"
83.212.121.124 - - [04/Aug/2017:00:07:26 +0300] "GET /sparql?query=ASK%0AWHERE%0A++%7B+%3Chttp%3A%2F%2Fwww.wikidata.org%2Fentity%2FQ11303%3E%0A++++++++++++++%3Chttp%3A%2F%2Fwww.w3.org%2F2000%2F01%2Frdf-schema%23subClassOf%3E++%3Chttp%3A%2F%2Fdbpedia.org%2Fclass%2Fyago%2FCountriesBorderingTheAtlanticOcean%3E%0A++%7D%0A HTTP/1.1" 200 82 "" "Apache-Jena-ARQ/3.0.0"
83.212.121.124 - - [04/Aug/2017:00:07:27 +0300] "GET /sparql?query=ASK%0AWHERE%0A++%7B+%3Chttp%3A%2F%2Fwww.wikidata.org%2Fentity%2FQ11303%3E%0A++++++++++++++%3Chttp%3A%2F%2Fwww.w3.org%2F2000%2F01%2Frdf-schema%23subClassOf%3E++%3Chttp%3A%2F%2Fdbpedia.org%2Fclass%2Fyago%2FMemberStatesOfTheUnionOfSouthAmericanNations%3E%0A++%7D%0A HTTP/1.1" 200 82 "" "Apache-Jena-ARQ/3.0.0"
83.212.121.124 - - [04/Aug/2017:00:07:27 +0300] "GET /sparql?query=ASK%0AWHERE%0A++%7B+%3Chttp%3A%2F%2Fwww.wikidata.org%2Fentity%2FQ11303%3E%0A++++++++++++++%3Chttp%3A%2F%2Fwww.w3.org%2F2000%2F01%2Frdf-schema%23subClassOf%3E++%3Chttp%3A%2F%2Fdbpedia.org%2Fclass%2Fyago%2FMemberStatesOfMercosur%3E%0A++%7D%0A HTTP/1.1" 200 82 "" "Apache-Jena-ARQ/3.0.0"
83.212.121.124 - - [04/Aug/2017:00:07:27 +0300] "GET /sparql?query=ASK%0AWHERE%0A++%7B+%3Chttp%3A%2F%2Fwww.wikidata.org%2Fentity%2FQ11303%3E%0A++++++++++++++%3Chttp%3A%2F%2Fwww.w3.org%2F2000%2F01%2Frdf-schema%23subClassOf%3E++%3Chttp%3A%2F%2Fdbpedia.org%2Fclass%2Fyago%2FPortSettlementsInTheUnitedStates%3E%0A++%7D%0A HTTP/1.1" 200 82 "" "Apache-Jena-ARQ/3.0.0"
83.212.121.124 - - [04/Aug/2017:00:07:27 +0300] "GET /sparql?query=ASK%0AWHERE%0A++%7B+%3Chttp%3A%2F%2Fwww.wikidata.org%2Fentity%2FQ11303%3E%0A++++++++++++++%3Chttp%3A%2F%2Fwww.w3.org%2F2000%2F01%2Frdf-schema%23subClassOf%3E++%3Chttp%3A%2F%2Fdbpedia.org%2Fclass%2Fyago%2FRegion108630039%3E%0A++%7D%0A HTTP/1.1" 200 82 "" "Apache-Jena-ARQ/3.0.0"
83.212.121.124 - - [04/Aug/2017:00:07:27 +0300] "GET /sparql?query=ASK%0AWHERE%0A++%7B+%3Chttp%3A%2F%2Fwww.wikidata.org%2Fentity%2FQ11303%3E%0A++++++++++++++%3Chttp%3A%2F%2Fwww.w3.org%2F2000%2F01%2Frdf-schema%23subClassOf%3E++%3Chttp%3A%2F%2Fdbpedia.org%2Fclass%2Fyago%2FBorough108540532%3E%0A++%7D%0A HTTP/1.1" 200 82 "" "Apache-Jena-ARQ/3.0.0"
83.212.121.124 - - [04/Aug/2017:00:07:28 +0300] "GET /sparql?query=ASK%0AWHERE%0A++%7B+%3Chttp%3A%2F%2Fwww.wikidata.org%2Fentity%2FQ11303%3E%0A++++++++++++++%3Chttp%3A%2F%2Fwww.w3.org%2F2000%2F01%2Frdf-schema%23subClassOf%3E++%3Chttp%3A%2F%2Fdbpedia.org%2Fclass%2Fyago%2FHousing103546340%3E%0A++%7D%0A HTTP/1.1" 200 82 "" "Apache-Jena-ARQ/3.0.0"
83.212.121.124 - - [04/Aug/2017:00:07:28 +0300] "GET /sparql?query=ASK%0AWHERE%0A++%7B+%3Chttp%3A%2F%2Fwww.wikidata.org%2Fentity%2FQ11303%3E%0A++++++++++++++%3Chttp%3A%2F%2Fwww.w3.org%2F2000%2F01%2Frdf-schema%23subClassOf%3E++%3Chttp%3A%2F%2Fwww.ontologydesignpatterns.org%2Font%2Ffred%2Fdomain.owl%23Country%3E%0A++%7D%0A HTTP/1.1" 200 82 "" "Apache-Jena-ARQ/3.0.0"
83.212.121.124 - - [04/Aug/2017:00:07:28 +0300] "GET /sparql?query=ASK%0AWHERE%0A++%7B+%3Chttp%3A%2F%2Fwww.wikidata.org%2Fentity%2FQ11303%3E%0A++++++++++++++%3Chttp%3A%2F%2Fwww.w3.org%2F2000%2F01%2Frdf-schema%23subClassOf%3E++%3Chttp%3A%2F%2Fwww.wikidata.org%2Fentity%2FQ6256%3E%0A++%7D%0A HTTP/1.1" 200 82 "" "Apache-Jena-ARQ/3.0.0"
83.212.121.124 - - [04/Aug/2017:00:07:28 +0300] "GET /sparql?query=ASK%0AWHERE%0A++%7B+%3Chttp%3A%2F%2Fwww.wikidata.org%2Fentity%2FQ11303%3E%0A++++++++++++++%3Chttp%3A%2F%2Fwww.w3.org%2F2000%2F01%2Frdf-schema%23subClassOf%3E++%3Chttp%3A%2F%2Fdbpedia.org%2Fclass%2Fyago%2FWikicatCountries%3E%0A++%7D%0A HTTP/1.1" 200 82 "" "Apache-Jena-ARQ/3.0.0"
83.212.121.124 - - [04/Aug/2017:00:07:28 +0300] "GET /sparql?query=ASK%0AWHERE%0A++%7B+%3Chttp%3A%2F%2Fwww.wikidata.org%2Fentity%2FQ11303%3E%0A++++++++++++++%3Chttp%3A%2F%2Fwww.w3.org%2F2000%2F01%2Frdf-schema%23subClassOf%3E++%3Chttp%3A%2F%2Fdbpedia.org%2Fclass%2Fyago%2FWikicatMemberStatesOfTheUnitedNations%3E%0A++%7D%0A HTTP/1.1" 200 82 "" "Apache-Jena-ARQ/3.0.0"
83.212.121.124 - - [04/Aug/2017:00:07:29 +0300] "GET /sparql?query=ASK%0AWHERE%0A++%7B+%3Chttp%3A%2F%2Fwww.wikidata.org%2Fentity%2FQ11303%3E%0A++++++++++++++%3Chttp%3A%2F%2Fwww.w3.org%2F2000%2F01%2Frdf-schema%23subClassOf%3E++%3Chttp%3A%2F%2Fdbpedia.org%2Fclass%2Fyago%2FWikicatRomanceCountriesAndTerritories%3E%0A++%7D%0A HTTP/1.1" 200 82 "" "Apache-Jena-ARQ/3.0.0"
173.208.66.64 - - [04/Aug/2017:00:07:29 +0300] "GET /HtmlPivotViewer/?url=https://www.youtube.com/watch?v=32C7rYJrcTo HTTP/1.0" 200 12278 "http://uriburner.com/" "Mozilla/5.0 (X11; Linux x86_64) AppleWebKit/537.36 (KHTML, like Gecko) Chrome/51.0.2704.106 Safari/537.36"
83.212.121.124 - - [04/Aug/2017:00:07:29 +0300] "GET /sparql?query=ASK%0AWHERE%0A++%7B+%3Chttp%3A%2F%2Fwww.wikidata.org%2Fentity%2FQ11303%3E%0A++++++++++++++%3Chttp%3A%2F%2Fwww.w3.org%2F2000%2F01%2Frdf-schema%23subClassOf%3E++%3Chttp%3A%2F%2Fdbpedia.org%2Fclass%2Fyago%2FCountriesBorderingThePacificOcean%3E%0A++%7D%0A HTTP/1.1" 200 82 "" "Apache-Jena-ARQ/3.0.0"
212.227.18.28 - - [04/Aug/2017:00:07:29 +0300] "GET /about/html/http/www.webgears.de HTTP/1.0" 303 0 "" ""
83.212.121.124 - - [04/Aug/2017:00:07:29 +0300] "GET /sparql?query=ASK%0AWHERE%0A++%7B+%3Chttp%3A%2F%2Fwww.wikidata.org%2Fentity%2FQ11303%3E%0A++++++++++++++%3Chttp%3A%2F%2Fwww.w3.org%2F2000%2F01%2Frdf-schema%23subClassOf%3E++%3Chttp%3A%2F%2Fdbpedia.org%2Fontology%2FUniversity%3E%0A++%7D%0A HTTP/1.1" 200 82 "" "Apache-Jena-ARQ/3.0.0"
23.19.154.41 - - [04/Aug/2017:00:07:29 +0300] "GET /HtmlPivotViewer/?url=https://www.youtube.com/watch?v=BDlHyXGCjo8 HTTP/1.1" 200 3148 "http://uriburner.com/" "Mozilla/5.0 (X11; Linux x86_64) AppleWebKit/537.36 (KHTML, like Gecko) Chrome/51.0.2704.106 Safari/537.36"
83.212.121.124 - - [04/Aug/2017:00:07:29 +0300] "GET /sparql?query=ASK%0AWHERE%0A++%7B+%3Chttp%3A%2F%2Fwww.wikidata.org%2Fentity%2FQ11303%3E%0A++++++++++++++%3Chttp%3A%2F%2Fwww.w3.org%2F2000%2F01%2Frdf-schema%23subClassOf%3E++%3Chttp%3A%2F%2Fschema.org%2FCollegeOrUniversity%3E%0A++%7D%0A HTTP/1.1" 200 82 "" "Apache-Jena-ARQ/3.0.0"
83.212.121.124 - - [04/Aug/2017:00:07:30 +0300] "GET /sparql?query=ASK%0AWHERE%0A++%7B+%3Chttp%3A%2F%2Fwww.wikidata.org%2Fentity%2FQ11303%3E%0A++++++++++++++%3Chttp%3A%2F%2Fwww.w3.org%2F2000%2F01%2Frdf-schema%23subClassOf%3E++%3Chttp%3A%2F%2Fumbel.org%2Fumbel%2Frc%2FUniversity%3E%0A++%7D%0A HTTP/1.1" 200 82 "" "Apache-Jena-ARQ/3.0.0"
212.227.18.28 - - [04/Aug/2017:00:07:30 +0300] "GET /rdfdesc/login.vsp?returnto=http%3A%2F%2Flinkeddata.uriburner.com%2Fabout%2Fhtml%2Fhttp%3A%2F%2Fwww.webgears.de%3F@Lookup@%3D%26refresh%3Dclean&error.msg= HTTP/1.0" 500 1052 "" ""
83.212.121.124 - - [04/Aug/2017:00:07:30 +0300] "GET /sparql?query=ASK%0AWHERE%0A++%7B+%3Chttp%3A%2F%2Fwww.wikidata.org%2Fentity%2FQ11303%3E%0A++++++++++++++%3Chttp%3A%2F%2Fwww.w3.org%2F2000%2F01%2Frdf-schema%23subClassOf%3E++%3Chttp%3A%2F%2Fdbpedia.org%2Fclass%2Fyago%2FUniversity108286569%3E%0A++%7D%0A HTTP/1.1" 200 82 "" "Apache-Jena-ARQ/3.0.0"
83.212.121.124 - - [04/Aug/2017:00:07:30 +0300] "GET /sparql?query=ASK%0AWHERE%0A++%7B+%3Chttp%3A%2F%2Fwww.wikidata.org%2Fentity%2FQ11303%3E%0A++++++++++++++%3Chttp%3A%2F%2Fwww.w3.org%2F2000%2F01%2Frdf-schema%23subClassOf%3E++%3Chttp%3A%2F%2Fwww.wikidata.org%2Fentity%2FQ3918%3E%0A++%7D%0A HTTP/1.1" 200 82 "" "Apache-Jena-ARQ/3.0.0"
217.182.132.187 - - [04/Aug/2017:00:07:30 +0300] "GET /sparql?query=define%20sql%3Adescribe-mode%20%22CBD%22%20%20DESCRIBE%20%3Chttp%3A%2F%2Feo.dbpedia.org%2Fresource%2FRad%C3%83%C2%83%C3%82%C2%85%C3%83%C2%82%C3%82%C2%9Dpinilo%3E&output=text%2Fcsv HTTP/1.1" 200 66 "" "Mozilla/5.0 (compatible; AhrefsBot/5.2; +http://ahrefs.com/robot/)"
173.208.66.64 - - [04/Aug/2017:00:07:30 +0300] "GET /HtmlPivotViewer/?url=https://www.youtube.com/watch?v=9enj4GwEfhA HTTP/1.1" 200 3147 "http://uriburner.com/" "Mozilla/5.0 (X11; Linux x86_64) AppleWebKit/537.36 (KHTML, like Gecko) Chrome/51.0.2704.106 Safari/537.36"
83.212.121.124 - - [04/Aug/2017:00:07:30 +0300] "GET /sparql?query=ASK%0AWHERE%0A++%7B+%3Chttp%3A%2F%2Fwww.wikidata.org%2Fentity%2FQ11303%3E%0A++++++++++++++%3Chttp%3A%2F%2Fwww.w3.org%2F2000%2F01%2Frdf-schema%23subClassOf%3E++%3Chttp%3A%2F%2Fdbpedia.org%2Fclass%2Fyago%2FMemberStatesOfOPEC%3E%0A++%7D%0A HTTP/1.1" 200 82 "" "Apache-Jena-ARQ/3.0.0"
23.19.154.41 - - [04/Aug/2017:00:07:30 +0300] "GET /HtmlPivotViewer/?url=https://www.youtube.com/watch?v=zY3k128tCxw HTTP/1.1" 200 3148 "http://uriburner.com/" "Mozilla/5.0 (X11; Linux x86_64) AppleWebKit/537.36 (KHTML, like Gecko) Chrome/51.0.2704.106 Safari/537.36"
83.212.121.124 - - [04/Aug/2017:00:07:30 +0300] "GET /sparql?query=ASK%0AWHERE%0A++%7B+%3Chttp%3A%2F%2Fwww.wikidata.org%2Fentity%2FQ11303%3E%0A++++++++++++++%3Chttp%3A%2F%2Fwww.w3.org%2F2000%2F01%2Frdf-schema%23subClassOf%3E++%3Chttp%3A%2F%2Fdbpedia.org%2Fclass%2Fyago%2FAfricanUnionMemberEconomies%3E%0A++%7D%0A HTTP/1.1" 200 82 "" "Apache-Jena-ARQ/3.0.0"
83.212.121.124 - - [04/Aug/2017:00:07:31 +0300] "GET /sparql?query=ASK%0AWHERE%0A++%7B+%3Chttp%3A%2F%2Fwww.wikidata.org%2Fentity%2FQ11303%3E%0A++++++++++++++%3Chttp%3A%2F%2Fwww.w3.org%2F2000%2F01%2Frdf-schema%23subClassOf%3E++%3Chttp%3A%2F%2Fdbpedia.org%2Fclass%2Fyago%2FAfricanCountries%3E%0A++%7D%0A HTTP/1.1" 200 82 "" "Apache-Jena-ARQ/3.0.0"
83.212.121.124 - - [04/Aug/2017:00:07:31 +0300] "GET /sparql?query=ASK%0AWHERE%0A++%7B+%3Chttp%3A%2F%2Fwww.wikidata.org%2Fentity%2FQ11303%3E%0A++++++++++++++%3Chttp%3A%2F%2Fwww.w3.org%2F2000%2F01%2Frdf-schema%23subClassOf%3E++%3Chttp%3A%2F%2Fdbpedia.org%2Fclass%2Fyago%2FMemberStatesOfTheAfricanUnion%3E%0A++%7D%0A HTTP/1.1" 200 82 "" "Apache-Jena-ARQ/3.0.0"
23.19.127.35 - - [04/Aug/2017:00:07:31 +0300] "GET /PivotViewer/?url=https://www.youtube.com/watch?v=0Kf1ECVTJfM HTTP/1.0" 200 9670 "http://linkeddata.uriburner.com/" "Mozilla/5.0 (X11; Linux x86_64) AppleWebKit/537.36 (KHTML, like Gecko) Chrome/51.0.2704.106 Safari/537.36"
180.76.15.141 - - [04/Aug/2017:00:07:31 +0300] "GET /ode/?uri=http%3A%2F%2Fframebase.org%2Fns%2Ffi-D51567A32380FEB1EA195BEA1409109D HTTP/1.1" 200 15166 "" "Mozilla/5.0 (compatible; Baiduspider/2.0; +http://www.baidu.com/search/spider.html)"
83.212.121.124 - - [04/Aug/2017:00:07:31 +0300] "GET /sparql?query=ASK%0AWHERE%0A++%7B+%3Chttp%3A%2F%2Fwww.wikidata.org%2Fentity%2FQ11303%3E%0A++++++++++++++%3Chttp%3A%2F%2Fwww.w3.org%2F2000%2F01%2Frdf-schema%23subClassOf%3E++%3Chttp%3A%2F%2Fdbpedia.org%2Fclass%2Fyago%2FMemberStatesOfLaFrancophonie%3E%0A++%7D%0A HTTP/1.1" 200 82 "" "Apache-Jena-ARQ/3.0.0"
23.19.154.41 - - [04/Aug/2017:00:07:31 +0300] "GET /HtmlPivotViewer/?url=https://www.youtube.com/watch?v=zY3k128tCxw HTTP/1.1" 200 3148 "" "Mozilla/5.0 (X11; Linux x86_64) AppleWebKit/537.36 (KHTML, like Gecko) Chrome/51.0.2704.106 Safari/537.36"
83.212.121.124 - - [04/Aug/2017:00:07:31 +0300] "GET /sparql?query=ASK%0AWHERE%0A++%7B+%3Chttp%3A%2F%2Fwww.wikidata.org%2Fentity%2FQ11303%3E%0A++++++++++++++%3Chttp%3A%2F%2Fwww.w3.org%2F2000%2F01%2Frdf-schema%23subClassOf%3E++%3Chttp%3A%2F%2Fcommontag.org%2Fns%23Tag%3E%0A++%7D%0A HTTP/1.1" 200 82 "" "Apache-Jena-ARQ/3.0.0"
173.208.66.64 - - [04/Aug/2017:00:07:31 +0300] "GET /HtmlPivotViewer/?url=https://www.youtube.com/watch?v=9enj4GwEfhA HTTP/1.0" 200 12278 "" "Mozilla/5.0 (X11; Linux x86_64) AppleWebKit/537.36 (KHTML, like Gecko) Chrome/51.0.2704.106 Safari/537.36"
83.212.121.124 - - [04/Aug/2017:00:07:31 +0300] "GET /sparql?query=ASK%0AWHERE%0A++%7B+%3Chttp%3A%2F%2Fwww.wikidata.org%2Fentity%2FQ11303%3E%0A++++++++++++++%3Chttp%3A%2F%2Fwww.w3.org%2F2000%2F01%2Frdf-schema%23subClassOf%3E++%3Chttp%3A%2F%2Fwww.w3.org%2F2004%2F02%2Fskos%2Fcore%23Concept%3E%0A++%7D%0A HTTP/1.1" 200 82 "" "Apache-Jena-ARQ/3.0.0"
83.212.121.124 - - [04/Aug/2017:00:07:32 +0300] "GET /sparql?query=ASK%0AWHERE%0A++%7B+%3Chttp%3A%2F%2Fwww.wikidata.org%2Fentity%2FQ11303%3E%0A++++++++++++++%3Chttp%3A%2F%2Fwww.w3.org%2F2000%2F01%2Frdf-schema%23subClassOf%3E++%3Chttp%3A%2F%2Fdbpedia.org%2Fclass%2Fyago%2FLand109334396%3E%0A++%7D%0A HTTP/1.1" 200 82 "" "Apache-Jena-ARQ/3.0.0"
83.212.121.124 - - [04/Aug/2017:00:07:32 +0300] "GET /sparql?query=ASK%0AWHERE%0A++%7B+%3Chttp%3A%2F%2Fwww.wikidata.org%2Fentity%2FQ11303%3E%0A++++++++++++++%3Chttp%3A%2F%2Fwww.w3.org%2F2000%2F01%2Frdf-schema%23subClassOf%3E++%3Chttp%3A%2F%2Fdbpedia.org%2Fclass%2Fyago%2FIsland109316454%3E%0A++%7D%0A HTTP/1.1" 200 82 "" "Apache-Jena-ARQ/3.0.0"
83.212.121.124 - - [04/Aug/2017:00:07:32 +0300] "GET /sparql?query=ASK%0AWHERE%0A++%7B+%3Chttp%3A%2F%2Fwww.wikidata.org%2Fentity%2FQ11303%3E%0A++++++++++++++%3Chttp%3A%2F%2Fwww.w3.org%2F2000%2F01%2Frdf-schema%23subClassOf%3E++%3Chttp%3A%2F%2Fdbpedia.org%2Fontology%2FIsland%3E%0A++%7D%0A HTTP/1.1" 200 82 "" "Apache-Jena-ARQ/3.0.0"
83.212.121.124 - - [04/Aug/2017:00:07:32 +0300] "GET /sparql?query=ASK%0AWHERE%0A++%7B+%3Chttp%3A%2F%2Fwww.wikidata.org%2Fentity%2FQ11303%3E%0A++++++++++++++%3Chttp%3A%2F%2Fwww.w3.org%2F2000%2F01%2Frdf-schema%23subClassOf%3E++%3Chttp%3A%2F%2Fwww.wikidata.org%2Fentity%2FQ23442%3E%0A++%7D%0A HTTP/1.1" 200 82 "" "Apache-Jena-ARQ/3.0.0"
23.19.127.35 - - [04/Aug/2017:00:07:32 +0300] "GET /PivotViewer/?url=https://www.youtube.com/watch?v=v-gwwdabBaE HTTP/1.1" 200 2461 "http://linkeddata.uriburner.com/" "Mozilla/5.0 (X11; Linux x86_64) AppleWebKit/537.36 (KHTML, like Gecko) Chrome/51.0.2704.106 Safari/537.36"
83.212.121.124 - - [04/Aug/2017:00:07:32 +0300] "GET /sparql?query=ASK%0AWHERE%0A++%7B+%3Chttp%3A%2F%2Fwww.wikidata.org%2Fentity%2FQ11303%3E%0A++++++++++++++%3Chttp%3A%2F%2Fwww.w3.org%2F2000%2F01%2Frdf-schema%23subClassOf%3E++%3Chttp%3A%2F%2Fdbpedia.org%2Fclass%2Fyago%2FIslandCountries%3E%0A++%7D%0A HTTP/1.1" 200 82 "" "Apache-Jena-ARQ/3.0.0"
83.212.121.124 - - [04/Aug/2017:00:07:33 +0300] "GET /sparql?query=ASK%0AWHERE%0A++%7B+%3Chttp%3A%2F%2Fwww.wikidata.org%2Fentity%2FQ11303%3E%0A++++++++++++++%3Chttp%3A%2F%2Fwww.w3.org%2F2000%2F01%2Frdf-schema%23subClassOf%3E++%3Chttp%3A%2F%2Fdbpedia.org%2Fclass%2Fyago%2FDomain108556491%3E%0A++%7D%0A HTTP/1.1" 200 82 "" "Apache-Jena-ARQ/3.0.0"
83.212.121.124 - - [04/Aug/2017:00:07:33 +0300] "GET /sparql?query=ASK%0AWHERE%0A++%7B+%3Chttp%3A%2F%2Fwww.wikidata.org%2Fentity%2FQ11303%3E%0A++++++++++++++%3Chttp%3A%2F%2Fwww.w3.org%2F2000%2F01%2Frdf-schema%23subClassOf%3E++%3Chttp%3A%2F%2Fdbpedia.org%2Fclass%2Fyago%2FState108654360%3E%0A++%7D%0A HTTP/1.1" 200 82 "" "Apache-Jena-ARQ/3.0.0"
83.212.121.124 - - [04/Aug/2017:00:07:33 +0300] "GET /sparql?query=ASK%0AWHERE%0A++%7B+%3Chttp%3A%2F%2Fwww.wikidata.org%2Fentity%2FQ11303%3E%0A++++++++++++++%3Chttp%3A%2F%2Fwww.w3.org%2F2000%2F01%2Frdf-schema%23subClassOf%3E++%3Chttp%3A%2F%2Fdbpedia.org%2Fclass%2Fyago%2FEuropeanCapitalsOfCulture%3E%0A++%7D%0A HTTP/1.1" 200 82 "" "Apache-Jena-ARQ/3.0.0"
83.212.121.124 - - [04/Aug/2017:00:07:33 +0300] "GET /sparql?query=ASK%0AWHERE%0A++%7B+%3Chttp%3A%2F%2Fwww.wikidata.org%2Fentity%2FQ11303%3E%0A++++++++++++++%3Chttp%3A%2F%2Fwww.w3.org%2F2000%2F01%2Frdf-schema%23subClassOf%3E++%3Chttp%3A%2F%2Fdbpedia.org%2Fclass%2Fyago%2FWikicatCitiesWithMillionsOfInhabitants%3E%0A++%7D%0A HTTP/1.1" 200 82 "" "Apache-Jena-ARQ/3.0.0"
83.212.121.124 - - [04/Aug/2017:00:07:33 +0300] "GET /sparql?query=ASK%0AWHERE%0A++%7B+%3Chttp%3A%2F%2Fwww.wikidata.org%2Fentity%2FQ11303%3E%0A++++++++++++++%3Chttp%3A%2F%2Fwww.w3.org%2F2000%2F01%2Frdf-schema%23subClassOf%3E++%3Chttp%3A%2F%2Fdbpedia.org%2Fclass%2Fyago%2FAssociation108049401%3E%0A++%7D%0A HTTP/1.1" 200 82 "" "Apache-Jena-ARQ/3.0.0"
83.212.121.124 - - [04/Aug/2017:00:07:34 +0300] "GET /sparql?query=ASK%0AWHERE%0A++%7B+%3Chttp%3A%2F%2Fwww.wikidata.org%2Fentity%2FQ11303%3E%0A++++++++++++++%3Chttp%3A%2F%2Fwww.w3.org%2F2000%2F01%2Frdf-schema%23subClassOf%3E++%3Chttp%3A%2F%2Fschema.org%2FAdministrativeArea%3E%0A++%7D%0A HTTP/1.1" 200 82 "" "Apache-Jena-ARQ/3.0.0"
23.19.127.35 - - [04/Aug/2017:00:07:34 +0300] "GET /PivotViewer/?url=https://www.youtube.com/watch?v=v-gwwdabBaE HTTP/1.0" 200 9670 "" "Mozilla/5.0 (X11; Linux x86_64) AppleWebKit/537.36 (KHTML, like Gecko) Chrome/51.0.2704.106 Safari/537.36"
83.212.121.124 - - [04/Aug/2017:00:07:34 +0300] "GET /sparql?query=ASK%0AWHERE%0A++%7B+%3Chttp%3A%2F%2Fwww.wikidata.org%2Fentity%2FQ11303%3E%0A++++++++++++++%3Chttp%3A%2F%2Fwww.w3.org%2F2000%2F01%2Frdf-schema%23subClassOf%3E++%3Chttp%3A%2F%2Fdbpedia.org%2Fontology%2FAdministrativeRegion%3E%0A++%7D%0A HTTP/1.1" 200 82 "" "Apache-Jena-ARQ/3.0.0"
83.212.121.124 - - [04/Aug/2017:00:07:34 +0300] "GET /sparql?query=ASK%0AWHERE%0A++%7B+%3Chttp%3A%2F%2Fwww.wikidata.org%2Fentity%2FQ11303%3E%0A++++++++++++++%3Chttp%3A%2F%2Fwww.w3.org%2F2000%2F01%2Frdf-schema%23subClassOf%3E++%3Chttp%3A%2F%2Fdbpedia.org%2Fontology%2FRegion%3E%0A++%7D%0A HTTP/1.1" 200 82 "" "Apache-Jena-ARQ/3.0.0"
83.212.121.124 - - [04/Aug/2017:00:07:34 +0300] "GET /sparql?query=ASK%0AWHERE%0A++%7B+%3Chttp%3A%2F%2Fwww.wikidata.org%2Fentity%2FQ11303%3E%0A++++++++++++++%3Chttp%3A%2F%2Fwww.w3.org%2F2000%2F01%2Frdf-schema%23subClassOf%3E++%3Chttp%3A%2F%2Fwww.wikidata.org%2Fentity%2FQ3455524%3E%0A++%7D%0A HTTP/1.1" 200 82 "" "Apache-Jena-ARQ/3.0.0"
83.212.121.124 - - [04/Aug/2017:00:07:34 +0300] "GET /sparql?query=ASK%0AWHERE%0A++%7B+%3Chttp%3A%2F%2Fwww.wikidata.org%2Fentity%2FQ11303%3E%0A++++++++++++++%3Chttp%3A%2F%2Fwww.w3.org%2F2000%2F01%2Frdf-schema%23subClassOf%3E++%3Chttp%3A%2F%2Fdbpedia.org%2Fontology%2FPerson%3E%0A++%7D%0A HTTP/1.1" 200 82 "" "Apache-Jena-ARQ/3.0.0"
83.212.121.124 - - [04/Aug/2017:00:07:35 +0300] "GET /sparql?query=ASK%0AWHERE%0A++%7B+%3Chttp%3A%2F%2Fwww.wikidata.org%2Fentity%2FQ11303%3E%0A++++++++++++++%3Chttp%3A%2F%2Fwww.w3.org%2F2000%2F01%2Frdf-schema%23subClassOf%3E++%3Chttp%3A%2F%2Fschema.org%2FPerson%3E%0A++%7D%0A HTTP/1.1" 200 82 "" "Apache-Jena-ARQ/3.0.0"
83.212.121.124 - - [04/Aug/2017:00:07:35 +0300] "GET /sparql?query=ASK%0AWHERE%0A++%7B+%3Chttp%3A%2F%2Fwww.wikidata.org%2Fentity%2FQ11303%3E%0A++++++++++++++%3Chttp%3A%2F%2Fwww.w3.org%2F2000%2F01%2Frdf-schema%23subClassOf%3E++%3Chttp%3A%2F%2Fwww.ontologydesignpatterns.org%2Font%2Fdul%2FDUL.owl%23NaturalPerson%3E%0A++%7D%0A HTTP/1.1" 200 82 "" "Apache-Jena-ARQ/3.0.0"
83.212.121.124 - - [04/Aug/2017:00:07:35 +0300] "GET /sparql?query=ASK%0AWHERE%0A++%7B+%3Chttp%3A%2F%2Fwww.wikidata.org%2Fentity%2FQ11303%3E%0A++++++++++++++%3Chttp%3A%2F%2Fwww.w3.org%2F2000%2F01%2Frdf-schema%23subClassOf%3E++%3Chttp%3A%2F%2Fdbpedia.org%2Fclass%2Fyago%2FEnglish-speakingCountriesAndTerritories%3E%0A++%7D%0A HTTP/1.1" 200 82 "" "Apache-Jena-ARQ/3.0.0"
83.212.121.124 - - [04/Aug/2017:00:07:35 +0300] "GET /sparql?query=ASK%0AWHERE%0A++%7B+%3Chttp%3A%2F%2Fwww.wikidata.org%2Fentity%2FQ11303%3E%0A++++++++++++++%3Chttp%3A%2F%2Fwww.w3.org%2F2000%2F01%2Frdf-schema%23subClassOf%3E++%3Chttp%3A%2F%2Fdbpedia.org%2Fclass%2Fyago%2FCounty108546183%3E%0A++%7D%0A HTTP/1.1" 200 82 "" "Apache-Jena-ARQ/3.0.0"
83.212.121.124 - - [04/Aug/2017:00:07:36 +0300] "GET /sparql?query=ASK%0AWHERE%0A++%7B+%3Chttp%3A%2F%2Fwww.wikidata.org%2Fentity%2FQ11303%3E%0A++++++++++++++%3Chttp%3A%2F%2Fwww.w3.org%2F2000%2F01%2Frdf-schema%23subClassOf%3E++%3Chttp%3A%2F%2Fdbpedia.org%2Fclass%2Fyago%2FIncorporatedCitiesAndTownsInCalifornia%3E%0A++%7D%0A HTTP/1.1" 200 82 "" "Apache-Jena-ARQ/3.0.0"
83.212.121.124 - - [04/Aug/2017:00:07:36 +0300] "GET /sparql?query=ASK%0AWHERE%0A++%7B+%3Chttp%3A%2F%2Fwww.wikidata.org%2Fentity%2FQ11303%3E%0A++++++++++++++%3Chttp%3A%2F%2Fwww.w3.org%2F2000%2F01%2Frdf-schema%23subClassOf%3E++%3Chttp%3A%2F%2Fdbpedia.org%2Fclass%2Fyago%2FBicontinentalCountries%3E%0A++%7D%0A HTTP/1.1" 200 82 "" "Apache-Jena-ARQ/3.0.0"
83.212.121.124 - - [04/Aug/2017:00:07:36 +0300] "GET /sparql?query=ASK%0AWHERE%0A++%7B+%3Chttp%3A%2F%2Fwww.wikidata.org%2Fentity%2FQ11303%3E%0A++++++++++++++%3Chttp%3A%2F%2Fwww.w3.org%2F2000%2F01%2Frdf-schema%23subClassOf%3E++%3Chttp%3A%2F%2Fdbpedia.org%2Fclass%2Fyago%2FEuropeanUnionMemberEconomies%3E%0A++%7D%0A HTTP/1.1" 200 82 "" "Apache-Jena-ARQ/3.0.0"
180.76.15.17 - - [04/Aug/2017:00:07:36 +0300] "GET /ode/?uri=http%3A%2F%2Fframebase.org%2Fns%2Ffi-CCA11B17B074D401D1CE3D7EA7BC233E HTTP/1.1" 200 15166 "" "Mozilla/5.0 (compatible; Baiduspider/2.0; +http://www.baidu.com/search/spider.html)"
83.212.121.124 - - [04/Aug/2017:00:07:36 +0300] "GET /sparql?query=ASK%0AWHERE%0A++%7B+%3Chttp%3A%2F%2Fwww.wikidata.org%2Fentity%2FQ11303%3E%0A++++++++++++++%3Chttp%3A%2F%2Fwww.w3.org%2F2000%2F01%2Frdf-schema%23subClassOf%3E++%3Chttp%3A%2F%2Fdbpedia.org%2Fclass%2Fyago%2FMemberStatesOfTheUnionForTheMediterranean%3E%0A++%7D%0A HTTP/1.1" 200 82 "" "Apache-Jena-ARQ/3.0.0"
83.212.121.124 - - [04/Aug/2017:00:07:37 +0300] "GET /sparql?query=ASK%0AWHERE%0A++%7B+%3Chttp%3A%2F%2Fwww.wikidata.org%2Fentity%2FQ11303%3E%0A++++++++++++++%3Chttp%3A%2F%2Fwww.w3.org%2F2000%2F01%2Frdf-schema%23subClassOf%3E++%3Chttp%3A%2F%2Fdbpedia.org%2Fclass%2Fyago%2FMemberStatesOfNATO%3E%0A++%7D%0A HTTP/1.1" 200 82 "" "Apache-Jena-ARQ/3.0.0"
83.212.121.124 - - [04/Aug/2017:00:07:37 +0300] "GET /sparql?query=ASK%0AWHERE%0A++%7B+%3Chttp%3A%2F%2Fwww.wikidata.org%2Fentity%2FQ11303%3E%0A++++++++++++++%3Chttp%3A%2F%2Fwww.w3.org%2F2000%2F01%2Frdf-schema%23subClassOf%3E++%3Chttp%3A%2F%2Fdbpedia.org%2Fclass%2Fyago%2FMemberStatesOfTheEuropeanUnion%3E%0A++%7D%0A HTTP/1.1" 200 82 "" "Apache-Jena-ARQ/3.0.0"
83.212.121.124 - - [04/Aug/2017:00:07:37 +0300] "GET /sparql?query=ASK%0AWHERE%0A++%7B+%3Chttp%3A%2F%2Fwww.wikidata.org%2Fentity%2FQ11303%3E%0A++++++++++++++%3Chttp%3A%2F%2Fwww.w3.org%2F2000%2F01%2Frdf-schema%23subClassOf%3E++%3Chttp%3A%2F%2Fdbpedia.org%2Fclass%2Fyago%2FEuropeanCountries%3E%0A++%7D%0A HTTP/1.1" 200 82 "" "Apache-Jena-ARQ/3.0.0"
83.212.121.124 - - [04/Aug/2017:00:07:37 +0300] "GET /sparql?query=ASK%0AWHERE%0A++%7B+%3Chttp%3A%2F%2Fwww.wikidata.org%2Fentity%2FQ11303%3E%0A++++++++++++++%3Chttp%3A%2F%2Fwww.w3.org%2F2000%2F01%2Frdf-schema%23subClassOf%3E++%3Chttp%3A%2F%2Fdbpedia.org%2Fclass%2Fyago%2FCountriesOfTheMediterraneanSea%3E%0A++%7D%0A HTTP/1.1" 200 82 "" "Apache-Jena-ARQ/3.0.0"
83.212.121.124 - - [04/Aug/2017:00:07:38 +0300] "GET /sparql?query=ASK%0AWHERE%0A++%7B+%3Chttp%3A%2F%2Fwww.wikidata.org%2Fentity%2FQ11303%3E%0A++++++++++++++%3Chttp%3A%2F%2Fwww.w3.org%2F2000%2F01%2Frdf-schema%23subClassOf%3E++%3Chttp%3A%2F%2Fdbpedia.org%2Fclass%2Fyago%2FWikicatCountriesInEurope%3E%0A++%7D%0A HTTP/1.1" 200 82 "" "Apache-Jena-ARQ/3.0.0"
83.212.121.124 - - [04/Aug/2017:00:07:38 +0300] "GET /sparql?query=ASK%0AWHERE%0A++%7B+%3Chttp%3A%2F%2Fwww.wikidata.org%2Fentity%2FQ11303%3E%0A++++++++++++++%3Chttp%3A%2F%2Fwww.w3.org%2F2000%2F01%2Frdf-schema%23subClassOf%3E++%3Chttp%3A%2F%2Fdbpedia.org%2Fclass%2Fyago%2FWikicatMemberStatesOfTheCouncilOfEurope%3E%0A++%7D%0A HTTP/1.1" 200 82 "" "Apache-Jena-ARQ/3.0.0"
180.76.15.143 - - [04/Aug/2017:00:07:38 +0300] "GET /sparql?query=define%20sql%3Adescribe-mode%20%22CBD%22%20%20DESCRIBE%20%3Chttp%3A%2F%2Fdata.openlinksw.com%2Foplweb%2Fcomponent%2Fpowerpc-ibm-aix5.2.0.0-64-inf11-odbclt-clnt-only_mv%23this%3E&output=application%2Fatom%2Bxml HTTP/1.1" 200 457 "" "Mozilla/5.0 (compatible; Baiduspider/2.0; +http://www.baidu.com/search/spider.html)"
46.229.168.71 - - [04/Aug/2017:00:07:38 +0300] "GET /ode/?uri=http%3A//dbpedia.org/resource/Category%3AUniversity_of_Wisconsin%E2%80%93Madison_alumni HTTP/1.1" 200 15166 "" "Mozilla/5.0 (compatible; SemrushBot/1.2~bl; +http://www.semrush.com/bot.html)"
83.212.121.124 - - [04/Aug/2017:00:07:39 +0300] "GET /sparql?query=ASK%0AWHERE%0A++%7B+%3Chttp%3A%2F%2Fwww.wikidata.org%2Fentity%2FQ11303%3E%0A++++++++++++++%3Chttp%3A%2F%2Fwww.w3.org%2F2000%2F01%2Frdf-schema%23subClassOf%3E++%3Chttp%3A%2F%2Fdbpedia.org%2Fclass%2Fyago%2FWikicatMemberStatesOfTheEuropeanUnion%3E%0A++%7D%0A HTTP/1.1" 200 82 "" "Apache-Jena-ARQ/3.0.0"
83.212.121.124 - - [04/Aug/2017:00:07:39 +0300] "GET /sparql?query=ASK%0AWHERE%0A++%7B+%3Chttp%3A%2F%2Fwww.wikidata.org%2Fentity%2FQ11303%3E%0A++++++++++++++%3Chttp%3A%2F%2Fwww.w3.org%2F2000%2F01%2Frdf-schema%23subClassOf%3E++%3Chttp%3A%2F%2Fdbpedia.org%2Fclass%2Fyago%2FWikicatMemberStatesOfTheUnionForTheMediterranean%3E%0A++%7D%0A HTTP/1.1" 200 82 "" "Apache-Jena-ARQ/3.0.0"
46.229.168.66 - - [04/Aug/2017:00:07:39 +0300] "GET /ode/?uri=http%3A//id.dbpedia.org/resource/Murder%2C_She_Wrote HTTP/1.1" 200 15166 "" "Mozilla/5.0 (compatible; SemrushBot/1.2~bl; +http://www.semrush.com/bot.html)"
83.212.121.124 - - [04/Aug/2017:00:07:39 +0300] "GET /sparql?query=ASK%0AWHERE%0A++%7B+%3Chttp%3A%2F%2Fwww.wikidata.org%2Fentity%2FQ11303%3E%0A++++++++++++++%3Chttp%3A%2F%2Fwww.w3.org%2F2000%2F01%2Frdf-schema%23subClassOf%3E++%3Chttp%3A%2F%2Fdbpedia.org%2Fclass%2Fyago%2FBlackSeaCountries%3E%0A++%7D%0A HTTP/1.1" 200 82 "" "Apache-Jena-ARQ/3.0.0"
51.255.71.117 - - [04/Aug/2017:00:07:39 +0300] "GET /sparql?query=define%20sql%3Adescribe-mode%20%22CBD%22%20%20DESCRIBE%20%3Chttp%3A%2F%2Fko.dbpedia.org%2Fresource%2F%C3%83%C2%83%C3%82%C2%83%C3%83%C2%82%C3%82%C2%AA%C3%83%C2%83%C3%82%C2%82%C3%83%C2%82%C3%82%C2%B0%C3%83%C2%83%C3%82%C2%82%C3%83%C2%82%C3%82%C2%95%C3%83%C2%83%C3%82%C2%83%C3%83%C2%82%C3%82%C2%AC%C3%83%C2%83%C3%82%C2%82%C3%83%C2%82%C3%82%C2%B0%C3%83%C2%83%C3%82%C2%82%C3%83%C2%82%C3%82%C2%BD%C3%83%C2%83%C3%82%C2%83%C3%83%C2%82%C3%82%C2%AB%C3%83%C2%83%C3%82%C2%82%C3%83%C2%82%C3%82%C2%AC%C3%83%C2%83%C3%82%C2%82%C3%83%C2%82%C3%82%C2%B5%3E HTTP/1.1" 200 56 "" "Mozilla/5.0 (compatible; AhrefsBot/5.2; +http://ahrefs.com/robot/)"
83.212.121.124 - - [04/Aug/2017:00:07:39 +0300] "GET /sparql?query=ASK%0AWHERE%0A++%7B+%3Chttp%3A%2F%2Fwww.wikidata.org%2Fentity%2FQ11303%3E%0A++++++++++++++%3Chttp%3A%2F%2Fwww.w3.org%2F2000%2F01%2Frdf-schema%23subClassOf%3E++%3Chttp%3A%2F%2Fdbpedia.org%2Fclass%2Fyago%2FSlavicCountries%3E%0A++%7D%0A HTTP/1.1" 200 82 "" "Apache-Jena-ARQ/3.0.0"
83.212.121.124 - - [04/Aug/2017:00:07:39 +0300] "GET /sparql?query=ASK%0AWHERE%0A++%7B+%3Chttp%3A%2F%2Fwww.wikidata.org%2Fentity%2FQ11303%3E%0A++++++++++++++%3Chttp%3A%2F%2Fwww.w3.org%2F2000%2F01%2Frdf-schema%23subClassOf%3E++%3Chttp%3A%2F%2Fdbpedia.org%2Fclass%2Fyago%2FGathering107975026%3E%0A++%7D%0A HTTP/1.1" 200 82 "" "Apache-Jena-ARQ/3.0.0"
46.229.168.66 - - [04/Aug/2017:00:07:40 +0300] "GET /ode/?uri=http%3A//dbpedia.org/resource/Moscow_Millionaire_Fair HTTP/1.1" 200 15166 "" "Mozilla/5.0 (compatible; SemrushBot/1.2~bl; +http://www.semrush.com/bot.html)"
83.212.121.124 - - [04/Aug/2017:00:07:40 +0300] "GET /sparql?query=ASK%0AWHERE%0A++%7B+%3Chttp%3A%2F%2Fwww.wikidata.org%2Fentity%2FQ11303%3E%0A++++++++++++++%3Chttp%3A%2F%2Fwww.w3.org%2F2000%2F01%2Frdf-schema%23subClassOf%3E++%3Chttp%3A%2F%2Fdbpedia.org%2Fclass%2Fyago%2FPsychologicalFeature100023100%3E%0A++%7D%0A HTTP/1.1" 200 82 "" "Apache-Jena-ARQ/3.0.0"
83.212.121.124 - - [04/Aug/2017:00:07:40 +0300] "GET /sparql?query=ASK%0AWHERE%0A++%7B+%3Chttp%3A%2F%2Fwww.wikidata.org%2Fentity%2FQ11303%3E%0A++++++++++++++%3Chttp%3A%2F%2Fwww.w3.org%2F2000%2F01%2Frdf-schema%23subClassOf%3E++%3Chttp%3A%2F%2Fdbpedia.org%2Fclass%2Fyago%2FCountriesOfTheIndianOcean%3E%0A++%7D%0A HTTP/1.1" 200 82 "" "Apache-Jena-ARQ/3.0.0"
217.182.132.68 - - [04/Aug/2017:00:07:40 +0300] "GET /sparql?query=define%20sql%3Adescribe-mode%20%22CBD%22%20%20DESCRIBE%20%3Chttp%3A%2F%2Fstackoverflow.com%2Ffeeds%2Fquestion%2F38796142%3E&output=text%2Fturtle HTTP/1.1" 200 56 "" "Mozilla/5.0 (compatible; AhrefsBot/5.2; +http://ahrefs.com/robot/)"
83.212.121.124 - - [04/Aug/2017:00:07:40 +0300] "GET /sparql?query=ASK%0AWHERE%0A++%7B+%3Chttp%3A%2F%2Fwww.wikidata.org%2Fentity%2FQ11303%3E%0A++++++++++++++%3Chttp%3A%2F%2Fwww.w3.org%2F2000%2F01%2Frdf-schema%23subClassOf%3E++%3Chttp%3A%2F%2Fdbpedia.org%2Fclass%2Fyago%2FMemberStatesOfTheCommonwealthOfNations%3E%0A++%7D%0A HTTP/1.1" 200 82 "" "Apache-Jena-ARQ/3.0.0"
83.212.121.124 - - [04/Aug/2017:00:07:40 +0300] "GET /sparql?query=ASK%0AWHERE%0A++%7B+%3Chttp%3A%2F%2Fwww.wikidata.org%2Fentity%2FQ11303%3E%0A++++++++++++++%3Chttp%3A%2F%2Fwww.w3.org%2F2000%2F01%2Frdf-schema%23subClassOf%3E++%3Chttp%3A%2F%2Fdbpedia.org%2Fclass%2Fyago%2FStateCapital108695539%3E%0A++%7D%0A HTTP/1.1" 200 82 "" "Apache-Jena-ARQ/3.0.0"
83.212.121.124 - - [04/Aug/2017:00:07:40 +0300] "GET /sparql?query=ASK%0AWHERE%0A++%7B+%3Chttp%3A%2F%2Fwww.wikidata.org%2Fentity%2FQ11303%3E%0A++++++++++++++%3Chttp%3A%2F%2Fwww.w3.org%2F2000%2F01%2Frdf-schema%23subClassOf%3E++%3Chttp%3A%2F%2Fpurl.org%2Fgoodrelations%2Fv1%23Location%3E%0A++%7D%0A HTTP/1.1" 200 82 "" "Apache-Jena-ARQ/3.0.0"
83.212.121.124 - - [04/Aug/2017:00:07:41 +0300] "GET /sparql?query=ASK%0AWHERE%0A++%7B+%3Chttp%3A%2F%2Fwww.wikidata.org%2Fentity%2FQ11303%3E%0A++++++++++++++%3Chttp%3A%2F%2Fwww.w3.org%2F2000%2F01%2Frdf-schema%23subClassOf%3E++%3Chttp%3A%2F%2Fdbpedia.org%2Fclass%2Fyago%2FNUTS2StatisticalRegionsOfTheEuropeanUnion%3E%0A++%7D%0A HTTP/1.1" 200 82 "" "Apache-Jena-ARQ/3.0.0"
83.212.121.124 - - [04/Aug/2017:00:07:41 +0300] "GET /sparql?query=ASK%0AWHERE%0A++%7B+%3Chttp%3A%2F%2Fwww.wikidata.org%2Fentity%2FQ11303%3E%0A++++++++++++++%3Chttp%3A%2F%2Fwww.w3.org%2F2000%2F01%2Frdf-schema%23subClassOf%3E++%3Chttp%3A%2F%2Fdbpedia.org%2Fclass%2Fyago%2FConflict100958896%3E%0A++%7D%0A HTTP/1.1" 200 82 "" "Apache-Jena-ARQ/3.0.0"
83.212.121.124 - - [04/Aug/2017:00:07:41 +0300] "GET /sparql?query=ASK%0AWHERE%0A++%7B+%3Chttp%3A%2F%2Fwww.wikidata.org%2Fentity%2FQ11303%3E%0A++++++++++++++%3Chttp%3A%2F%2Fwww.w3.org%2F2000%2F01%2Frdf-schema%23subClassOf%3E++%3Chttp%3A%2F%2Fdbpedia.org%2Fontology%2FEvent%3E%0A++%7D%0A HTTP/1.1" 200 82 "" "Apache-Jena-ARQ/3.0.0"
83.212.121.124 - - [04/Aug/2017:00:07:41 +0300] "GET /sparql?query=ASK%0AWHERE%0A++%7B+%3Chttp%3A%2F%2Fwww.wikidata.org%2Fentity%2FQ11303%3E%0A++++++++++++++%3Chttp%3A%2F%2Fwww.w3.org%2F2000%2F01%2Frdf-schema%23subClassOf%3E++%3Chttp%3A%2F%2Fdbpedia.org%2Fontology%2FSocietalEvent%3E%0A++%7D%0A HTTP/1.1" 200 82 "" "Apache-Jena-ARQ/3.0.0"
83.212.121.124 - - [04/Aug/2017:00:07:41 +0300] "GET /sparql?query=ASK%0AWHERE%0A++%7B+%3Chttp%3A%2F%2Fwww.wikidata.org%2Fentity%2FQ11303%3E%0A++++++++++++++%3Chttp%3A%2F%2Fwww.w3.org%2F2000%2F01%2Frdf-schema%23subClassOf%3E++%3Chttp%3A%2F%2Fdbpedia.org%2Fontology%2FMilitaryConflict%3E%0A++%7D%0A HTTP/1.1" 200 82 "" "Apache-Jena-ARQ/3.0.0"
83.212.121.124 - - [04/Aug/2017:00:07:42 +0300] "GET /sparql?query=ASK%0AWHERE%0A++%7B+%3Chttp%3A%2F%2Fwww.wikidata.org%2Fentity%2FQ11303%3E%0A++++++++++++++%3Chttp%3A%2F%2Fwww.w3.org%2F2000%2F01%2Frdf-schema%23subClassOf%3E++%3Chttp%3A%2F%2Fschema.org%2FEvent%3E%0A++%7D%0A HTTP/1.1" 200 82 "" "Apache-Jena-ARQ/3.0.0"
217.182.132.55 - - [04/Aug/2017:00:07:42 +0300] "GET /HtmlPivotViewer/?url=http%3A%2F%2Furiburner.com%2Fsparql%3Fquery%3Ddefine%2520sql%253Adescribe-mode%2520%2522CBD%2522%2520DESCRIBE%2520%253Chttp%253A%252F%252Flacontabilidad08.skyrock.com%252F3205893951-los-programas-de-contabilidad-una-breve-aproximacia-n.html%2523HTMLMicrodata_Statement_52%253E%26format%3Dcxml HTTP/1.1" 200 3395 "" "Mozilla/5.0 (compatible; AhrefsBot/5.2; +http://ahrefs.com/robot/)"
83.212.121.124 - - [04/Aug/2017:00:07:42 +0300] "GET /sparql?query=ASK%0AWHERE%0A++%7B+%3Chttp%3A%2F%2Fwww.wikidata.org%2Fentity%2FQ11303%3E%0A++++++++++++++%3Chttp%3A%2F%2Fwww.w3.org%2F2000%2F01%2Frdf-schema%23subClassOf%3E++%3Chttp%3A%2F%2Fumbel.org%2Fumbel%2Frc%2FConflictEvent%3E%0A++%7D%0A HTTP/1.1" 200 82 "" "Apache-Jena-ARQ/3.0.0"
83.212.121.124 - - [04/Aug/2017:00:07:42 +0300] "GET /sparql?query=ASK%0AWHERE%0A++%7B+%3Chttp%3A%2F%2Fwww.wikidata.org%2Fentity%2FQ11303%3E%0A++++++++++++++%3Chttp%3A%2F%2Fwww.w3.org%2F2000%2F01%2Frdf-schema%23subClassOf%3E++%3Chttp%3A%2F%2Fumbel.org%2Fumbel%2Frc%2FEvent%3E%0A++%7D%0A HTTP/1.1" 200 82 "" "Apache-Jena-ARQ/3.0.0"
83.212.121.124 - - [04/Aug/2017:00:07:42 +0300] "GET /sparql?query=ASK%0AWHERE%0A++%7B+%3Chttp%3A%2F%2Fwww.wikidata.org%2Fentity%2FQ11303%3E%0A++++++++++++++%3Chttp%3A%2F%2Fwww.w3.org%2F2000%2F01%2Frdf-schema%23subClassOf%3E++%3Chttp%3A%2F%2Fdbpedia.org%2Fclass%2Fyago%2FEvent100029378%3E%0A++%7D%0A HTTP/1.1" 200 82 "" "Apache-Jena-ARQ/3.0.0"
46.229.168.75 - - [04/Aug/2017:00:07:42 +0300] "GET /ode/?uri=http%3A//dbpedia.org/resource/Indore_Junction_railway_station HTTP/1.1" 200 15166 "" "Mozilla/5.0 (compatible; SemrushBot/1.2~bl; +http://www.semrush.com/bot.html)"
83.212.121.124 - - [04/Aug/2017:00:07:43 +0300] "GET /sparql?query=ASK%0AWHERE%0A++%7B+%3Chttp%3A%2F%2Fwww.wikidata.org%2Fentity%2FQ11303%3E%0A++++++++++++++%3Chttp%3A%2F%2Fwww.w3.org%2F2000%2F01%2Frdf-schema%23subClassOf%3E++%3Chttp%3A%2F%2Fdbpedia.org%2Fclass%2Fyago%2FAct100030358%3E%0A++%7D%0A HTTP/1.1" 200 82 "" "Apache-Jena-ARQ/3.0.0"
83.212.121.124 - - [04/Aug/2017:00:07:43 +0300] "GET /sparql?query=ASK%0AWHERE%0A++%7B+%3Chttp%3A%2F%2Fwww.wikidata.org%2Fentity%2FQ11303%3E%0A++++++++++++++%3Chttp%3A%2F%2Fwww.w3.org%2F2000%2F01%2Frdf-schema%23subClassOf%3E++%3Chttp%3A%2F%2Fdbpedia.org%2Fclass%2Fyago%2FBattle100953559%3E%0A++%7D%0A HTTP/1.1" 200 82 "" "Apache-Jena-ARQ/3.0.0"
83.212.121.124 - - [04/Aug/2017:00:07:43 +0300] "GET /sparql?query=ASK%0AWHERE%0A++%7B+%3Chttp%3A%2F%2Fwww.wikidata.org%2Fentity%2FQ11303%3E%0A++++++++++++++%3Chttp%3A%2F%2Fwww.w3.org%2F2000%2F01%2Frdf-schema%23subClassOf%3E++%3Chttp%3A%2F%2Fdbpedia.org%2Fclass%2Fyago%2FGroupAction101080366%3E%0A++%7D%0A HTTP/1.1" 200 82 "" "Apache-Jena-ARQ/3.0.0"
83.212.121.124 - - [04/Aug/2017:00:07:43 +0300] "GET /sparql?query=ASK%0AWHERE%0A++%7B+%3Chttp%3A%2F%2Fwww.wikidata.org%2Fentity%2FQ11303%3E%0A++++++++++++++%3Chttp%3A%2F%2Fwww.w3.org%2F2000%2F01%2Frdf-schema%23subClassOf%3E++%3Chttp%3A%2F%2Fdbpedia.org%2Fclass%2Fyago%2FMilitaryAction100952963%3E%0A++%7D%0A HTTP/1.1" 200 82 "" "Apache-Jena-ARQ/3.0.0"
83.212.121.124 - - [04/Aug/2017:00:07:43 +0300] "GET /sparql?query=ASK%0AWHERE%0A++%7B+%3Chttp%3A%2F%2Fwww.wikidata.org%2Fentity%2FQ11303%3E%0A++++++++++++++%3Chttp%3A%2F%2Fwww.w3.org%2F2000%2F01%2Frdf-schema%23subClassOf%3E++%3Chttp%3A%2F%2Fwww.wikidata.org%2Fentity%2FQ1656682%3E%0A++%7D%0A HTTP/1.1" 200 82 "" "Apache-Jena-ARQ/3.0.0"
83.212.121.124 - - [04/Aug/2017:00:07:44 +0300] "GET /sparql?query=ASK%0AWHERE%0A++%7B+%3Chttp%3A%2F%2Fwww.wikidata.org%2Fentity%2FQ11303%3E%0A++++++++++++++%3Chttp%3A%2F%2Fwww.w3.org%2F2000%2F01%2Frdf-schema%23subClassOf%3E++%3Chttp%3A%2F%2Fdbpedia.org%2Fclass%2Fyago%2FPark108615149%3E%0A++%7D%0A HTTP/1.1" 200 82 "" "Apache-Jena-ARQ/3.0.0"
180.76.15.19 - - [04/Aug/2017:00:07:44 +0300] "GET /ode/?uri=http%3A%2F%2Fyago-knowledge.org%2Fresource%2FRajakumaran HTTP/1.1" 200 15166 "" "Mozilla/5.0 (compatible; Baiduspider/2.0; +http://www.baidu.com/search/spider.html)"
83.212.121.124 - - [04/Aug/2017:00:07:44 +0300] "GET /sparql?query=ASK%0AWHERE%0A++%7B+%3Chttp%3A%2F%2Fwww.wikidata.org%2Fentity%2FQ11303%3E%0A++++++++++++++%3Chttp%3A%2F%2Fwww.w3.org%2F2000%2F01%2Frdf-schema%23subClassOf%3E++%3Chttp%3A%2F%2Fdbpedia.org%2Fontology%2FInfrastructure%3E%0A++%7D%0A HTTP/1.1" 200 82 "" "Apache-Jena-ARQ/3.0.0"
83.212.121.124 - - [04/Aug/2017:00:07:44 +0300] "GET /sparql?query=ASK%0AWHERE%0A++%7B+%3Chttp%3A%2F%2Fwww.wikidata.org%2Fentity%2FQ11303%3E%0A++++++++++++++%3Chttp%3A%2F%2Fwww.w3.org%2F2000%2F01%2Frdf-schema%23subClassOf%3E++%3Chttp%3A%2F%2Fdbpedia.org%2Fontology%2FRouteOfTransportation%3E%0A++%7D%0A HTTP/1.1" 200 82 "" "Apache-Jena-ARQ/3.0.0"
83.212.121.124 - - [04/Aug/2017:00:07:44 +0300] "GET /sparql?query=ASK%0AWHERE%0A++%7B+%3Chttp%3A%2F%2Fwww.wikidata.org%2Fentity%2FQ11303%3E%0A++++++++++++++%3Chttp%3A%2F%2Fwww.w3.org%2F2000%2F01%2Frdf-schema%23subClassOf%3E++%3Chttp%3A%2F%2Fwww.openlinksw.com%2Fschema%2Fattribution%23NamedEntity%3E%0A++%7D%0A HTTP/1.1" 200 82 "" "Apache-Jena-ARQ/3.0.0"
46.229.168.80 - - [04/Aug/2017:00:07:44 +0300] "GET /ode/?uri=http%3A//nl.dbpedia.org/resource/PIXE HTTP/1.1" 200 15166 "" "Mozilla/5.0 (compatible; SemrushBot/1.2~bl; +http://www.semrush.com/bot.html)"
83.212.121.124 - - [04/Aug/2017:00:07:44 +0300] "GET /sparql?query=ASK%0AWHERE%0A++%7B+%3Chttp%3A%2F%2Fwww.wikidata.org%2Fentity%2FQ11303%3E%0A++++++++++++++%3Chttp%3A%2F%2Fwww.w3.org%2F2000%2F01%2Frdf-schema%23subClassOf%3E++%3Chttp%3A%2F%2Fdbpedia.org%2Fclass%2Fyago%2FBuilding102913152%3E%0A++%7D%0A HTTP/1.1" 200 82 "" "Apache-Jena-ARQ/3.0.0"
83.212.121.124 - - [04/Aug/2017:00:07:45 +0300] "GET /sparql?query=ASK%0AWHERE%0A++%7B+%3Chttp%3A%2F%2Fwww.wikidata.org%2Fentity%2FQ11303%3E%0A++++++++++++++%3Chttp%3A%2F%2Fwww.w3.org%2F2000%2F01%2Frdf-schema%23subClassOf%3E++%3Chttp%3A%2F%2Fumbel.org%2Fumbel%2Frc%2FBuilding%3E%0A++%7D%0A HTTP/1.1" 200 82 "" "Apache-Jena-ARQ/3.0.0"
83.212.121.124 - - [04/Aug/2017:00:07:45 +0300] "GET /sparql?query=ASK%0AWHERE%0A++%7B+%3Chttp%3A%2F%2Fwww.wikidata.org%2Fentity%2FQ11303%3E%0A++++++++++++++%3Chttp%3A%2F%2Fwww.w3.org%2F2000%2F01%2Frdf-schema%23subClassOf%3E++%3Chttp%3A%2F%2Fumbel.org%2Fumbel%2Frc%2FTown%3E%0A++%7D%0A HTTP/1.1" 200 82 "" "Apache-Jena-ARQ/3.0.0"
83.212.121.124 - - [04/Aug/2017:00:07:45 +0300] "GET /sparql?query=ASK%0AWHERE%0A++%7B+%3Chttp%3A%2F%2Fwww.wikidata.org%2Fentity%2FQ11303%3E%0A++++++++++++++%3Chttp%3A%2F%2Fwww.w3.org%2F2000%2F01%2Frdf-schema%23subClassOf%3E++%3Chttp%3A%2F%2Fdbpedia.org%2Fontology%2FTown%3E%0A++%7D%0A HTTP/1.1" 200 82 "" "Apache-Jena-ARQ/3.0.0"
83.212.121.124 - - [04/Aug/2017:00:07:45 +0300] "GET /sparql?query=ASK%0AWHERE%0A++%7B+%3Chttp%3A%2F%2Fwww.wikidata.org%2Fentity%2FQ11303%3E%0A++++++++++++++%3Chttp%3A%2F%2Fwww.w3.org%2F2000%2F01%2Frdf-schema%23subClassOf%3E++%3Chttp%3A%2F%2Fdbpedia.org%2Fclass%2Fyago%2FGermanStateCapitals%3E%0A++%7D%0A HTTP/1.1" 200 82 "" "Apache-Jena-ARQ/3.0.0"
83.212.121.124 - - [04/Aug/2017:00:07:45 +0300] "GET /sparql?query=ASK%0AWHERE%0A++%7B+%3Chttp%3A%2F%2Fwww.wikidata.org%2Fentity%2FQ11303%3E%0A++++++++++++++%3Chttp%3A%2F%2Fwww.w3.org%2F2000%2F01%2Frdf-schema%23subClassOf%3E++%3Chttp%3A%2F%2Fwww.wikidata.org%2Fentity%2FQ3957%3E%0A++%7D%0A HTTP/1.1" 200 82 "" "Apache-Jena-ARQ/3.0.0"
83.212.121.124 - - [04/Aug/2017:00:07:46 +0300] "GET /sparql?query=ASK%0AWHERE%0A++%7B+%3Chttp%3A%2F%2Fwww.wikidata.org%2Fentity%2FQ11303%3E%0A++++++++++++++%3Chttp%3A%2F%2Fwww.w3.org%2F2000%2F01%2Frdf-schema%23subClassOf%3E++%3Chttp%3A%2F%2Fdbpedia.org%2Fclass%2Fyago%2FMemberStatesOfTheCouncilOfEurope%3E%0A++%7D%0A HTTP/1.1" 200 82 "" "Apache-Jena-ARQ/3.0.0"
83.212.121.124 - - [04/Aug/2017:00:07:46 +0300] "GET /sparql?query=ASK%0AWHERE%0A++%7B+%3Chttp%3A%2F%2Fwww.wikidata.org%2Fentity%2FQ11303%3E%0A++++++++++++++%3Chttp%3A%2F%2Fwww.w3.org%2F2000%2F01%2Frdf-schema%23subClassOf%3E++%3Chttp%3A%2F%2Fdbpedia.org%2Fontology%2FAirport%3E%0A++%7D%0A HTTP/1.1" 200 82 "" "Apache-Jena-ARQ/3.0.0"
83.212.121.124 - - [04/Aug/2017:00:07:46 +0300] "GET /sparql?query=ASK%0AWHERE%0A++%7B+%3Chttp%3A%2F%2Fwww.wikidata.org%2Fentity%2FQ11303%3E%0A++++++++++++++%3Chttp%3A%2F%2Fwww.w3.org%2F2000%2F01%2Frdf-schema%23subClassOf%3E++%3Chttp%3A%2F%2Fschema.org%2FAirport%3E%0A++%7D%0A HTTP/1.1" 200 82 "" "Apache-Jena-ARQ/3.0.0"
83.212.121.124 - - [04/Aug/2017:00:07:46 +0300] "GET /sparql?query=ASK%0AWHERE%0A++%7B+%3Chttp%3A%2F%2Fwww.wikidata.org%2Fentity%2FQ11303%3E%0A++++++++++++++%3Chttp%3A%2F%2Fwww.w3.org%2F2000%2F01%2Frdf-schema%23subClassOf%3E++%3Chttp%3A%2F%2Fumbel.org%2Fumbel%2Frc%2FAirport_Physical%3E%0A++%7D%0A HTTP/1.1" 200 82 "" "Apache-Jena-ARQ/3.0.0"
83.212.121.124 - - [04/Aug/2017:00:07:46 +0300] "GET /sparql?query=ASK%0AWHERE%0A++%7B+%3Chttp%3A%2F%2Fwww.wikidata.org%2Fentity%2FQ11303%3E%0A++++++++++++++%3Chttp%3A%2F%2Fwww.w3.org%2F2000%2F01%2Frdf-schema%23subClassOf%3E++%3Chttp%3A%2F%2Fwww.wikidata.org%2Fentity%2FQ1248784%3E%0A++%7D%0A HTTP/1.1" 200 82 "" "Apache-Jena-ARQ/3.0.0"
83.212.121.124 - - [04/Aug/2017:00:07:47 +0300] "GET /sparql?query=ASK%0AWHERE%0A++%7B+%3Chttp%3A%2F%2Fwww.wikidata.org%2Fentity%2FQ11303%3E%0A++++++++++++++%3Chttp%3A%2F%2Fwww.w3.org%2F2000%2F01%2Frdf-schema%23subClassOf%3E++%3Chttp%3A%2F%2Fdbpedia.org%2Fclass%2Fyago%2FVillage108672738%3E%0A++%7D%0A HTTP/1.1" 200 82 "" "Apache-Jena-ARQ/3.0.0"
83.212.121.124 - - [04/Aug/2017:00:07:47 +0300] "GET /sparql?query=ASK%0AWHERE%0A++%7B+%3Chttp%3A%2F%2Fwww.wikidata.org%2Fentity%2FQ11303%3E%0A++++++++++++++%3Chttp%3A%2F%2Fwww.w3.org%2F2000%2F01%2Frdf-schema%23subClassOf%3E++%3Chttp%3A%2F%2Fdbpedia.org%2Fclass%2Fyago%2FSettlement108672562%3E%0A++%7D%0A HTTP/1.1" 200 82 "" "Apache-Jena-ARQ/3.0.0"
83.212.121.124 - - [04/Aug/2017:00:07:47 +0300] "GET /sparql?query=ASK%0AWHERE%0A++%7B+%3Chttp%3A%2F%2Fwww.wikidata.org%2Fentity%2FQ11303%3E%0A++++++++++++++%3Chttp%3A%2F%2Fwww.w3.org%2F2000%2F01%2Frdf-schema%23subClassOf%3E++%3Chttp%3A%2F%2Fdbpedia.org%2Fontology%2FProtectedArea%3E%0A++%7D%0A HTTP/1.1" 200 82 "" "Apache-Jena-ARQ/3.0.0"
83.212.121.124 - - [04/Aug/2017:00:07:47 +0300] "GET /sparql?query=ASK%0AWHERE%0A++%7B+%3Chttp%3A%2F%2Fwww.wikidata.org%2Fentity%2FQ11303%3E%0A++++++++++++++%3Chttp%3A%2F%2Fwww.w3.org%2F2000%2F01%2Frdf-schema%23subClassOf%3E++%3Chttp%3A%2F%2Fwww.wikidata.org%2Fentity%2FQ473972%3E%0A++%7D%0A HTTP/1.1" 200 82 "" "Apache-Jena-ARQ/3.0.0"
83.212.121.124 - - [04/Aug/2017:00:07:47 +0300] "GET /sparql?query=ASK%0AWHERE%0A++%7B+%3Chttp%3A%2F%2Fwww.wikidata.org%2Fentity%2FQ11303%3E%0A++++++++++++++%3Chttp%3A%2F%2Fwww.w3.org%2F2000%2F01%2Frdf-schema%23subClassOf%3E++%3Chttp%3A%2F%2Fdbpedia.org%2Fclass%2Fyago%2FUnit108189659%3E%0A++%7D%0A HTTP/1.1" 200 82 "" "Apache-Jena-ARQ/3.0.0"
83.212.121.124 - - [04/Aug/2017:00:07:48 +0300] "GET /sparql?query=ASK%0AWHERE%0A++%7B+%3Chttp%3A%2F%2Fwww.wikidata.org%2Fentity%2FQ11303%3E%0A++++++++++++++%3Chttp%3A%2F%2Fwww.w3.org%2F2000%2F01%2Frdf-schema%23subClassOf%3E++%3Chttp%3A%2F%2Fwww.ontologydesignpatterns.org%2Font%2Fdul%2FDUL.owl%23Event%3E%0A++%7D%0A HTTP/1.1" 200 82 "" "Apache-Jena-ARQ/3.0.0"
83.212.121.124 - - [04/Aug/2017:00:07:48 +0300] "GET /sparql?query=ASK%0AWHERE%0A++%7B+%3Chttp%3A%2F%2Fwww.wikidata.org%2Fentity%2FQ11303%3E%0A++++++++++++++%3Chttp%3A%2F%2Fwww.w3.org%2F2000%2F01%2Frdf-schema%23subClassOf%3E++%3Chttp%3A%2F%2Fdbpedia.org%2Fclass%2Fyago%2FEasternMediterraneanCountries%3E%0A++%7D%0A HTTP/1.1" 200 82 "" "Apache-Jena-ARQ/3.0.0"
83.212.121.124 - - [04/Aug/2017:00:07:48 +0300] "GET /sparql?query=ASK%0AWHERE%0A++%7B+%3Chttp%3A%2F%2Fwww.wikidata.org%2Fentity%2FQ11303%3E%0A++++++++++++++%3Chttp%3A%2F%2Fwww.w3.org%2F2000%2F01%2Frdf-schema%23subClassOf%3E++%3Chttp%3A%2F%2Fdbpedia.org%2Fclass%2Fyago%2FRadioStation104044119%3E%0A++%7D%0A HTTP/1.1" 200 82 "" "Apache-Jena-ARQ/3.0.0"
83.212.121.124 - - [04/Aug/2017:00:07:48 +0300] "GET /sparql?query=ASK%0AWHERE%0A++%7B+%3Chttp%3A%2F%2Fwww.wikidata.org%2Fentity%2FQ11303%3E%0A++++++++++++++%3Chttp%3A%2F%2Fwww.w3.org%2F2000%2F01%2Frdf-schema%23subClassOf%3E++%3Chttp%3A%2F%2Fdbpedia.org%2Fclass%2Fyago%2FStation104306080%3E%0A++%7D%0A HTTP/1.1" 200 82 "" "Apache-Jena-ARQ/3.0.0"
46.229.168.71 - - [04/Aug/2017:00:07:48 +0300] "GET /ode/?uri=http%3A//dbpedia.org/resource/Second_Anglo-Dutch_War HTTP/1.1" 200 15166 "" "Mozilla/5.0 (compatible; SemrushBot/1.2~bl; +http://www.semrush.com/bot.html)"
83.212.121.124 - - [04/Aug/2017:00:07:48 +0300] "GET /sparql?query=ASK%0AWHERE%0A++%7B+%3Chttp%3A%2F%2Fwww.wikidata.org%2Fentity%2FQ11303%3E%0A++++++++++++++%3Chttp%3A%2F%2Fwww.w3.org%2F2000%2F01%2Frdf-schema%23subClassOf%3E++%3Chttp%3A%2F%2Fdbpedia.org%2Fontology%2FBroadcaster%3E%0A++%7D%0A HTTP/1.1" 200 82 "" "Apache-Jena-ARQ/3.0.0"
