164.132.161.19 - - [04/Aug/2017:00:01:17 +0300] "GET /sparql?query=define%20sql%3Adescribe-mode%20%22CBD%22%20%20DESCRIBE%20%3Chttp%3A%2F%2Feo.dbpedia.org%2Fresource%2FNorwalk_%28Kalifornio%29%3E&output=application%2Frdf%2Bxml HTTP/1.1" 200 170 "" "Mozilla/5.0 (compatible; AhrefsBot/5.2; +http://ahrefs.com/robot/)"
83.212.121.124 - - [04/Aug/2017:00:01:17 +0300] "GET /sparql?query=ASK%0AWHERE%0A++%7B+%3Chttp%3A%2F%2Fwww.wikidata.org%2Fentity%2FQ39816%3E%0A++++++++++++++%3Chttp%3A%2F%2Fwww.w3.org%2F2000%2F01%2Frdf-schema%23subClassOf%3E++%3Chttp%3A%2F%2Fwww.w3.org%2F2002%2F07%2Fowl%23Thing%3E%0A++%7D%0A HTTP/1.1" 200 82 "" "Apache-Jena-ARQ/3.0.0"
83.212.121.124 - - [04/Aug/2017:00:01:17 +0300] "GET /sparql?query=ASK%0AWHERE%0A++%7B+%3Chttp%3A%2F%2Fwww.wikidata.org%2Fentity%2FQ39816%3E%0A++++++++++++++%3Chttp%3A%2F%2Fwww.w3.org%2F2000%2F01%2Frdf-schema%23subClassOf%3E++%3Chttp%3A%2F%2Fdbpedia.org%2Fclass%2Fyago%2FPoint108620061%3E%0A++%7D%0A HTTP/1.1" 200 82 "" "Apache-Jena-ARQ/3.0.0"
83.212.121.124 - - [04/Aug/2017:00:01:17 +0300] "GET /sparql?query=ASK%0AWHERE%0A++%7B+%3Chttp%3A%2F%2Fwww.wikidata.org%2Fentity%2FQ39816%3E%0A++++++++++++++%3Chttp%3A%2F%2Fwww.w3.org%2F2000%2F01%2Frdf-schema%23subClassOf%3E++%3Chttp%3A%2F%2Fdbpedia.org%2Fclass%2Fyago%2FMuseum103800563%3E%0A++%7D%0A HTTP/1.1" 200 82 "" "Apache-Jena-ARQ/3.0.0"
83.212.121.124 - - [04/Aug/2017:00:01:18 +0300] "GET /sparql?query=ASK%0AWHERE%0A++%7B+%3Chttp%3A%2F%2Fwww.wikidata.org%2Fentity%2FQ39816%3E%0A++++++++++++++%3Chttp%3A%2F%2Fwww.w3.org%2F2000%2F01%2Frdf-schema%23subClassOf%3E++%3Chttp%3A%2F%2Fdbpedia.org%2Fclass%2Fyago%2FArtifact100021939%3E%0A++%7D%0A HTTP/1.1" 200 82 "" "Apache-Jena-ARQ/3.0.0"
164.132.161.72 - - [04/Aug/2017:00:01:18 +0300] "GET /describe/?uri=http%3A%2F%2Furiburner.com%2Fproxy-iri%2F6ea658d644cb977fd22f888194cde84aa547130b HTTP/1.1" 200 4669 "" "Mozilla/5.0 (compatible; AhrefsBot/5.2; +http://ahrefs.com/robot/)"
83.212.121.124 - - [04/Aug/2017:00:01:18 +0300] "GET /sparql?query=ASK%0AWHERE%0A++%7B+%3Chttp%3A%2F%2Fwww.wikidata.org%2Fentity%2FQ39816%3E%0A++++++++++++++%3Chttp%3A%2F%2Fwww.w3.org%2F2000%2F01%2Frdf-schema%23subClassOf%3E++%3Chttp%3A%2F%2Fdbpedia.org%2Fclass%2Fyago%2FFacility103315023%3E%0A++%7D%0A HTTP/1.1" 200 82 "" "Apache-Jena-ARQ/3.0.0"
83.212.121.124 - - [04/Aug/2017:00:01:18 +0300] "GET /sparql?query=ASK%0AWHERE%0A++%7B+%3Chttp%3A%2F%2Fwww.wikidata.org%2Fentity%2FQ39816%3E%0A++++++++++++++%3Chttp%3A%2F%2Fwww.w3.org%2F2000%2F01%2Frdf-schema%23subClassOf%3E++%3Chttp%3A%2F%2Fdbpedia.org%2Fclass%2Fyago%2FObject100002684%3E%0A++%7D%0A HTTP/1.1" 200 82 "" "Apache-Jena-ARQ/3.0.0"
83.212.121.124 - - [04/Aug/2017:00:01:18 +0300] "GET /sparql?query=ASK%0AWHERE%0A++%7B+%3Chttp%3A%2F%2Fwww.wikidata.org%2Fentity%2FQ39816%3E%0A++++++++++++++%3Chttp%3A%2F%2Fwww.w3.org%2F2000%2F01%2Frdf-schema%23subClassOf%3E++%3Chttp%3A%2F%2Fdbpedia.org%2Fclass%2Fyago%2FPhysicalEntity100001930%3E%0A++%7D%0A HTTP/1.1" 200 82 "" "Apache-Jena-ARQ/3.0.0"
83.212.121.124 - - [04/Aug/2017:00:01:18 +0300] "GET /sparql?query=ASK%0AWHERE%0A++%7B+%3Chttp%3A%2F%2Fwww.wikidata.org%2Fentity%2FQ39816%3E%0A++++++++++++++%3Chttp%3A%2F%2Fwww.w3.org%2F2000%2F01%2Frdf-schema%23subClassOf%3E++%3Chttp%3A%2F%2Fdbpedia.org%2Fclass%2Fyago%2FYagoLegalActorGeo%3E%0A++%7D%0A HTTP/1.1" 200 82 "" "Apache-Jena-ARQ/3.0.0"
83.212.121.124 - - [04/Aug/2017:00:01:19 +0300] "GET /sparql?query=ASK%0AWHERE%0A++%7B+%3Chttp%3A%2F%2Fwww.wikidata.org%2Fentity%2FQ39816%3E%0A++++++++++++++%3Chttp%3A%2F%2Fwww.w3.org%2F2000%2F01%2Frdf-schema%23subClassOf%3E++%3Chttp%3A%2F%2Fdbpedia.org%2Fontology%2FPlace%3E%0A++%7D%0A HTTP/1.1" 200 82 "" "Apache-Jena-ARQ/3.0.0"
83.212.121.124 - - [04/Aug/2017:00:01:19 +0300] "GET /sparql?query=ASK%0AWHERE%0A++%7B+%3Chttp%3A%2F%2Fwww.wikidata.org%2Fentity%2FQ39816%3E%0A++++++++++++++%3Chttp%3A%2F%2Fwww.w3.org%2F2000%2F01%2Frdf-schema%23subClassOf%3E++%3Chttp%3A%2F%2Fdbpedia.org%2Fontology%2FLocation%3E%0A++%7D%0A HTTP/1.1" 200 82 "" "Apache-Jena-ARQ/3.0.0"
83.212.121.124 - - [04/Aug/2017:00:01:19 +0300] "GET /sparql?query=ASK%0AWHERE%0A++%7B+%3Chttp%3A%2F%2Fwww.wikidata.org%2Fentity%2FQ39816%3E%0A++++++++++++++%3Chttp%3A%2F%2Fwww.w3.org%2F2000%2F01%2Frdf-schema%23subClassOf%3E++%3Chttp%3A%2F%2Fwww.w3.org%2F2003%2F01%2Fgeo%2Fwgs84_pos%23SpatialThing%3E%0A++%7D%0A HTTP/1.1" 200 82 "" "Apache-Jena-ARQ/3.0.0"
83.212.121.124 - - [04/Aug/2017:00:01:19 +0300] "GET /sparql?query=ASK%0AWHERE%0A++%7B+%3Chttp%3A%2F%2Fwww.wikidata.org%2Fentity%2FQ39816%3E%0A++++++++++++++%3Chttp%3A%2F%2Fwww.w3.org%2F2000%2F01%2Frdf-schema%23subClassOf%3E++%3Chttp%3A%2F%2Fdbpedia.org%2Fclass%2Fyago%2FLandmark108624891%3E%0A++%7D%0A HTTP/1.1" 200 82 "" "Apache-Jena-ARQ/3.0.0"
83.212.121.124 - - [04/Aug/2017:00:01:20 +0300] "GET /sparql?query=ASK%0AWHERE%0A++%7B+%3Chttp%3A%2F%2Fwww.wikidata.org%2Fentity%2FQ39816%3E%0A++++++++++++++%3Chttp%3A%2F%2Fwww.w3.org%2F2000%2F01%2Frdf-schema%23subClassOf%3E++%3Chttp%3A%2F%2Fdbpedia.org%2Fclass%2Fyago%2FYagoGeoEntity%3E%0A++%7D%0A HTTP/1.1" 200 82 "" "Apache-Jena-ARQ/3.0.0"
83.212.121.124 - - [04/Aug/2017:00:01:20 +0300] "GET /sparql?query=ASK%0AWHERE%0A++%7B+%3Chttp%3A%2F%2Fwww.wikidata.org%2Fentity%2FQ39816%3E%0A++++++++++++++%3Chttp%3A%2F%2Fwww.w3.org%2F2000%2F01%2Frdf-schema%23subClassOf%3E++%3Chttp%3A%2F%2Fdbpedia.org%2Fontology%2FArchitecturalStructure%3E%0A++%7D%0A HTTP/1.1" 200 82 "" "Apache-Jena-ARQ/3.0.0"
83.212.121.124 - - [04/Aug/2017:00:01:20 +0300] "GET /sparql?query=ASK%0AWHERE%0A++%7B+%3Chttp%3A%2F%2Fwww.wikidata.org%2Fentity%2FQ39816%3E%0A++++++++++++++%3Chttp%3A%2F%2Fwww.w3.org%2F2000%2F01%2Frdf-schema%23subClassOf%3E++%3Chttp%3A%2F%2Fdbpedia.org%2Fontology%2FBuilding%3E%0A++%7D%0A HTTP/1.1" 200 82 "" "Apache-Jena-ARQ/3.0.0"
83.212.121.124 - - [04/Aug/2017:00:01:21 +0300] "GET /sparql?query=ASK%0AWHERE%0A++%7B+%3Chttp%3A%2F%2Fwww.wikidata.org%2Fentity%2FQ39816%3E%0A++++++++++++++%3Chttp%3A%2F%2Fwww.w3.org%2F2000%2F01%2Frdf-schema%23subClassOf%3E++%3Chttp%3A%2F%2Fdbpedia.org%2Fontology%2FMuseum%3E%0A++%7D%0A HTTP/1.1" 200 82 "" "Apache-Jena-ARQ/3.0.0"
58.9.133.75 - - [04/Aug/2017:00:01:21 +0300] "GET /describe/?url=http%3A//linkeddata.uriburner.com/about/id/entity/https/identi.ca/main/register HTTP/1.1" 200 4295 "http://linkeddata.uriburner.com/" "Mozilla/5.0 (Windows NT 10.0; Win64; x64) AppleWebKit/537.36 (KHTML, like Gecko) Chrome/59.0.3071.115 Safari/537.36"
108.62.150.72 - - [04/Aug/2017:00:01:21 +0300] "GET /PivotViewer/?url=http://www.8boldsouls.com/2017/05/17/how-to-choose-a-deodorant-if-you-have-sensitive-skin/ HTTP/1.0" 200 11049 "http://linkeddata.uriburner.com/" "Mozilla/5.0 (X11; Linux x86_64) AppleWebKit/537.36 (KHTML, like Gecko) Chrome/51.0.2704.106 Safari/537.36"
83.212.121.124 - - [04/Aug/2017:00:01:21 +0300] "GET /sparql?query=ASK%0AWHERE%0A++%7B+%3Chttp%3A%2F%2Fwww.wikidata.org%2Fentity%2FQ39816%3E%0A++++++++++++++%3Chttp%3A%2F%2Fwww.w3.org%2F2000%2F01%2Frdf-schema%23subClassOf%3E++%3Chttp%3A%2F%2Fschema.org%2FPlace%3E%0A++%7D%0A HTTP/1.1" 200 82 "" "Apache-Jena-ARQ/3.0.0"
83.212.121.124 - - [04/Aug/2017:00:01:21 +0300] "GET /sparql?query=ASK%0AWHERE%0A++%7B+%3Chttp%3A%2F%2Fwww.wikidata.org%2Fentity%2FQ39816%3E%0A++++++++++++++%3Chttp%3A%2F%2Fwww.w3.org%2F2000%2F01%2Frdf-schema%23subClassOf%3E++%3Chttp%3A%2F%2Fdbpedia.org%2Fclass%2Fyago%2FLocation100027167%3E%0A++%7D%0A HTTP/1.1" 200 82 "" "Apache-Jena-ARQ/3.0.0"
51.255.65.77 - - [04/Aug/2017:00:01:21 +0300] "GET /sparql?query=define%20sql%3Adescribe-mode%20%22CBD%22%20%20DESCRIBE%20%3Chttp%3A%2F%2Fia.dbpedia.org%2Fresource%2FNew_York_%28citate%29%3E&output=application%2Fld%2Bjson HTTP/1.1" 200 44 "" "Mozilla/5.0 (compatible; AhrefsBot/5.2; +http://ahrefs.com/robot/)"
83.212.121.124 - - [04/Aug/2017:00:01:22 +0300] "GET /sparql?query=ASK%0AWHERE%0A++%7B+%3Chttp%3A%2F%2Fwww.wikidata.org%2Fentity%2FQ39816%3E%0A++++++++++++++%3Chttp%3A%2F%2Fwww.w3.org%2F2000%2F01%2Frdf-schema%23subClassOf%3E++%3Chttp%3A%2F%2Fdbpedia.org%2Fclass%2Fyago%2FYagoPermanentlyLocatedEntity%3E%0A++%7D%0A HTTP/1.1" 200 82 "" "Apache-Jena-ARQ/3.0.0"
83.212.121.124 - - [04/Aug/2017:00:01:22 +0300] "GET /sparql?query=ASK%0AWHERE%0A++%7B+%3Chttp%3A%2F%2Fwww.wikidata.org%2Fentity%2FQ39816%3E%0A++++++++++++++%3Chttp%3A%2F%2Fwww.w3.org%2F2000%2F01%2Frdf-schema%23subClassOf%3E++%3Chttp%3A%2F%2Fdbpedia.org%2Fclass%2Fyago%2FWhole100003553%3E%0A++%7D%0A HTTP/1.1" 200 82 "" "Apache-Jena-ARQ/3.0.0"
83.212.121.124 - - [04/Aug/2017:00:01:22 +0300] "GET /sparql?query=ASK%0AWHERE%0A++%7B+%3Chttp%3A%2F%2Fwww.wikidata.org%2Fentity%2FQ39816%3E%0A++++++++++++++%3Chttp%3A%2F%2Fwww.w3.org%2F2000%2F01%2Frdf-schema%23subClassOf%3E++%3Chttp%3A%2F%2Fdbpedia.org%2Fclass%2Fyago%2FDepository103177349%3E%0A++%7D%0A HTTP/1.1" 200 82 "" "Apache-Jena-ARQ/3.0.0"
180.76.15.149 - - [04/Aug/2017:00:01:22 +0300] "GET /sparql?query=define%20sql%3Adescribe-mode%20%22CBD%22%20%20DESCRIBE%20%3Chttp%3A%2F%2Flinkeddata.uriburner.com%2Fabout%2Fid%2Fentity%2Fhttp%2Fde.dbpedia.org%2Fresource%2F1999%3E HTTP/1.1" 200 56 "" "Mozilla/5.0 (compatible; Baiduspider/2.0; +http://www.baidu.com/search/spider.html)"
83.212.121.124 - - [04/Aug/2017:00:01:22 +0300] "GET /sparql?query=ASK%0AWHERE%0A++%7B+%3Chttp%3A%2F%2Fwww.wikidata.org%2Fentity%2FQ39816%3E%0A++++++++++++++%3Chttp%3A%2F%2Fwww.w3.org%2F2000%2F01%2Frdf-schema%23subClassOf%3E++%3Chttp%3A%2F%2Fdbpedia.org%2Fclass%2Fyago%2FPosition108621598%3E%0A++%7D%0A HTTP/1.1" 200 82 "" "Apache-Jena-ARQ/3.0.0"
83.212.121.124 - - [04/Aug/2017:00:01:22 +0300] "GET /sparql?query=ASK%0AWHERE%0A++%7B+%3Chttp%3A%2F%2Fwww.wikidata.org%2Fentity%2FQ39816%3E%0A++++++++++++++%3Chttp%3A%2F%2Fwww.w3.org%2F2000%2F01%2Frdf-schema%23subClassOf%3E++%3Chttp%3A%2F%2Fwww.wikidata.org%2Fentity%2FQ41176%3E%0A++%7D%0A HTTP/1.1" 200 82 "" "Apache-Jena-ARQ/3.0.0"
83.212.121.124 - - [04/Aug/2017:00:01:23 +0300] "GET /sparql?query=ASK%0AWHERE%0A++%7B+%3Chttp%3A%2F%2Fwww.wikidata.org%2Fentity%2FQ39816%3E%0A++++++++++++++%3Chttp%3A%2F%2Fwww.w3.org%2F2000%2F01%2Frdf-schema%23subClassOf%3E++%3Chttp%3A%2F%2Fwww.wikidata.org%2Fentity%2FQ33506%3E%0A++%7D%0A HTTP/1.1" 200 82 "" "Apache-Jena-ARQ/3.0.0"
46.229.168.75 - - [04/Aug/2017:00:01:23 +0300] "GET /ode/?uri=http%3A//pl.dbpedia.org/resource/Auxelles-Haut HTTP/1.1" 200 15166 "" "Mozilla/5.0 (compatible; SemrushBot/1.2~bl; +http://www.semrush.com/bot.html)"
83.212.121.124 - - [04/Aug/2017:00:01:23 +0300] "GET /sparql?query=ASK%0AWHERE%0A++%7B+%3Chttp%3A%2F%2Fwww.wikidata.org%2Fentity%2FQ39816%3E%0A++++++++++++++%3Chttp%3A%2F%2Fwww.w3.org%2F2000%2F01%2Frdf-schema%23subClassOf%3E++%3Chttp%3A%2F%2Fdbpedia.org%2Fclass%2Fyago%2FHostCitiesOfTheCommonwealthGames%3E%0A++%7D%0A HTTP/1.1" 200 82 "" "Apache-Jena-ARQ/3.0.0"
83.212.121.124 - - [04/Aug/2017:00:01:23 +0300] "GET /sparql?query=ASK%0AWHERE%0A++%7B+%3Chttp%3A%2F%2Fwww.wikidata.org%2Fentity%2FQ39816%3E%0A++++++++++++++%3Chttp%3A%2F%2Fwww.w3.org%2F2000%2F01%2Frdf-schema%23subClassOf%3E++%3Chttp%3A%2F%2Fdbpedia.org%2Fclass%2Fyago%2FGeographicPoint108578706%3E%0A++%7D%0A HTTP/1.1" 200 82 "" "Apache-Jena-ARQ/3.0.0"
83.212.121.124 - - [04/Aug/2017:00:01:23 +0300] "GET /sparql?query=ASK%0AWHERE%0A++%7B+%3Chttp%3A%2F%2Fwww.wikidata.org%2Fentity%2FQ39816%3E%0A++++++++++++++%3Chttp%3A%2F%2Fwww.w3.org%2F2000%2F01%2Frdf-schema%23subClassOf%3E++%3Chttp%3A%2F%2Fdbpedia.org%2Fclass%2Fyago%2FSite108651247%3E%0A++%7D%0A HTTP/1.1" 200 82 "" "Apache-Jena-ARQ/3.0.0"
83.212.121.124 - - [04/Aug/2017:00:01:24 +0300] "GET /sparql?query=ASK%0AWHERE%0A++%7B+%3Chttp%3A%2F%2Fwww.wikidata.org%2Fentity%2FQ39816%3E%0A++++++++++++++%3Chttp%3A%2F%2Fwww.w3.org%2F2000%2F01%2Frdf-schema%23subClassOf%3E++%3Chttp%3A%2F%2Fdbpedia.org%2Fclass%2Fyago%2FAdministrativeDistrict108491826%3E%0A++%7D%0A HTTP/1.1" 200 82 "" "Apache-Jena-ARQ/3.0.0"
83.212.121.124 - - [04/Aug/2017:00:01:24 +0300] "GET /sparql?query=ASK%0AWHERE%0A++%7B+%3Chttp%3A%2F%2Fwww.wikidata.org%2Fentity%2FQ39816%3E%0A++++++++++++++%3Chttp%3A%2F%2Fwww.w3.org%2F2000%2F01%2Frdf-schema%23subClassOf%3E++%3Chttp%3A%2F%2Fdbpedia.org%2Fclass%2Fyago%2FCenter108523483%3E%0A++%7D%0A HTTP/1.1" 200 82 "" "Apache-Jena-ARQ/3.0.0"
83.212.121.124 - - [04/Aug/2017:00:01:24 +0300] "GET /sparql?query=ASK%0AWHERE%0A++%7B+%3Chttp%3A%2F%2Fwww.wikidata.org%2Fentity%2FQ39816%3E%0A++++++++++++++%3Chttp%3A%2F%2Fwww.w3.org%2F2000%2F01%2Frdf-schema%23subClassOf%3E++%3Chttp%3A%2F%2Fdbpedia.org%2Fclass%2Fyago%2FGeographicalArea108574314%3E%0A++%7D%0A HTTP/1.1" 200 82 "" "Apache-Jena-ARQ/3.0.0"
83.212.121.124 - - [04/Aug/2017:00:01:24 +0300] "GET /sparql?query=ASK%0AWHERE%0A++%7B+%3Chttp%3A%2F%2Fwww.wikidata.org%2Fentity%2FQ39816%3E%0A++++++++++++++%3Chttp%3A%2F%2Fwww.w3.org%2F2000%2F01%2Frdf-schema%23subClassOf%3E++%3Chttp%3A%2F%2Fdbpedia.org%2Fclass%2Fyago%2FSeat108647945%3E%0A++%7D%0A HTTP/1.1" 200 82 "" "Apache-Jena-ARQ/3.0.0"
83.212.121.124 - - [04/Aug/2017:00:01:25 +0300] "GET /sparql?query=ASK%0AWHERE%0A++%7B+%3Chttp%3A%2F%2Fwww.wikidata.org%2Fentity%2FQ39816%3E%0A++++++++++++++%3Chttp%3A%2F%2Fwww.w3.org%2F2000%2F01%2Frdf-schema%23subClassOf%3E++%3Chttp%3A%2F%2Fdbpedia.org%2Fclass%2Fyago%2FTract108673395%3E%0A++%7D%0A HTTP/1.1" 200 82 "" "Apache-Jena-ARQ/3.0.0"
83.212.121.124 - - [04/Aug/2017:00:01:25 +0300] "GET /sparql?query=ASK%0AWHERE%0A++%7B+%3Chttp%3A%2F%2Fwww.wikidata.org%2Fentity%2FQ39816%3E%0A++++++++++++++%3Chttp%3A%2F%2Fwww.w3.org%2F2000%2F01%2Frdf-schema%23subClassOf%3E++%3Chttp%3A%2F%2Fdbpedia.org%2Fontology%2FCity%3E%0A++%7D%0A HTTP/1.1" 200 82 "" "Apache-Jena-ARQ/3.0.0"
83.212.121.124 - - [04/Aug/2017:00:01:25 +0300] "GET /sparql?query=ASK%0AWHERE%0A++%7B+%3Chttp%3A%2F%2Fwww.wikidata.org%2Fentity%2FQ39816%3E%0A++++++++++++++%3Chttp%3A%2F%2Fwww.w3.org%2F2000%2F01%2Frdf-schema%23subClassOf%3E++%3Chttp%3A%2F%2Fdbpedia.org%2Fclass%2Fyago%2FArea108497294%3E%0A++%7D%0A HTTP/1.1" 200 82 "" "Apache-Jena-ARQ/3.0.0"
83.212.121.124 - - [04/Aug/2017:00:01:25 +0300] "GET /sparql?query=ASK%0AWHERE%0A++%7B+%3Chttp%3A%2F%2Fwww.wikidata.org%2Fentity%2FQ39816%3E%0A++++++++++++++%3Chttp%3A%2F%2Fwww.w3.org%2F2000%2F01%2Frdf-schema%23subClassOf%3E++%3Chttp%3A%2F%2Fwww.opengis.net%2Fgml%2F_Feature%3E%0A++%7D%0A HTTP/1.1" 200 82 "" "Apache-Jena-ARQ/3.0.0"
83.212.121.124 - - [04/Aug/2017:00:01:26 +0300] "GET /sparql?query=ASK%0AWHERE%0A++%7B+%3Chttp%3A%2F%2Fwww.wikidata.org%2Fentity%2FQ39816%3E%0A++++++++++++++%3Chttp%3A%2F%2Fwww.w3.org%2F2000%2F01%2Frdf-schema%23subClassOf%3E++%3Chttp%3A%2F%2Fdbpedia.org%2Fclass%2Fyago%2FCapitalsInEurope%3E%0A++%7D%0A HTTP/1.1" 200 82 "" "Apache-Jena-ARQ/3.0.0"
83.212.121.124 - - [04/Aug/2017:00:01:26 +0300] "GET /sparql?query=ASK%0AWHERE%0A++%7B+%3Chttp%3A%2F%2Fwww.wikidata.org%2Fentity%2FQ39816%3E%0A++++++++++++++%3Chttp%3A%2F%2Fwww.w3.org%2F2000%2F01%2Frdf-schema%23subClassOf%3E++%3Chttp%3A%2F%2Fdbpedia.org%2Fclass%2Fyago%2FCity108524735%3E%0A++%7D%0A HTTP/1.1" 200 82 "" "Apache-Jena-ARQ/3.0.0"
83.212.121.124 - - [04/Aug/2017:00:01:26 +0300] "GET /sparql?query=ASK%0AWHERE%0A++%7B+%3Chttp%3A%2F%2Fwww.wikidata.org%2Fentity%2FQ39816%3E%0A++++++++++++++%3Chttp%3A%2F%2Fwww.w3.org%2F2000%2F01%2Frdf-schema%23subClassOf%3E++%3Chttp%3A%2F%2Fdbpedia.org%2Fclass%2Fyago%2FHostCitiesOfTheSummerOlympicGames%3E%0A++%7D%0A HTTP/1.1" 200 82 "" "Apache-Jena-ARQ/3.0.0"
83.212.121.124 - - [04/Aug/2017:00:01:26 +0300] "GET /sparql?query=ASK%0AWHERE%0A++%7B+%3Chttp%3A%2F%2Fwww.wikidata.org%2Fentity%2FQ39816%3E%0A++++++++++++++%3Chttp%3A%2F%2Fwww.w3.org%2F2000%2F01%2Frdf-schema%23subClassOf%3E++%3Chttp%3A%2F%2Fdbpedia.org%2Fontology%2FPopulatedPlace%3E%0A++%7D%0A HTTP/1.1" 200 82 "" "Apache-Jena-ARQ/3.0.0"
83.212.121.124 - - [04/Aug/2017:00:01:26 +0300] "GET /sparql?query=ASK%0AWHERE%0A++%7B+%3Chttp%3A%2F%2Fwww.wikidata.org%2Fentity%2FQ39816%3E%0A++++++++++++++%3Chttp%3A%2F%2Fwww.w3.org%2F2000%2F01%2Frdf-schema%23subClassOf%3E++%3Chttp%3A%2F%2Fdbpedia.org%2Fontology%2FSettlement%3E%0A++%7D%0A HTTP/1.1" 200 82 "" "Apache-Jena-ARQ/3.0.0"
83.212.121.124 - - [04/Aug/2017:00:01:27 +0300] "GET /sparql?query=ASK%0AWHERE%0A++%7B+%3Chttp%3A%2F%2Fwww.wikidata.org%2Fentity%2FQ39816%3E%0A++++++++++++++%3Chttp%3A%2F%2Fwww.w3.org%2F2000%2F01%2Frdf-schema%23subClassOf%3E++%3Chttp%3A%2F%2Fschema.org%2FCity%3E%0A++%7D%0A HTTP/1.1" 200 82 "" "Apache-Jena-ARQ/3.0.0"
83.212.121.124 - - [04/Aug/2017:00:01:27 +0300] "GET /sparql?query=ASK%0AWHERE%0A++%7B+%3Chttp%3A%2F%2Fwww.wikidata.org%2Fentity%2FQ39816%3E%0A++++++++++++++%3Chttp%3A%2F%2Fwww.w3.org%2F2000%2F01%2Frdf-schema%23subClassOf%3E++%3Chttp%3A%2F%2Fumbel.org%2Fumbel%2Frc%2FLocation_Underspecified%3E%0A++%7D%0A HTTP/1.1" 200 82 "" "Apache-Jena-ARQ/3.0.0"
83.212.121.124 - - [04/Aug/2017:00:01:27 +0300] "GET /sparql?query=ASK%0AWHERE%0A++%7B+%3Chttp%3A%2F%2Fwww.wikidata.org%2Fentity%2FQ39816%3E%0A++++++++++++++%3Chttp%3A%2F%2Fwww.w3.org%2F2000%2F01%2Frdf-schema%23subClassOf%3E++%3Chttp%3A%2F%2Fumbel.org%2Fumbel%2Frc%2FPopulatedPlace%3E%0A++%7D%0A HTTP/1.1" 200 82 "" "Apache-Jena-ARQ/3.0.0"
46.229.168.65 - - [04/Aug/2017:00:01:27 +0300] "GET /ode/?uri=http%3A//dbpedia.org/resource/Category%3AAmerican_cardiologists HTTP/1.1" 200 15166 "" "Mozilla/5.0 (compatible; SemrushBot/1.2~bl; +http://www.semrush.com/bot.html)"
217.182.132.88 - - [04/Aug/2017:00:01:27 +0300] "GET /isparql/view/?query=define%20sql%3Adescribe-mode%20%22CBD%22%20DESCRIBE%20%3Chttp%3A%2F%2Fangel.co%2F500-startups-fund%23rdf_load_angellist%3E&resultview=browser HTTP/1.1" 200 2591 "" "Mozilla/5.0 (compatible; AhrefsBot/5.2; +http://ahrefs.com/robot/)"
83.212.121.124 - - [04/Aug/2017:00:01:27 +0300] "GET /sparql?query=ASK%0AWHERE%0A++%7B+%3Chttp%3A%2F%2Fwww.wikidata.org%2Fentity%2FQ39816%3E%0A++++++++++++++%3Chttp%3A%2F%2Fwww.w3.org%2F2000%2F01%2Frdf-schema%23subClassOf%3E++%3Chttp%3A%2F%2Fumbel.org%2Fumbel%2Frc%2FVillage%3E%0A++%7D%0A HTTP/1.1" 200 82 "" "Apache-Jena-ARQ/3.0.0"
83.212.121.124 - - [04/Aug/2017:00:01:28 +0300] "GET /sparql?query=ASK%0AWHERE%0A++%7B+%3Chttp%3A%2F%2Fwww.wikidata.org%2Fentity%2FQ39816%3E%0A++++++++++++++%3Chttp%3A%2F%2Fwww.w3.org%2F2000%2F01%2Frdf-schema%23subClassOf%3E++%3Chttp%3A%2F%2Fdbpedia.org%2Fclass%2Fyago%2FDistrict108552138%3E%0A++%7D%0A HTTP/1.1" 200 82 "" "Apache-Jena-ARQ/3.0.0"
83.212.121.124 - - [04/Aug/2017:00:01:28 +0300] "GET /sparql?query=ASK%0AWHERE%0A++%7B+%3Chttp%3A%2F%2Fwww.wikidata.org%2Fentity%2FQ39816%3E%0A++++++++++++++%3Chttp%3A%2F%2Fwww.w3.org%2F2000%2F01%2Frdf-schema%23subClassOf%3E++%3Chttp%3A%2F%2Fdbpedia.org%2Fclass%2Fyago%2FMunicipality108626283%3E%0A++%7D%0A HTTP/1.1" 200 82 "" "Apache-Jena-ARQ/3.0.0"
83.212.121.124 - - [04/Aug/2017:00:01:28 +0300] "GET /sparql?query=ASK%0AWHERE%0A++%7B+%3Chttp%3A%2F%2Fwww.wikidata.org%2Fentity%2FQ39816%3E%0A++++++++++++++%3Chttp%3A%2F%2Fwww.w3.org%2F2000%2F01%2Frdf-schema%23subClassOf%3E++%3Chttp%3A%2F%2Fdbpedia.org%2Fclass%2Fyago%2FRegion108630985%3E%0A++%7D%0A HTTP/1.1" 200 82 "" "Apache-Jena-ARQ/3.0.0"
83.212.121.124 - - [04/Aug/2017:00:01:28 +0300] "GET /sparql?query=ASK%0AWHERE%0A++%7B+%3Chttp%3A%2F%2Fwww.wikidata.org%2Fentity%2FQ39816%3E%0A++++++++++++++%3Chttp%3A%2F%2Fwww.w3.org%2F2000%2F01%2Frdf-schema%23subClassOf%3E++%3Chttp%3A%2F%2Fdbpedia.org%2Fclass%2Fyago%2FCapital108518505%3E%0A++%7D%0A HTTP/1.1" 200 82 "" "Apache-Jena-ARQ/3.0.0"
83.212.121.124 - - [04/Aug/2017:00:01:29 +0300] "GET /sparql?query=ASK%0AWHERE%0A++%7B+%3Chttp%3A%2F%2Fwww.wikidata.org%2Fentity%2FQ39816%3E%0A++++++++++++++%3Chttp%3A%2F%2Fwww.w3.org%2F2000%2F01%2Frdf-schema%23subClassOf%3E++%3Chttp%3A%2F%2Fdbpedia.org%2Fclass%2Fyago%2FUrbanArea108675967%3E%0A++%7D%0A HTTP/1.1" 200 82 "" "Apache-Jena-ARQ/3.0.0"
83.212.121.124 - - [04/Aug/2017:00:01:29 +0300] "GET /sparql?query=ASK%0AWHERE%0A++%7B+%3Chttp%3A%2F%2Fwww.wikidata.org%2Fentity%2FQ39816%3E%0A++++++++++++++%3Chttp%3A%2F%2Fwww.w3.org%2F2000%2F01%2Frdf-schema%23subClassOf%3E++%3Chttp%3A%2F%2Fwww.wikidata.org%2Fentity%2FQ486972%3E%0A++%7D%0A HTTP/1.1" 200 82 "" "Apache-Jena-ARQ/3.0.0"
83.212.121.124 - - [04/Aug/2017:00:01:29 +0300] "GET /sparql?query=ASK%0AWHERE%0A++%7B+%3Chttp%3A%2F%2Fwww.wikidata.org%2Fentity%2FQ39816%3E%0A++++++++++++++%3Chttp%3A%2F%2Fwww.w3.org%2F2000%2F01%2Frdf-schema%23subClassOf%3E++%3Chttp%3A%2F%2Fdbpedia.org%2Fclass%2Fyago%2FAbstraction100002137%3E%0A++%7D%0A HTTP/1.1" 200 82 "" "Apache-Jena-ARQ/3.0.0"
180.76.15.140 - - [04/Aug/2017:00:01:29 +0300] "GET /ode/?uri=http%3A%2F%2Fyago-knowledge.org%2Fresource%2FSentry_gun HTTP/1.1" 200 15166 "" "Mozilla/5.0 (compatible; Baiduspider/2.0; +http://www.baidu.com/search/spider.html)"
83.212.121.124 - - [04/Aug/2017:00:01:30 +0300] "GET /sparql?query=ASK%0AWHERE%0A++%7B+%3Chttp%3A%2F%2Fwww.wikidata.org%2Fentity%2FQ39816%3E%0A++++++++++++++%3Chttp%3A%2F%2Fwww.w3.org%2F2000%2F01%2Frdf-schema%23subClassOf%3E++%3Chttp%3A%2F%2Fdbpedia.org%2Fclass%2Fyago%2FInstitution108053576%3E%0A++%7D%0A HTTP/1.1" 200 82 "" "Apache-Jena-ARQ/3.0.0"
83.212.121.124 - - [04/Aug/2017:00:01:30 +0300] "GET /sparql?query=ASK%0AWHERE%0A++%7B+%3Chttp%3A%2F%2Fwww.wikidata.org%2Fentity%2FQ39816%3E%0A++++++++++++++%3Chttp%3A%2F%2Fwww.w3.org%2F2000%2F01%2Frdf-schema%23subClassOf%3E++%3Chttp%3A%2F%2Fdbpedia.org%2Fclass%2Fyago%2FSocialGroup107950920%3E%0A++%7D%0A HTTP/1.1" 200 82 "" "Apache-Jena-ARQ/3.0.0"
46.229.168.71 - - [04/Aug/2017:00:01:30 +0300] "GET /ode/?uri=http%3A//dbpedia.org/class/yago/WikicatCriminalsFromMerseyside HTTP/1.1" 200 15166 "" "Mozilla/5.0 (compatible; SemrushBot/1.2~bl; +http://www.semrush.com/bot.html)"
83.212.121.124 - - [04/Aug/2017:00:01:30 +0300] "GET /sparql?query=ASK%0AWHERE%0A++%7B+%3Chttp%3A%2F%2Fwww.wikidata.org%2Fentity%2FQ39816%3E%0A++++++++++++++%3Chttp%3A%2F%2Fwww.w3.org%2F2000%2F01%2Frdf-schema%23subClassOf%3E++%3Chttp%3A%2F%2Fdbpedia.org%2Fontology%2FSchool%3E%0A++%7D%0A HTTP/1.1" 200 82 "" "Apache-Jena-ARQ/3.0.0"
83.212.121.124 - - [04/Aug/2017:00:01:30 +0300] "GET /sparql?query=ASK%0AWHERE%0A++%7B+%3Chttp%3A%2F%2Fwww.wikidata.org%2Fentity%2FQ39816%3E%0A++++++++++++++%3Chttp%3A%2F%2Fwww.w3.org%2F2000%2F01%2Frdf-schema%23subClassOf%3E++%3Chttp%3A%2F%2Fdbpedia.org%2Fclass%2Fyago%2FOrganization108008335%3E%0A++%7D%0A HTTP/1.1" 200 82 "" "Apache-Jena-ARQ/3.0.0"
83.212.121.124 - - [04/Aug/2017:00:01:30 +0300] "GET /sparql?query=ASK%0AWHERE%0A++%7B+%3Chttp%3A%2F%2Fwww.wikidata.org%2Fentity%2FQ39816%3E%0A++++++++++++++%3Chttp%3A%2F%2Fwww.w3.org%2F2000%2F01%2Frdf-schema%23subClassOf%3E++%3Chttp%3A%2F%2Fdbpedia.org%2Fclass%2Fyago%2FSchool108276720%3E%0A++%7D%0A HTTP/1.1" 200 82 "" "Apache-Jena-ARQ/3.0.0"
83.212.121.124 - - [04/Aug/2017:00:01:31 +0300] "GET /sparql?query=ASK%0AWHERE%0A++%7B+%3Chttp%3A%2F%2Fwww.wikidata.org%2Fentity%2FQ39816%3E%0A++++++++++++++%3Chttp%3A%2F%2Fwww.w3.org%2F2000%2F01%2Frdf-schema%23subClassOf%3E++%3Chttp%3A%2F%2Fdbpedia.org%2Fontology%2FAgent%3E%0A++%7D%0A HTTP/1.1" 200 82 "" "Apache-Jena-ARQ/3.0.0"
83.212.121.124 - - [04/Aug/2017:00:01:31 +0300] "GET /sparql?query=ASK%0AWHERE%0A++%7B+%3Chttp%3A%2F%2Fwww.wikidata.org%2Fentity%2FQ39816%3E%0A++++++++++++++%3Chttp%3A%2F%2Fwww.w3.org%2F2000%2F01%2Frdf-schema%23subClassOf%3E++%3Chttp%3A%2F%2Fdbpedia.org%2Fontology%2FEducationalInstitution%3E%0A++%7D%0A HTTP/1.1" 200 82 "" "Apache-Jena-ARQ/3.0.0"
83.212.121.124 - - [04/Aug/2017:00:01:31 +0300] "GET /sparql?query=ASK%0AWHERE%0A++%7B+%3Chttp%3A%2F%2Fwww.wikidata.org%2Fentity%2FQ39816%3E%0A++++++++++++++%3Chttp%3A%2F%2Fwww.w3.org%2F2000%2F01%2Frdf-schema%23subClassOf%3E++%3Chttp%3A%2F%2Fdbpedia.org%2Fontology%2FOrganisation%3E%0A++%7D%0A HTTP/1.1" 200 82 "" "Apache-Jena-ARQ/3.0.0"
83.212.121.124 - - [04/Aug/2017:00:01:31 +0300] "GET /sparql?query=ASK%0AWHERE%0A++%7B+%3Chttp%3A%2F%2Fwww.wikidata.org%2Fentity%2FQ39816%3E%0A++++++++++++++%3Chttp%3A%2F%2Fwww.w3.org%2F2000%2F01%2Frdf-schema%23subClassOf%3E++%3Chttp%3A%2F%2Fschema.org%2FEducationalOrganization%3E%0A++%7D%0A HTTP/1.1" 200 82 "" "Apache-Jena-ARQ/3.0.0"
83.212.121.124 - - [04/Aug/2017:00:01:31 +0300] "GET /sparql?query=ASK%0AWHERE%0A++%7B+%3Chttp%3A%2F%2Fwww.wikidata.org%2Fentity%2FQ39816%3E%0A++++++++++++++%3Chttp%3A%2F%2Fwww.w3.org%2F2000%2F01%2Frdf-schema%23subClassOf%3E++%3Chttp%3A%2F%2Fschema.org%2FOrganization%3E%0A++%7D%0A HTTP/1.1" 200 82 "" "Apache-Jena-ARQ/3.0.0"
83.212.121.124 - - [04/Aug/2017:00:01:32 +0300] "GET /sparql?query=ASK%0AWHERE%0A++%7B+%3Chttp%3A%2F%2Fwww.wikidata.org%2Fentity%2FQ39816%3E%0A++++++++++++++%3Chttp%3A%2F%2Fwww.w3.org%2F2000%2F01%2Frdf-schema%23subClassOf%3E++%3Chttp%3A%2F%2Fschema.org%2FSchool%3E%0A++%7D%0A HTTP/1.1" 200 82 "" "Apache-Jena-ARQ/3.0.0"
83.212.121.124 - - [04/Aug/2017:00:01:32 +0300] "GET /sparql?query=ASK%0AWHERE%0A++%7B+%3Chttp%3A%2F%2Fwww.wikidata.org%2Fentity%2FQ39816%3E%0A++++++++++++++%3Chttp%3A%2F%2Fwww.w3.org%2F2000%2F01%2Frdf-schema%23subClassOf%3E++%3Chttp%3A%2F%2Fdbpedia.org%2Fclass%2Fyago%2FEducationalInstitution108276342%3E%0A++%7D%0A HTTP/1.1" 200 82 "" "Apache-Jena-ARQ/3.0.0"
83.212.121.124 - - [04/Aug/2017:00:01:32 +0300] "GET /sparql?query=ASK%0AWHERE%0A++%7B+%3Chttp%3A%2F%2Fwww.wikidata.org%2Fentity%2FQ39816%3E%0A++++++++++++++%3Chttp%3A%2F%2Fwww.w3.org%2F2000%2F01%2Frdf-schema%23subClassOf%3E++%3Chttp%3A%2F%2Fdbpedia.org%2Fclass%2Fyago%2FGroup100031264%3E%0A++%7D%0A HTTP/1.1" 200 82 "" "Apache-Jena-ARQ/3.0.0"
83.212.121.124 - - [04/Aug/2017:00:01:32 +0300] "GET /sparql?query=ASK%0AWHERE%0A++%7B+%3Chttp%3A%2F%2Fwww.wikidata.org%2Fentity%2FQ39816%3E%0A++++++++++++++%3Chttp%3A%2F%2Fwww.w3.org%2F2000%2F01%2Frdf-schema%23subClassOf%3E++%3Chttp%3A%2F%2Fdbpedia.org%2Fclass%2Fyago%2FYagoLegalActor%3E%0A++%7D%0A HTTP/1.1" 200 82 "" "Apache-Jena-ARQ/3.0.0"
83.212.121.124 - - [04/Aug/2017:00:01:33 +0300] "GET /sparql?query=ASK%0AWHERE%0A++%7B+%3Chttp%3A%2F%2Fwww.wikidata.org%2Fentity%2FQ39816%3E%0A++++++++++++++%3Chttp%3A%2F%2Fwww.w3.org%2F2000%2F01%2Frdf-schema%23subClassOf%3E++%3Chttp%3A%2F%2Fwww.ontologydesignpatterns.org%2Font%2Fdul%2FDUL.owl%23Agent%3E%0A++%7D%0A HTTP/1.1" 200 82 "" "Apache-Jena-ARQ/3.0.0"
217.182.132.156 - - [04/Aug/2017:00:01:33 +0300] "GET /describe/?url=http%3A%2F%2Fypim.com.au%2F%2F0kg3%23HTMLMicrodata_Statement_43&graph=http%3A%2F%2Fypim.com.au%2F%2F0kg3 HTTP/1.1" 200 4672 "" "Mozilla/5.0 (compatible; AhrefsBot/5.2; +http://ahrefs.com/robot/)"
46.229.168.75 - - [04/Aug/2017:00:01:33 +0300] "GET /ode/?uri=http%3A//dbpedia.org/resource/Gareth_Peters HTTP/1.1" 200 15166 "" "Mozilla/5.0 (compatible; SemrushBot/1.2~bl; +http://www.semrush.com/bot.html)"
83.212.121.124 - - [04/Aug/2017:00:01:33 +0300] "GET /sparql?query=ASK%0AWHERE%0A++%7B+%3Chttp%3A%2F%2Fwww.wikidata.org%2Fentity%2FQ39816%3E%0A++++++++++++++%3Chttp%3A%2F%2Fwww.w3.org%2F2000%2F01%2Frdf-schema%23subClassOf%3E++%3Chttp%3A%2F%2Fwww.ontologydesignpatterns.org%2Font%2Fdul%2FDUL.owl%23SocialPerson%3E%0A++%7D%0A HTTP/1.1" 200 82 "" "Apache-Jena-ARQ/3.0.0"
83.212.121.124 - - [04/Aug/2017:00:01:33 +0300] "GET /sparql?query=ASK%0AWHERE%0A++%7B+%3Chttp%3A%2F%2Fwww.wikidata.org%2Fentity%2FQ39816%3E%0A++++++++++++++%3Chttp%3A%2F%2Fwww.w3.org%2F2000%2F01%2Frdf-schema%23subClassOf%3E++%3Chttp%3A%2F%2Fwww.wikidata.org%2Fentity%2FQ3914%3E%0A++%7D%0A HTTP/1.1" 200 82 "" "Apache-Jena-ARQ/3.0.0"
83.212.121.124 - - [04/Aug/2017:00:01:33 +0300] "GET /sparql?query=ASK%0AWHERE%0A++%7B+%3Chttp%3A%2F%2Fwww.wikidata.org%2Fentity%2FQ39816%3E%0A++++++++++++++%3Chttp%3A%2F%2Fwww.w3.org%2F2000%2F01%2Frdf-schema%23subClassOf%3E++%3Chttp%3A%2F%2Fwww.wikidata.org%2Fentity%2FQ43229%3E%0A++%7D%0A HTTP/1.1" 200 82 "" "Apache-Jena-ARQ/3.0.0"
83.212.121.124 - - [04/Aug/2017:00:01:34 +0300] "GET /sparql?query=ASK%0AWHERE%0A++%7B+%3Chttp%3A%2F%2Fwww.wikidata.org%2Fentity%2FQ39816%3E%0A++++++++++++++%3Chttp%3A%2F%2Fwww.w3.org%2F2000%2F01%2Frdf-schema%23subClassOf%3E++%3Chttp%3A%2F%2Fdbpedia.org%2Fontology%2FSportFacility%3E%0A++%7D%0A HTTP/1.1" 200 82 "" "Apache-Jena-ARQ/3.0.0"
83.212.121.124 - - [04/Aug/2017:00:01:34 +0300] "GET /sparql?query=ASK%0AWHERE%0A++%7B+%3Chttp%3A%2F%2Fwww.wikidata.org%2Fentity%2FQ39816%3E%0A++++++++++++++%3Chttp%3A%2F%2Fwww.w3.org%2F2000%2F01%2Frdf-schema%23subClassOf%3E++%3Chttp%3A%2F%2Fdbpedia.org%2Fclass%2Fyago%2FStadium104295881%3E%0A++%7D%0A HTTP/1.1" 200 82 "" "Apache-Jena-ARQ/3.0.0"
83.212.121.124 - - [04/Aug/2017:00:01:34 +0300] "GET /sparql?query=ASK%0AWHERE%0A++%7B+%3Chttp%3A%2F%2Fwww.wikidata.org%2Fentity%2FQ39816%3E%0A++++++++++++++%3Chttp%3A%2F%2Fwww.w3.org%2F2000%2F01%2Frdf-schema%23subClassOf%3E++%3Chttp%3A%2F%2Fdbpedia.org%2Fontology%2FStadium%3E%0A++%7D%0A HTTP/1.1" 200 82 "" "Apache-Jena-ARQ/3.0.0"
83.212.121.124 - - [04/Aug/2017:00:01:34 +0300] "GET /sparql?query=ASK%0AWHERE%0A++%7B+%3Chttp%3A%2F%2Fwww.wikidata.org%2Fentity%2FQ39816%3E%0A++++++++++++++%3Chttp%3A%2F%2Fwww.w3.org%2F2000%2F01%2Frdf-schema%23subClassOf%3E++%3Chttp%3A%2F%2Fschema.org%2FStadiumOrArena%3E%0A++%7D%0A HTTP/1.1" 200 82 "" "Apache-Jena-ARQ/3.0.0"
83.212.121.124 - - [04/Aug/2017:00:01:34 +0300] "GET /sparql?query=ASK%0AWHERE%0A++%7B+%3Chttp%3A%2F%2Fwww.wikidata.org%2Fentity%2FQ39816%3E%0A++++++++++++++%3Chttp%3A%2F%2Fwww.w3.org%2F2000%2F01%2Frdf-schema%23subClassOf%3E++%3Chttp%3A%2F%2Fumbel.org%2Fumbel%2Frc%2FStadium%3E%0A++%7D%0A HTTP/1.1" 200 82 "" "Apache-Jena-ARQ/3.0.0"
83.212.121.124 - - [04/Aug/2017:00:01:35 +0300] "GET /sparql?query=ASK%0AWHERE%0A++%7B+%3Chttp%3A%2F%2Fwww.wikidata.org%2Fentity%2FQ39816%3E%0A++++++++++++++%3Chttp%3A%2F%2Fwww.w3.org%2F2000%2F01%2Frdf-schema%23subClassOf%3E++%3Chttp%3A%2F%2Fdbpedia.org%2Fclass%2Fyago%2FStructure104341686%3E%0A++%7D%0A HTTP/1.1" 200 82 "" "Apache-Jena-ARQ/3.0.0"
180.76.15.19 - - [04/Aug/2017:00:01:35 +0300] "GET /ode/?uri=http%3A%2F%2Fyago-knowledge.org%2Fresource%2FMexican_Wolf HTTP/1.1" 200 15166 "" "Mozilla/5.0 (compatible; Baiduspider/2.0; +http://www.baidu.com/search/spider.html)"
83.212.121.124 - - [04/Aug/2017:00:01:35 +0300] "GET /sparql?query=ASK%0AWHERE%0A++%7B+%3Chttp%3A%2F%2Fwww.wikidata.org%2Fentity%2FQ39816%3E%0A++++++++++++++%3Chttp%3A%2F%2Fwww.w3.org%2F2000%2F01%2Frdf-schema%23subClassOf%3E++%3Chttp%3A%2F%2Fdbpedia.org%2Fclass%2Fyago%2FScene108645963%3E%0A++%7D%0A HTTP/1.1" 200 82 "" "Apache-Jena-ARQ/3.0.0"
83.212.121.124 - - [04/Aug/2017:00:01:35 +0300] "GET /sparql?query=ASK%0AWHERE%0A++%7B+%3Chttp%3A%2F%2Fwww.wikidata.org%2Fentity%2FQ39816%3E%0A++++++++++++++%3Chttp%3A%2F%2Fwww.w3.org%2F2000%2F01%2Frdf-schema%23subClassOf%3E++%3Chttp%3A%2F%2Fdbpedia.org%2Fclass%2Fyago%2FVenue108677628%3E%0A++%7D%0A HTTP/1.1" 200 82 "" "Apache-Jena-ARQ/3.0.0"
83.212.121.124 - - [04/Aug/2017:00:01:35 +0300] "GET /sparql?query=ASK%0AWHERE%0A++%7B+%3Chttp%3A%2F%2Fwww.wikidata.org%2Fentity%2FQ39816%3E%0A++++++++++++++%3Chttp%3A%2F%2Fwww.w3.org%2F2000%2F01%2Frdf-schema%23subClassOf%3E++%3Chttp%3A%2F%2Fumbel.org%2Fumbel%2Frc%2FEducationalOrganization%3E%0A++%7D%0A HTTP/1.1" 200 82 "" "Apache-Jena-ARQ/3.0.0"
83.212.121.124 - - [04/Aug/2017:00:01:35 +0300] "GET /sparql?query=ASK%0AWHERE%0A++%7B+%3Chttp%3A%2F%2Fwww.wikidata.org%2Fentity%2FQ39816%3E%0A++++++++++++++%3Chttp%3A%2F%2Fwww.w3.org%2F2000%2F01%2Frdf-schema%23subClassOf%3E++%3Chttp%3A%2F%2Fumbel.org%2Fumbel%2Frc%2FSchool_AcademicOrganization%3E%0A++%7D%0A HTTP/1.1" 200 82 "" "Apache-Jena-ARQ/3.0.0"
83.212.121.124 - - [04/Aug/2017:00:01:36 +0300] "GET /sparql?query=ASK%0AWHERE%0A++%7B+%3Chttp%3A%2F%2Fwww.wikidata.org%2Fentity%2FQ39816%3E%0A++++++++++++++%3Chttp%3A%2F%2Fwww.w3.org%2F2000%2F01%2Frdf-schema%23subClassOf%3E++%3Chttp%3A%2F%2Fdbpedia.org%2Fclass%2Fyago%2FSecondarySchool108284481%3E%0A++%7D%0A HTTP/1.1" 200 82 "" "Apache-Jena-ARQ/3.0.0"
83.212.121.124 - - [04/Aug/2017:00:01:36 +0300] "GET /sparql?query=ASK%0AWHERE%0A++%7B+%3Chttp%3A%2F%2Fwww.wikidata.org%2Fentity%2FQ39816%3E%0A++++++++++++++%3Chttp%3A%2F%2Fwww.w3.org%2F2000%2F01%2Frdf-schema%23subClassOf%3E++%3Chttp%3A%2F%2Fxmlns.com%2Ffoaf%2F0.1%2FPerson%3E%0A++%7D%0A HTTP/1.1" 200 82 "" "Apache-Jena-ARQ/3.0.0"
83.212.121.124 - - [04/Aug/2017:00:01:36 +0300] "GET /sparql?query=ASK%0AWHERE%0A++%7B+%3Chttp%3A%2F%2Fwww.wikidata.org%2Fentity%2FQ39816%3E%0A++++++++++++++%3Chttp%3A%2F%2Fwww.w3.org%2F2000%2F01%2Frdf-schema%23subClassOf%3E++%3Chttp%3A%2F%2Fdbpedia.org%2Fontology%2FWikidata%3AQ532%3E%0A++%7D%0A HTTP/1.1" 200 82 "" "Apache-Jena-ARQ/3.0.0"
83.212.121.124 - - [04/Aug/2017:00:01:36 +0300] "GET /sparql?query=ASK%0AWHERE%0A++%7B+%3Chttp%3A%2F%2Fwww.wikidata.org%2Fentity%2FQ39816%3E%0A++++++++++++++%3Chttp%3A%2F%2Fwww.w3.org%2F2000%2F01%2Frdf-schema%23subClassOf%3E++%3Chttp%3A%2F%2Fwww.ontologydesignpatterns.org%2Font%2Fd0.owl%23Location%3E%0A++%7D%0A HTTP/1.1" 200 82 "" "Apache-Jena-ARQ/3.0.0"
83.212.121.124 - - [04/Aug/2017:00:01:37 +0300] "GET /sparql?query=ASK%0AWHERE%0A++%7B+%3Chttp%3A%2F%2Fwww.wikidata.org%2Fentity%2FQ39816%3E%0A++++++++++++++%3Chttp%3A%2F%2Fwww.w3.org%2F2000%2F01%2Frdf-schema%23subClassOf%3E++%3Chttp%3A%2F%2Fwww.w3.org%2F2006%2Fvcard%2Fns%23VCard%3E%0A++%7D%0A HTTP/1.1" 200 82 "" "Apache-Jena-ARQ/3.0.0"
164.132.161.78 - - [04/Aug/2017:00:01:37 +0300] "GET /fct/rdfdesc/settings.vsp?g=http%3A%2F%2Fja.dbpedia.org%2Fresource%2F%C3%A3%C2%82%C2%A4%C3%A3%C2%83%C2%B3%C3%A3%C2%83%C2%87%C3%A3%C2%82%C2%A3%C3%A3%C2%82%C2%A2%C3%A3%C2%83%C2%8A%C3%A6%C2%BA%C2%96%C3%A5%C2%B7%C2%9E HTTP/1.1" 200 1799 "" "Mozilla/5.0 (compatible; AhrefsBot/5.2; +http://ahrefs.com/robot/)"
83.212.121.124 - - [04/Aug/2017:00:01:37 +0300] "GET /sparql?query=ASK%0AWHERE%0A++%7B+%3Chttp%3A%2F%2Fwww.wikidata.org%2Fentity%2FQ39816%3E%0A++++++++++++++%3Chttp%3A%2F%2Fwww.w3.org%2F2000%2F01%2Frdf-schema%23subClassOf%3E++%3Chttp%3A%2F%2Fdbpedia.org%2Fclass%2Fyago%2FCapitalsInAsia%3E%0A++%7D%0A HTTP/1.1" 200 82 "" "Apache-Jena-ARQ/3.0.0"
83.212.121.124 - - [04/Aug/2017:00:01:37 +0300] "GET /sparql?query=ASK%0AWHERE%0A++%7B+%3Chttp%3A%2F%2Fwww.wikidata.org%2Fentity%2FQ39816%3E%0A++++++++++++++%3Chttp%3A%2F%2Fwww.w3.org%2F2000%2F01%2Frdf-schema%23subClassOf%3E++%3Chttp%3A%2F%2Fumbel.org%2Fumbel%2Frc%2FCity%3E%0A++%7D%0A HTTP/1.1" 200 82 "" "Apache-Jena-ARQ/3.0.0"
83.212.121.124 - - [04/Aug/2017:00:01:37 +0300] "GET /sparql?query=ASK%0AWHERE%0A++%7B+%3Chttp%3A%2F%2Fwww.wikidata.org%2Fentity%2FQ39816%3E%0A++++++++++++++%3Chttp%3A%2F%2Fwww.w3.org%2F2000%2F01%2Frdf-schema%23subClassOf%3E++%3Chttp%3A%2F%2Fwww.wikidata.org%2Fentity%2FQ515%3E%0A++%7D%0A HTTP/1.1" 200 82 "" "Apache-Jena-ARQ/3.0.0"
83.212.121.124 - - [04/Aug/2017:00:01:37 +0300] "GET /sparql?query=ASK%0AWHERE%0A++%7B+%3Chttp%3A%2F%2Fwww.wikidata.org%2Fentity%2FQ39816%3E%0A++++++++++++++%3Chttp%3A%2F%2Fwww.w3.org%2F2000%2F01%2Frdf-schema%23subClassOf%3E++%3Chttp%3A%2F%2Fdbpedia.org%2Fontology%2FCompany%3E%0A++%7D%0A HTTP/1.1" 200 82 "" "Apache-Jena-ARQ/3.0.0"
83.212.121.124 - - [04/Aug/2017:00:01:38 +0300] "GET /sparql?query=ASK%0AWHERE%0A++%7B+%3Chttp%3A%2F%2Fwww.wikidata.org%2Fentity%2FQ39816%3E%0A++++++++++++++%3Chttp%3A%2F%2Fwww.w3.org%2F2000%2F01%2Frdf-schema%23subClassOf%3E++%3Chttp%3A%2F%2Fdbpedia.org%2Fclass%2Fyago%2FCompany108058098%3E%0A++%7D%0A HTTP/1.1" 200 82 "" "Apache-Jena-ARQ/3.0.0"
83.212.121.124 - - [04/Aug/2017:00:01:38 +0300] "GET /sparql?query=ASK%0AWHERE%0A++%7B+%3Chttp%3A%2F%2Fwww.wikidata.org%2Fentity%2FQ39816%3E%0A++++++++++++++%3Chttp%3A%2F%2Fwww.w3.org%2F2000%2F01%2Frdf-schema%23subClassOf%3E++%3Chttp%3A%2F%2Fumbel.org%2Fumbel%2Frc%2FBusiness%3E%0A++%7D%0A HTTP/1.1" 200 82 "" "Apache-Jena-ARQ/3.0.0"
210.189.18.242 - - [04/Aug/2017:00:01:38 +0300] "GET /about/html/ann-joyeux.livejournal.com HTTP/1.1" 400 278 "http://www.imtalk.org/cmps_index.php?pageid=IMT-Website-Submitter" "Mozilla/5.0 (Windows NT 6.1) AppleWebKit/537.36 (KHTML, like Gecko) Chrome/59.0.3071.115 Safari/537.36"
83.212.121.124 - - [04/Aug/2017:00:01:38 +0300] "GET /sparql?query=ASK%0AWHERE%0A++%7B+%3Chttp%3A%2F%2Fwww.wikidata.org%2Fentity%2FQ39816%3E%0A++++++++++++++%3Chttp%3A%2F%2Fwww.w3.org%2F2000%2F01%2Frdf-schema%23subClassOf%3E++%3Chttp%3A%2F%2Fumbel.org%2Fumbel%2Frc%2FOrganization%3E%0A++%7D%0A HTTP/1.1" 200 82 "" "Apache-Jena-ARQ/3.0.0"
83.212.121.124 - - [04/Aug/2017:00:01:38 +0300] "GET /sparql?query=ASK%0AWHERE%0A++%7B+%3Chttp%3A%2F%2Fwww.wikidata.org%2Fentity%2FQ39816%3E%0A++++++++++++++%3Chttp%3A%2F%2Fwww.w3.org%2F2000%2F01%2Frdf-schema%23subClassOf%3E++%3Chttp%3A%2F%2Fdbpedia.org%2Fclass%2Fyago%2FTown108665504%3E%0A++%7D%0A HTTP/1.1" 200 82 "" "Apache-Jena-ARQ/3.0.0"
83.212.121.124 - - [04/Aug/2017:00:01:38 +0300] "GET /sparql?query=ASK%0AWHERE%0A++%7B+%3Chttp%3A%2F%2Fwww.wikidata.org%2Fentity%2FQ39816%3E%0A++++++++++++++%3Chttp%3A%2F%2Fwww.w3.org%2F2000%2F01%2Frdf-schema%23subClassOf%3E++%3Chttp%3A%2F%2Fdbpedia.org%2Fclass%2Fyago%2FCountySeat108547143%3E%0A++%7D%0A HTTP/1.1" 200 82 "" "Apache-Jena-ARQ/3.0.0"
83.212.121.124 - - [04/Aug/2017:00:01:39 +0300] "GET /sparql?query=ASK%0AWHERE%0A++%7B+%3Chttp%3A%2F%2Fwww.wikidata.org%2Fentity%2FQ39816%3E%0A++++++++++++++%3Chttp%3A%2F%2Fwww.w3.org%2F2000%2F01%2Frdf-schema%23subClassOf%3E++%3Chttp%3A%2F%2Flod.taxonconcept.org%2Fontology%2Ftxn.owl%23Occurrence%3E%0A++%7D%0A HTTP/1.1" 200 82 "" "Apache-Jena-ARQ/3.0.0"
83.212.121.124 - - [04/Aug/2017:00:01:39 +0300] "GET /sparql?query=ASK%0AWHERE%0A++%7B+%3Chttp%3A%2F%2Fwww.wikidata.org%2Fentity%2FQ39816%3E%0A++++++++++++++%3Chttp%3A%2F%2Fwww.w3.org%2F2000%2F01%2Frdf-schema%23subClassOf%3E++%3Chttp%3A%2F%2Flod.taxonconcept.org%2Fontology%2Ftxn.owl%23Area%3E%0A++%7D%0A HTTP/1.1" 200 82 "" "Apache-Jena-ARQ/3.0.0"
83.212.121.124 - - [04/Aug/2017:00:01:39 +0300] "GET /sparql?query=ASK%0AWHERE%0A++%7B+%3Chttp%3A%2F%2Fwww.wikidata.org%2Fentity%2FQ39816%3E%0A++++++++++++++%3Chttp%3A%2F%2Fwww.w3.org%2F2000%2F01%2Frdf-schema%23subClassOf%3E++%3Chttp%3A%2F%2Fschema.org%2FLandmarksOrHistoricalBuildings%3E%0A++%7D%0A HTTP/1.1" 200 82 "" "Apache-Jena-ARQ/3.0.0"
83.212.121.124 - - [04/Aug/2017:00:01:39 +0300] "GET /sparql?query=ASK%0AWHERE%0A++%7B+%3Chttp%3A%2F%2Fwww.wikidata.org%2Fentity%2FQ39816%3E%0A++++++++++++++%3Chttp%3A%2F%2Fwww.w3.org%2F2000%2F01%2Frdf-schema%23subClassOf%3E++%3Chttp%3A%2F%2Fwww.geonames.org%2Fontology%23Feature%3E%0A++%7D%0A HTTP/1.1" 200 82 "" "Apache-Jena-ARQ/3.0.0"
83.212.121.124 - - [04/Aug/2017:00:01:39 +0300] "GET /sparql?query=ASK%0AWHERE%0A++%7B+%3Chttp%3A%2F%2Fwww.wikidata.org%2Fentity%2FQ39816%3E%0A++++++++++++++%3Chttp%3A%2F%2Fwww.w3.org%2F2000%2F01%2Frdf-schema%23subClassOf%3E++%3Chttp%3A%2F%2Fschema.org%2FCreativeWork%3E%0A++%7D%0A HTTP/1.1" 200 82 "" "Apache-Jena-ARQ/3.0.0"
83.212.121.124 - - [04/Aug/2017:00:01:40 +0300] "GET /sparql?query=ASK%0AWHERE%0A++%7B+%3Chttp%3A%2F%2Fwww.wikidata.org%2Fentity%2FQ39816%3E%0A++++++++++++++%3Chttp%3A%2F%2Fwww.w3.org%2F2000%2F01%2Frdf-schema%23subClassOf%3E++%3Chttp%3A%2F%2Fdbpedia.org%2Fclass%2Fyago%2FWikicatPopulatedPlacesEstablishedInThe13thCentury%3E%0A++%7D%0A HTTP/1.1" 200 82 "" "Apache-Jena-ARQ/3.0.0"
68.194.149.192 - - [04/Aug/2017:00:01:40 +0300] "GET /about/html/http://www.youtube.com HTTP/1.1" 400 278 "http://www.domainpinger.com/" "Mozilla/5.0 (Macintosh; Intel Mac OS X 10_11_6) AppleWebKit/537.36 (KHTML, like Gecko) Chrome/59.0.3071.115 Safari/537.36"
83.212.121.124 - - [04/Aug/2017:00:01:40 +0300] "GET /sparql?query=ASK%0AWHERE%0A++%7B+%3Chttp%3A%2F%2Fwww.wikidata.org%2Fentity%2FQ39816%3E%0A++++++++++++++%3Chttp%3A%2F%2Fwww.w3.org%2F2000%2F01%2Frdf-schema%23subClassOf%3E++%3Chttp%3A%2F%2Fdbpedia.org%2Fclass%2Fyago%2FWikicatCapitalsInEurope%3E%0A++%7D%0A HTTP/1.1" 200 82 "" "Apache-Jena-ARQ/3.0.0"
68.194.149.192 - - [04/Aug/2017:00:01:40 +0300] "GET /about/html/http://www.youtube.com HTTP/1.1" 400 278 "http://useme.org/" "Mozilla/5.0 (Macintosh; Intel Mac OS X 10_11_6) AppleWebKit/537.36 (KHTML, like Gecko) Chrome/59.0.3071.115 Safari/537.36"
83.212.121.124 - - [04/Aug/2017:00:01:40 +0300] "GET /sparql?query=ASK%0AWHERE%0A++%7B+%3Chttp%3A%2F%2Fwww.wikidata.org%2Fentity%2FQ39816%3E%0A++++++++++++++%3Chttp%3A%2F%2Fwww.w3.org%2F2000%2F01%2Frdf-schema%23subClassOf%3E++%3Chttp%3A%2F%2Fdbpedia.org%2Fclass%2Fyago%2FWikicatPortCities%3E%0A++%7D%0A HTTP/1.1" 200 82 "" "Apache-Jena-ARQ/3.0.0"
180.76.15.6 - - [04/Aug/2017:00:01:40 +0300] "GET /c/8KSTR4 HTTP/1.1" 404 183 "" "Mozilla/5.0 (compatible; Baiduspider/2.0; +http://www.baidu.com/search/spider.html)"
83.212.121.124 - - [04/Aug/2017:00:01:40 +0300] "GET /sparql?query=ASK%0AWHERE%0A++%7B+%3Chttp%3A%2F%2Fwww.wikidata.org%2Fentity%2FQ39816%3E%0A++++++++++++++%3Chttp%3A%2F%2Fwww.w3.org%2F2000%2F01%2Frdf-schema%23subClassOf%3E++%3Chttp%3A%2F%2Fdbpedia.org%2Fclass%2Fyago%2FEconomy108366753%3E%0A++%7D%0A HTTP/1.1" 200 82 "" "Apache-Jena-ARQ/3.0.0"
46.229.168.68 - - [04/Aug/2017:00:01:40 +0300] "GET /ode/?uri=http%3A//ja.dbpedia.org/property/%E7%89%B9%E8%A8%98%E3%81%99%E3%81%B9%E3%81%8D%E6%A6%82%E5%BF%B5 HTTP/1.1" 200 15166 "" "Mozilla/5.0 (compatible; SemrushBot/1.2~bl; +http://www.semrush.com/bot.html)"
83.212.121.124 - - [04/Aug/2017:00:01:40 +0300] "GET /sparql?query=ASK%0AWHERE%0A++%7B+%3Chttp%3A%2F%2Fwww.wikidata.org%2Fentity%2FQ39816%3E%0A++++++++++++++%3Chttp%3A%2F%2Fwww.w3.org%2F2000%2F01%2Frdf-schema%23subClassOf%3E++%3Chttp%3A%2F%2Fdbpedia.org%2Fontology%2FCountry%3E%0A++%7D%0A HTTP/1.1" 200 82 "" "Apache-Jena-ARQ/3.0.0"
46.229.168.68 - - [04/Aug/2017:00:01:40 +0300] "GET /ode/?uri=http%3A//ja.dbpedia.org/property/%E7%89%B9%E8%A8%98%E3%81%99%E3%81%B9%E3%81%8D%E6%A6%82%E5%BF%B5 HTTP/1.1" 200 15166 "" "Mozilla/5.0 (compatible; SemrushBot/1.2~bl; +http://www.semrush.com/bot.html)"
83.212.121.124 - - [04/Aug/2017:00:01:41 +0300] "GET /sparql?query=ASK%0AWHERE%0A++%7B+%3Chttp%3A%2F%2Fwww.wikidata.org%2Fentity%2FQ39816%3E%0A++++++++++++++%3Chttp%3A%2F%2Fwww.w3.org%2F2000%2F01%2Frdf-schema%23subClassOf%3E++%3Chttp%3A%2F%2Fdbpedia.org%2Fclass%2Fyago%2FCountry108544813%3E%0A++%7D%0A HTTP/1.1" 200 82 "" "Apache-Jena-ARQ/3.0.0"
83.212.121.124 - - [04/Aug/2017:00:01:41 +0300] "GET /sparql?query=ASK%0AWHERE%0A++%7B+%3Chttp%3A%2F%2Fwww.wikidata.org%2Fentity%2FQ39816%3E%0A++++++++++++++%3Chttp%3A%2F%2Fwww.w3.org%2F2000%2F01%2Frdf-schema%23subClassOf%3E++%3Chttp%3A%2F%2Fdbpedia.org%2Fclass%2Fyago%2FSouthAmericanCountries%3E%0A++%7D%0A HTTP/1.1" 200 82 "" "Apache-Jena-ARQ/3.0.0"
83.212.121.124 - - [04/Aug/2017:00:01:41 +0300] "GET /sparql?query=ASK%0AWHERE%0A++%7B+%3Chttp%3A%2F%2Fwww.wikidata.org%2Fentity%2FQ39816%3E%0A++++++++++++++%3Chttp%3A%2F%2Fwww.w3.org%2F2000%2F01%2Frdf-schema%23subClassOf%3E++%3Chttp%3A%2F%2Fdbpedia.org%2Fclass%2Fyago%2FMemberStatesOfTheUnitedNations%3E%0A++%7D%0A HTTP/1.1" 200 82 "" "Apache-Jena-ARQ/3.0.0"
83.212.121.124 - - [04/Aug/2017:00:01:41 +0300] "GET /sparql?query=ASK%0AWHERE%0A++%7B+%3Chttp%3A%2F%2Fwww.wikidata.org%2Fentity%2FQ39816%3E%0A++++++++++++++%3Chttp%3A%2F%2Fwww.w3.org%2F2000%2F01%2Frdf-schema%23subClassOf%3E++%3Chttp%3A%2F%2Fdbpedia.org%2Fclass%2Fyago%2FSystem108435388%3E%0A++%7D%0A HTTP/1.1" 200 82 "" "Apache-Jena-ARQ/3.0.0"
217.182.132.19 - - [04/Aug/2017:00:01:41 +0300] "GET /describe/?uri=http%3A%2F%2Fjapandbc.com%2Fbbs%2F%3Fmid%3DKanjiChampion%26comment_srl%3D13768%26sort_index%3Dregdate%26order_type%3Ddesc%26page%3D1%26document_srl%3D2606251 HTTP/1.1" 200 4227 "" "Mozilla/5.0 (compatible; AhrefsBot/5.2; +http://ahrefs.com/robot/)"
83.212.121.124 - - [04/Aug/2017:00:01:41 +0300] "GET /sparql?query=ASK%0AWHERE%0A++%7B+%3Chttp%3A%2F%2Fwww.wikidata.org%2Fentity%2FQ39816%3E%0A++++++++++++++%3Chttp%3A%2F%2Fwww.w3.org%2F2000%2F01%2Frdf-schema%23subClassOf%3E++%3Chttp%3A%2F%2Fdbpedia.org%2Fclass%2Fyago%2FWorldTradeOrganizationMemberEconomies%3E%0A++%7D%0A HTTP/1.1" 200 82 "" "Apache-Jena-ARQ/3.0.0"
176.43.145.245 - - [04/Aug/2017:00:01:42 +0300] "HEAD /about/html/http://www.haliyikamacimiz.net/bolgeler/kucukcekmece-hali-yikama HTTP/1.0" 400 330 "http://www.haliyikamacimiz.net/bolgeler/kucukcekmece-hali-yikama" "&as_qdr=all"
83.212.121.124 - - [04/Aug/2017:00:01:42 +0300] "GET /sparql?query=ASK%0AWHERE%0A++%7B+%3Chttp%3A%2F%2Fwww.wikidata.org%2Fentity%2FQ39816%3E%0A++++++++++++++%3Chttp%3A%2F%2Fwww.w3.org%2F2000%2F01%2Frdf-schema%23subClassOf%3E++%3Chttp%3A%2F%2Fschema.org%2FCountry%3E%0A++%7D%0A HTTP/1.1" 200 82 "" "Apache-Jena-ARQ/3.0.0"
164.132.161.57 - - [04/Aug/2017:00:01:42 +0300] "GET /sparql?query=define%20sql%3Adescribe-mode%20%22CBD%22%20%20DESCRIBE%20%3Chttp%3A%2F%2Feo.dbpedia.org%2Fresource%2FUsona_Ministerio_pri_Justico%3E&output=application%2Fmicrodata%2Bjson HTTP/1.1" 200 57 "" "Mozilla/5.0 (compatible; AhrefsBot/5.2; +http://ahrefs.com/robot/)"
180.76.15.21 - - [04/Aug/2017:00:01:42 +0300] "GET /ode/?uri=http%3A%2F%2Fdbpedia.org%2Fclass%2Fyago%2FVideoRentalServicesOfCanada HTTP/1.1" 200 15166 "" "Mozilla/5.0 (compatible; Baiduspider/2.0; +http://www.baidu.com/search/spider.html)"
83.212.121.124 - - [04/Aug/2017:00:01:42 +0300] "GET /sparql?query=ASK%0AWHERE%0A++%7B+%3Chttp%3A%2F%2Fwww.wikidata.org%2Fentity%2FQ39816%3E%0A++++++++++++++%3Chttp%3A%2F%2Fwww.w3.org%2F2000%2F01%2Frdf-schema%23subClassOf%3E++%3Chttp%3A%2F%2Fumbel.org%2Fumbel%2Frc%2FCountry%3E%0A++%7D%0A HTTP/1.1" 200 82 "" "Apache-Jena-ARQ/3.0.0"
83.212.121.124 - - [04/Aug/2017:00:01:42 +0300] "GET /sparql?query=ASK%0AWHERE%0A++%7B+%3Chttp%3A%2F%2Fwww.wikidata.org%2Fentity%2FQ39816%3E%0A++++++++++++++%3Chttp%3A%2F%2Fwww.w3.org%2F2000%2F01%2Frdf-schema%23subClassOf%3E++%3Chttp%3A%2F%2Fdbpedia.org%2Fclass%2Fyago%2FFederalCountries%3E%0A++%7D%0A HTTP/1.1" 200 82 "" "Apache-Jena-ARQ/3.0.0"
83.212.121.124 - - [04/Aug/2017:00:01:42 +0300] "GET /sparql?query=ASK%0AWHERE%0A++%7B+%3Chttp%3A%2F%2Fwww.wikidata.org%2Fentity%2FQ39816%3E%0A++++++++++++++%3Chttp%3A%2F%2Fwww.w3.org%2F2000%2F01%2Frdf-schema%23subClassOf%3E++%3Chttp%3A%2F%2Fdbpedia.org%2Fclass%2Fyago%2FSpanish-speakingCountries%3E%0A++%7D%0A HTTP/1.1" 200 82 "" "Apache-Jena-ARQ/3.0.0"
83.212.121.124 - - [04/Aug/2017:00:01:43 +0300] "GET /sparql?query=ASK%0AWHERE%0A++%7B+%3Chttp%3A%2F%2Fwww.wikidata.org%2Fentity%2FQ39816%3E%0A++++++++++++++%3Chttp%3A%2F%2Fwww.w3.org%2F2000%2F01%2Frdf-schema%23subClassOf%3E++%3Chttp%3A%2F%2Fdbpedia.org%2Fclass%2Fyago%2FCountriesBorderingTheAtlanticOcean%3E%0A++%7D%0A HTTP/1.1" 200 82 "" "Apache-Jena-ARQ/3.0.0"
51.255.65.22 - - [04/Aug/2017:00:01:43 +0300] "GET /sparql?query=define%20sql%3Adescribe-mode%20%22CBD%22%20%20DESCRIBE%20%3Chttp%3A%2F%2Flinkeddata.uriburner.com%2Fabout%2Fid%2Fhttp%2Feo.dbpedia.org%2Fresource%2FSeaWorld_San_Diego%3E&output=application%2Frdf%2Bxml HTTP/1.1" 200 170 "" "Mozilla/5.0 (compatible; AhrefsBot/5.2; +http://ahrefs.com/robot/)"
83.212.121.124 - - [04/Aug/2017:00:01:43 +0300] "GET /sparql?query=ASK%0AWHERE%0A++%7B+%3Chttp%3A%2F%2Fwww.wikidata.org%2Fentity%2FQ39816%3E%0A++++++++++++++%3Chttp%3A%2F%2Fwww.w3.org%2F2000%2F01%2Frdf-schema%23subClassOf%3E++%3Chttp%3A%2F%2Fdbpedia.org%2Fclass%2Fyago%2FMemberStatesOfTheUnionOfSouthAmericanNations%3E%0A++%7D%0A HTTP/1.1" 200 82 "" "Apache-Jena-ARQ/3.0.0"
83.212.121.124 - - [04/Aug/2017:00:01:43 +0300] "GET /sparql?query=ASK%0AWHERE%0A++%7B+%3Chttp%3A%2F%2Fwww.wikidata.org%2Fentity%2FQ39816%3E%0A++++++++++++++%3Chttp%3A%2F%2Fwww.w3.org%2F2000%2F01%2Frdf-schema%23subClassOf%3E++%3Chttp%3A%2F%2Fdbpedia.org%2Fclass%2Fyago%2FMemberStatesOfMercosur%3E%0A++%7D%0A HTTP/1.1" 200 82 "" "Apache-Jena-ARQ/3.0.0"
83.212.121.124 - - [04/Aug/2017:00:01:43 +0300] "GET /sparql?query=ASK%0AWHERE%0A++%7B+%3Chttp%3A%2F%2Fwww.wikidata.org%2Fentity%2FQ39816%3E%0A++++++++++++++%3Chttp%3A%2F%2Fwww.w3.org%2F2000%2F01%2Frdf-schema%23subClassOf%3E++%3Chttp%3A%2F%2Fdbpedia.org%2Fclass%2Fyago%2FPortSettlementsInTheUnitedStates%3E%0A++%7D%0A HTTP/1.1" 200 82 "" "Apache-Jena-ARQ/3.0.0"
51.255.65.65 - - [04/Aug/2017:00:01:43 +0300] "GET /describe/?uri=http%3A%2F%2Fantonioleta77.skyrock.com%2F3205896737-una-gua-a-acerca-de-dejar-de-fumar.html%23HTMLMicrodata_Statement_35 HTTP/1.1" 200 4638 "" "Mozilla/5.0 (compatible; AhrefsBot/5.2; +http://ahrefs.com/robot/)"
83.212.121.124 - - [04/Aug/2017:00:01:43 +0300] "GET /sparql?query=ASK%0AWHERE%0A++%7B+%3Chttp%3A%2F%2Fwww.wikidata.org%2Fentity%2FQ39816%3E%0A++++++++++++++%3Chttp%3A%2F%2Fwww.w3.org%2F2000%2F01%2Frdf-schema%23subClassOf%3E++%3Chttp%3A%2F%2Fdbpedia.org%2Fclass%2Fyago%2FRegion108630039%3E%0A++%7D%0A HTTP/1.1" 200 82 "" "Apache-Jena-ARQ/3.0.0"
173.234.169.187 - - [04/Aug/2017:00:01:44 +0300] "GET /PivotViewer/?url=https://www.youtube.com/watch?v=jj4HPDSMlno HTTP/1.0" 200 9648 "http://uriburner.com/" "Mozilla/5.0 (X11; Linux x86_64) AppleWebKit/537.36 (KHTML, like Gecko) Chrome/51.0.2704.106 Safari/537.36"
83.212.121.124 - - [04/Aug/2017:00:01:44 +0300] "GET /sparql?query=ASK%0AWHERE%0A++%7B+%3Chttp%3A%2F%2Fwww.wikidata.org%2Fentity%2FQ39816%3E%0A++++++++++++++%3Chttp%3A%2F%2Fwww.w3.org%2F2000%2F01%2Frdf-schema%23subClassOf%3E++%3Chttp%3A%2F%2Fdbpedia.org%2Fclass%2Fyago%2FBorough108540532%3E%0A++%7D%0A HTTP/1.1" 200 82 "" "Apache-Jena-ARQ/3.0.0"
83.212.121.124 - - [04/Aug/2017:00:01:44 +0300] "GET /sparql?query=ASK%0AWHERE%0A++%7B+%3Chttp%3A%2F%2Fwww.wikidata.org%2Fentity%2FQ39816%3E%0A++++++++++++++%3Chttp%3A%2F%2Fwww.w3.org%2F2000%2F01%2Frdf-schema%23subClassOf%3E++%3Chttp%3A%2F%2Fdbpedia.org%2Fclass%2Fyago%2FHousing103546340%3E%0A++%7D%0A HTTP/1.1" 200 82 "" "Apache-Jena-ARQ/3.0.0"
83.212.121.124 - - [04/Aug/2017:00:01:44 +0300] "GET /sparql?query=ASK%0AWHERE%0A++%7B+%3Chttp%3A%2F%2Fwww.wikidata.org%2Fentity%2FQ39816%3E%0A++++++++++++++%3Chttp%3A%2F%2Fwww.w3.org%2F2000%2F01%2Frdf-schema%23subClassOf%3E++%3Chttp%3A%2F%2Fwww.ontologydesignpatterns.org%2Font%2Ffred%2Fdomain.owl%23Country%3E%0A++%7D%0A HTTP/1.1" 200 82 "" "Apache-Jena-ARQ/3.0.0"
83.212.121.124 - - [04/Aug/2017:00:01:44 +0300] "GET /sparql?query=ASK%0AWHERE%0A++%7B+%3Chttp%3A%2F%2Fwww.wikidata.org%2Fentity%2FQ39816%3E%0A++++++++++++++%3Chttp%3A%2F%2Fwww.w3.org%2F2000%2F01%2Frdf-schema%23subClassOf%3E++%3Chttp%3A%2F%2Fwww.wikidata.org%2Fentity%2FQ6256%3E%0A++%7D%0A HTTP/1.1" 200 82 "" "Apache-Jena-ARQ/3.0.0"
83.212.121.124 - - [04/Aug/2017:00:01:44 +0300] "GET /sparql?query=ASK%0AWHERE%0A++%7B+%3Chttp%3A%2F%2Fwww.wikidata.org%2Fentity%2FQ39816%3E%0A++++++++++++++%3Chttp%3A%2F%2Fwww.w3.org%2F2000%2F01%2Frdf-schema%23subClassOf%3E++%3Chttp%3A%2F%2Fdbpedia.org%2Fclass%2Fyago%2FWikicatCountries%3E%0A++%7D%0A HTTP/1.1" 200 82 "" "Apache-Jena-ARQ/3.0.0"
