83.212.121.124 - - [04/Aug/2017:00:04:23 +0300] "GET /sparql?query=ASK%0AWHERE%0A++%7B+%3Chttp%3A%2F%2Fwww.wikidata.org%2Fentity%2FQ1048525%3E%0A++++++++++++++%3Chttp%3A%2F%2Fwww.w3.org%2F2000%2F01%2Frdf-schema%23subClassOf%3E++%3Chttp%3A%2F%2Fdbpedia.org%2Fontology%2FEducationalInstitution%3E%0A++%7D%0A HTTP/1.1" 200 82 "" "Apache-Jena-ARQ/3.0.0"
46.166.186.212 - - [04/Aug/2017:00:04:23 +0300] "GET /describe/?url=http://community.thomsonreuters.com/t5/user/viewprofilepage/user-id/465881 HTTP/1.1" 404 3897 "http://linkeddata.uriburner.com/" "Mozilla/5.0 (X11; Linux x86_64) AppleWebKit/537.36 (KHTML, like Gecko) Chrome/51.0.2704.106 Safari/537.36"
83.212.121.124 - - [04/Aug/2017:00:04:23 +0300] "GET /sparql?query=ASK%0AWHERE%0A++%7B+%3Chttp%3A%2F%2Fwww.wikidata.org%2Fentity%2FQ1048525%3E%0A++++++++++++++%3Chttp%3A%2F%2Fwww.w3.org%2F2000%2F01%2Frdf-schema%23subClassOf%3E++%3Chttp%3A%2F%2Fdbpedia.org%2Fontology%2FOrganisation%3E%0A++%7D%0A HTTP/1.1" 200 82 "" "Apache-Jena-ARQ/3.0.0"
83.212.121.124 - - [04/Aug/2017:00:04:23 +0300] "GET /sparql?query=ASK%0AWHERE%0A++%7B+%3Chttp%3A%2F%2Fwww.wikidata.org%2Fentity%2FQ1048525%3E%0A++++++++++++++%3Chttp%3A%2F%2Fwww.w3.org%2F2000%2F01%2Frdf-schema%23subClassOf%3E++%3Chttp%3A%2F%2Fschema.org%2FEducationalOrganization%3E%0A++%7D%0A HTTP/1.1" 200 82 "" "Apache-Jena-ARQ/3.0.0"
193.180.244.32 - - [04/Aug/2017:00:04:23 +0300] "GET /about/id/entity/http/arisf.com/populartags.php/ HTTP/1.0" 303 0 "http://linkeddata.uriburner.com/" "Opera/9.80 (Windows NT 6.2; Win64; x64) Presto/2.12.388 Version/12.17"
83.212.121.124 - - [04/Aug/2017:00:04:23 +0300] "GET /sparql?query=ASK%0AWHERE%0A++%7B+%3Chttp%3A%2F%2Fwww.wikidata.org%2Fentity%2FQ1048525%3E%0A++++++++++++++%3Chttp%3A%2F%2Fwww.w3.org%2F2000%2F01%2Frdf-schema%23subClassOf%3E++%3Chttp%3A%2F%2Fschema.org%2FOrganization%3E%0A++%7D%0A HTTP/1.1" 200 82 "" "Apache-Jena-ARQ/3.0.0"
83.212.121.124 - - [04/Aug/2017:00:04:23 +0300] "GET /sparql?query=ASK%0AWHERE%0A++%7B+%3Chttp%3A%2F%2Fwww.wikidata.org%2Fentity%2FQ1048525%3E%0A++++++++++++++%3Chttp%3A%2F%2Fwww.w3.org%2F2000%2F01%2Frdf-schema%23subClassOf%3E++%3Chttp%3A%2F%2Fschema.org%2FSchool%3E%0A++%7D%0A HTTP/1.1" 200 82 "" "Apache-Jena-ARQ/3.0.0"
193.180.244.32 - - [04/Aug/2017:00:04:24 +0300] "GET /about/html/http://linkeddata.uriburner.com/about/id/entity/http/arisf.com/populartags.php/ HTTP/1.0" 303 0 "http://linkeddata.uriburner.com/about/id/entity/http/arisf.com/populartags.php/" "Opera/9.80 (Windows NT 6.2; Win64; x64) Presto/2.12.388 Version/12.17"
180.76.15.30 - - [04/Aug/2017:00:04:24 +0300] "GET /ode/?uri=http%3A%2F%2Fyago-knowledge.org%2Fresource%2FRa's_al_Ghul HTTP/1.1" 200 15166 "" "Mozilla/5.0 (compatible; Baiduspider/2.0; +http://www.baidu.com/search/spider.html)"
193.180.244.32 - - [04/Aug/2017:00:04:24 +0300] "GET /rdfdesc/login.vsp?returnto=http%3A%2F%2Flinkeddata.uriburner.com%2Fabout%2Fhtml%2Fhttp%3A%2F%2Flinkeddata.uriburner.com%2Fabout%2Fid%2Fentity%2Fhttp%2Farisf.com%2Fpopulartags.php%2F%3F@Lookup@%3D%26refresh%3Dclean&error.msg= HTTP/1.0" 200 12731 "http://linkeddata.uriburner.com/about/html/http://linkeddata.uriburner.com/about/id/entity/http/arisf.com/populartags.php/" "Opera/9.80 (Windows NT 6.2; Win64; x64) Presto/2.12.388 Version/12.17"
83.212.121.124 - - [04/Aug/2017:00:04:24 +0300] "GET /sparql?query=ASK%0AWHERE%0A++%7B+%3Chttp%3A%2F%2Fwww.wikidata.org%2Fentity%2FQ1048525%3E%0A++++++++++++++%3Chttp%3A%2F%2Fwww.w3.org%2F2000%2F01%2Frdf-schema%23subClassOf%3E++%3Chttp%3A%2F%2Fdbpedia.org%2Fclass%2Fyago%2FEducationalInstitution108276342%3E%0A++%7D%0A HTTP/1.1" 200 82 "" "Apache-Jena-ARQ/3.0.0"
83.212.121.124 - - [04/Aug/2017:00:04:24 +0300] "GET /sparql?query=ASK%0AWHERE%0A++%7B+%3Chttp%3A%2F%2Fwww.wikidata.org%2Fentity%2FQ1048525%3E%0A++++++++++++++%3Chttp%3A%2F%2Fwww.w3.org%2F2000%2F01%2Frdf-schema%23subClassOf%3E++%3Chttp%3A%2F%2Fdbpedia.org%2Fclass%2Fyago%2FGroup100031264%3E%0A++%7D%0A HTTP/1.1" 200 82 "" "Apache-Jena-ARQ/3.0.0"
164.132.162.156 - - [04/Aug/2017:00:04:24 +0300] "GET /fct/rdfdesc/usage.vsp?g=http%3A%2F%2Fen.wikipedia.com%2Fwiki%2FOrganic_farming&tp=2 HTTP/1.1" 200 11759 "" "Mozilla/5.0 (compatible; AhrefsBot/5.2; +http://ahrefs.com/robot/)"
83.212.121.124 - - [04/Aug/2017:00:04:25 +0300] "GET /sparql?query=ASK%0AWHERE%0A++%7B+%3Chttp%3A%2F%2Fwww.wikidata.org%2Fentity%2FQ1048525%3E%0A++++++++++++++%3Chttp%3A%2F%2Fwww.w3.org%2F2000%2F01%2Frdf-schema%23subClassOf%3E++%3Chttp%3A%2F%2Fdbpedia.org%2Fclass%2Fyago%2FYagoLegalActor%3E%0A++%7D%0A HTTP/1.1" 200 82 "" "Apache-Jena-ARQ/3.0.0"
83.212.121.124 - - [04/Aug/2017:00:04:25 +0300] "GET /sparql?query=ASK%0AWHERE%0A++%7B+%3Chttp%3A%2F%2Fwww.wikidata.org%2Fentity%2FQ1048525%3E%0A++++++++++++++%3Chttp%3A%2F%2Fwww.w3.org%2F2000%2F01%2Frdf-schema%23subClassOf%3E++%3Chttp%3A%2F%2Fwww.ontologydesignpatterns.org%2Font%2Fdul%2FDUL.owl%23Agent%3E%0A++%7D%0A HTTP/1.1" 200 82 "" "Apache-Jena-ARQ/3.0.0"
83.212.121.124 - - [04/Aug/2017:00:04:25 +0300] "GET /sparql?query=ASK%0AWHERE%0A++%7B+%3Chttp%3A%2F%2Fwww.wikidata.org%2Fentity%2FQ1048525%3E%0A++++++++++++++%3Chttp%3A%2F%2Fwww.w3.org%2F2000%2F01%2Frdf-schema%23subClassOf%3E++%3Chttp%3A%2F%2Fwww.ontologydesignpatterns.org%2Font%2Fdul%2FDUL.owl%23SocialPerson%3E%0A++%7D%0A HTTP/1.1" 200 82 "" "Apache-Jena-ARQ/3.0.0"
83.212.121.124 - - [04/Aug/2017:00:04:25 +0300] "GET /sparql?query=ASK%0AWHERE%0A++%7B+%3Chttp%3A%2F%2Fwww.wikidata.org%2Fentity%2FQ1048525%3E%0A++++++++++++++%3Chttp%3A%2F%2Fwww.w3.org%2F2000%2F01%2Frdf-schema%23subClassOf%3E++%3Chttp%3A%2F%2Fwww.wikidata.org%2Fentity%2FQ3914%3E%0A++%7D%0A HTTP/1.1" 200 82 "" "Apache-Jena-ARQ/3.0.0"
83.212.121.124 - - [04/Aug/2017:00:04:25 +0300] "GET /sparql?query=ASK%0AWHERE%0A++%7B+%3Chttp%3A%2F%2Fwww.wikidata.org%2Fentity%2FQ1048525%3E%0A++++++++++++++%3Chttp%3A%2F%2Fwww.w3.org%2F2000%2F01%2Frdf-schema%23subClassOf%3E++%3Chttp%3A%2F%2Fwww.wikidata.org%2Fentity%2FQ43229%3E%0A++%7D%0A HTTP/1.1" 200 82 "" "Apache-Jena-ARQ/3.0.0"
83.212.121.124 - - [04/Aug/2017:00:04:26 +0300] "GET /sparql?query=ASK%0AWHERE%0A++%7B+%3Chttp%3A%2F%2Fwww.wikidata.org%2Fentity%2FQ1048525%3E%0A++++++++++++++%3Chttp%3A%2F%2Fwww.w3.org%2F2000%2F01%2Frdf-schema%23subClassOf%3E++%3Chttp%3A%2F%2Fdbpedia.org%2Fontology%2FSportFacility%3E%0A++%7D%0A HTTP/1.1" 200 82 "" "Apache-Jena-ARQ/3.0.0"
83.212.121.124 - - [04/Aug/2017:00:04:26 +0300] "GET /sparql?query=ASK%0AWHERE%0A++%7B+%3Chttp%3A%2F%2Fwww.wikidata.org%2Fentity%2FQ1048525%3E%0A++++++++++++++%3Chttp%3A%2F%2Fwww.w3.org%2F2000%2F01%2Frdf-schema%23subClassOf%3E++%3Chttp%3A%2F%2Fdbpedia.org%2Fclass%2Fyago%2FStadium104295881%3E%0A++%7D%0A HTTP/1.1" 200 82 "" "Apache-Jena-ARQ/3.0.0"
83.212.121.124 - - [04/Aug/2017:00:04:26 +0300] "GET /sparql?query=ASK%0AWHERE%0A++%7B+%3Chttp%3A%2F%2Fwww.wikidata.org%2Fentity%2FQ1048525%3E%0A++++++++++++++%3Chttp%3A%2F%2Fwww.w3.org%2F2000%2F01%2Frdf-schema%23subClassOf%3E++%3Chttp%3A%2F%2Fdbpedia.org%2Fontology%2FStadium%3E%0A++%7D%0A HTTP/1.1" 200 82 "" "Apache-Jena-ARQ/3.0.0"
46.229.168.79 - - [04/Aug/2017:00:04:26 +0300] "GET /ode/?uri=http%3A//nl.dbpedia.org/resource/Station_Pavillons HTTP/1.1" 200 15166 "" "Mozilla/5.0 (compatible; SemrushBot/1.2~bl; +http://www.semrush.com/bot.html)"
83.212.121.124 - - [04/Aug/2017:00:04:26 +0300] "GET /sparql?query=ASK%0AWHERE%0A++%7B+%3Chttp%3A%2F%2Fwww.wikidata.org%2Fentity%2FQ1048525%3E%0A++++++++++++++%3Chttp%3A%2F%2Fwww.w3.org%2F2000%2F01%2Frdf-schema%23subClassOf%3E++%3Chttp%3A%2F%2Fschema.org%2FStadiumOrArena%3E%0A++%7D%0A HTTP/1.1" 200 82 "" "Apache-Jena-ARQ/3.0.0"
83.212.121.124 - - [04/Aug/2017:00:04:26 +0300] "GET /sparql?query=ASK%0AWHERE%0A++%7B+%3Chttp%3A%2F%2Fwww.wikidata.org%2Fentity%2FQ1048525%3E%0A++++++++++++++%3Chttp%3A%2F%2Fwww.w3.org%2F2000%2F01%2Frdf-schema%23subClassOf%3E++%3Chttp%3A%2F%2Fumbel.org%2Fumbel%2Frc%2FStadium%3E%0A++%7D%0A HTTP/1.1" 200 82 "" "Apache-Jena-ARQ/3.0.0"
83.212.121.124 - - [04/Aug/2017:00:04:27 +0300] "GET /sparql?query=ASK%0AWHERE%0A++%7B+%3Chttp%3A%2F%2Fwww.wikidata.org%2Fentity%2FQ1048525%3E%0A++++++++++++++%3Chttp%3A%2F%2Fwww.w3.org%2F2000%2F01%2Frdf-schema%23subClassOf%3E++%3Chttp%3A%2F%2Fdbpedia.org%2Fclass%2Fyago%2FStructure104341686%3E%0A++%7D%0A HTTP/1.1" 200 82 "" "Apache-Jena-ARQ/3.0.0"
83.212.121.124 - - [04/Aug/2017:00:04:27 +0300] "GET /sparql?query=ASK%0AWHERE%0A++%7B+%3Chttp%3A%2F%2Fwww.wikidata.org%2Fentity%2FQ1048525%3E%0A++++++++++++++%3Chttp%3A%2F%2Fwww.w3.org%2F2000%2F01%2Frdf-schema%23subClassOf%3E++%3Chttp%3A%2F%2Fdbpedia.org%2Fclass%2Fyago%2FScene108645963%3E%0A++%7D%0A HTTP/1.1" 200 82 "" "Apache-Jena-ARQ/3.0.0"
83.212.121.124 - - [04/Aug/2017:00:04:27 +0300] "GET /sparql?query=ASK%0AWHERE%0A++%7B+%3Chttp%3A%2F%2Fwww.wikidata.org%2Fentity%2FQ1048525%3E%0A++++++++++++++%3Chttp%3A%2F%2Fwww.w3.org%2F2000%2F01%2Frdf-schema%23subClassOf%3E++%3Chttp%3A%2F%2Fdbpedia.org%2Fclass%2Fyago%2FVenue108677628%3E%0A++%7D%0A HTTP/1.1" 200 82 "" "Apache-Jena-ARQ/3.0.0"
83.212.121.124 - - [04/Aug/2017:00:04:27 +0300] "GET /sparql?query=ASK%0AWHERE%0A++%7B+%3Chttp%3A%2F%2Fwww.wikidata.org%2Fentity%2FQ1048525%3E%0A++++++++++++++%3Chttp%3A%2F%2Fwww.w3.org%2F2000%2F01%2Frdf-schema%23subClassOf%3E++%3Chttp%3A%2F%2Fumbel.org%2Fumbel%2Frc%2FEducationalOrganization%3E%0A++%7D%0A HTTP/1.1" 200 82 "" "Apache-Jena-ARQ/3.0.0"
83.212.121.124 - - [04/Aug/2017:00:04:27 +0300] "GET /sparql?query=ASK%0AWHERE%0A++%7B+%3Chttp%3A%2F%2Fwww.wikidata.org%2Fentity%2FQ1048525%3E%0A++++++++++++++%3Chttp%3A%2F%2Fwww.w3.org%2F2000%2F01%2Frdf-schema%23subClassOf%3E++%3Chttp%3A%2F%2Fumbel.org%2Fumbel%2Frc%2FSchool_AcademicOrganization%3E%0A++%7D%0A HTTP/1.1" 200 82 "" "Apache-Jena-ARQ/3.0.0"
83.212.121.124 - - [04/Aug/2017:00:04:27 +0300] "GET /sparql?query=ASK%0AWHERE%0A++%7B+%3Chttp%3A%2F%2Fwww.wikidata.org%2Fentity%2FQ1048525%3E%0A++++++++++++++%3Chttp%3A%2F%2Fwww.w3.org%2F2000%2F01%2Frdf-schema%23subClassOf%3E++%3Chttp%3A%2F%2Fdbpedia.org%2Fclass%2Fyago%2FSecondarySchool108284481%3E%0A++%7D%0A HTTP/1.1" 200 82 "" "Apache-Jena-ARQ/3.0.0"
83.212.121.124 - - [04/Aug/2017:00:04:28 +0300] "GET /sparql?query=ASK%0AWHERE%0A++%7B+%3Chttp%3A%2F%2Fwww.wikidata.org%2Fentity%2FQ1048525%3E%0A++++++++++++++%3Chttp%3A%2F%2Fwww.w3.org%2F2000%2F01%2Frdf-schema%23subClassOf%3E++%3Chttp%3A%2F%2Fxmlns.com%2Ffoaf%2F0.1%2FPerson%3E%0A++%7D%0A HTTP/1.1" 200 82 "" "Apache-Jena-ARQ/3.0.0"
83.212.121.124 - - [04/Aug/2017:00:04:28 +0300] "GET /sparql?query=ASK%0AWHERE%0A++%7B+%3Chttp%3A%2F%2Fwww.wikidata.org%2Fentity%2FQ1048525%3E%0A++++++++++++++%3Chttp%3A%2F%2Fwww.w3.org%2F2000%2F01%2Frdf-schema%23subClassOf%3E++%3Chttp%3A%2F%2Fdbpedia.org%2Fontology%2FWikidata%3AQ532%3E%0A++%7D%0A HTTP/1.1" 200 82 "" "Apache-Jena-ARQ/3.0.0"
83.212.121.124 - - [04/Aug/2017:00:04:28 +0300] "GET /sparql?query=ASK%0AWHERE%0A++%7B+%3Chttp%3A%2F%2Fwww.wikidata.org%2Fentity%2FQ1048525%3E%0A++++++++++++++%3Chttp%3A%2F%2Fwww.w3.org%2F2000%2F01%2Frdf-schema%23subClassOf%3E++%3Chttp%3A%2F%2Fwww.ontologydesignpatterns.org%2Font%2Fd0.owl%23Location%3E%0A++%7D%0A HTTP/1.1" 200 82 "" "Apache-Jena-ARQ/3.0.0"
83.212.121.124 - - [04/Aug/2017:00:04:28 +0300] "GET /sparql?query=ASK%0AWHERE%0A++%7B+%3Chttp%3A%2F%2Fwww.wikidata.org%2Fentity%2FQ1048525%3E%0A++++++++++++++%3Chttp%3A%2F%2Fwww.w3.org%2F2000%2F01%2Frdf-schema%23subClassOf%3E++%3Chttp%3A%2F%2Fwww.w3.org%2F2006%2Fvcard%2Fns%23VCard%3E%0A++%7D%0A HTTP/1.1" 200 82 "" "Apache-Jena-ARQ/3.0.0"
83.212.121.124 - - [04/Aug/2017:00:04:28 +0300] "GET /sparql?query=ASK%0AWHERE%0A++%7B+%3Chttp%3A%2F%2Fwww.wikidata.org%2Fentity%2FQ1048525%3E%0A++++++++++++++%3Chttp%3A%2F%2Fwww.w3.org%2F2000%2F01%2Frdf-schema%23subClassOf%3E++%3Chttp%3A%2F%2Fdbpedia.org%2Fclass%2Fyago%2FCapitalsInAsia%3E%0A++%7D%0A HTTP/1.1" 200 82 "" "Apache-Jena-ARQ/3.0.0"
83.212.121.124 - - [04/Aug/2017:00:04:29 +0300] "GET /sparql?query=ASK%0AWHERE%0A++%7B+%3Chttp%3A%2F%2Fwww.wikidata.org%2Fentity%2FQ1048525%3E%0A++++++++++++++%3Chttp%3A%2F%2Fwww.w3.org%2F2000%2F01%2Frdf-schema%23subClassOf%3E++%3Chttp%3A%2F%2Fumbel.org%2Fumbel%2Frc%2FCity%3E%0A++%7D%0A HTTP/1.1" 200 82 "" "Apache-Jena-ARQ/3.0.0"
83.212.121.124 - - [04/Aug/2017:00:04:29 +0300] "GET /sparql?query=ASK%0AWHERE%0A++%7B+%3Chttp%3A%2F%2Fwww.wikidata.org%2Fentity%2FQ1048525%3E%0A++++++++++++++%3Chttp%3A%2F%2Fwww.w3.org%2F2000%2F01%2Frdf-schema%23subClassOf%3E++%3Chttp%3A%2F%2Fwww.wikidata.org%2Fentity%2FQ515%3E%0A++%7D%0A HTTP/1.1" 200 82 "" "Apache-Jena-ARQ/3.0.0"
83.212.121.124 - - [04/Aug/2017:00:04:29 +0300] "GET /sparql?query=ASK%0AWHERE%0A++%7B+%3Chttp%3A%2F%2Fwww.wikidata.org%2Fentity%2FQ1048525%3E%0A++++++++++++++%3Chttp%3A%2F%2Fwww.w3.org%2F2000%2F01%2Frdf-schema%23subClassOf%3E++%3Chttp%3A%2F%2Fdbpedia.org%2Fontology%2FCompany%3E%0A++%7D%0A HTTP/1.1" 200 82 "" "Apache-Jena-ARQ/3.0.0"
111.222.131.14 - - [04/Aug/2017:00:04:29 +0300] "GET /about/html/http/www.eweisa.com/?q=aretha+franklin+30+greatest+hits%01rdf_load_html_response HTTP/1.1" 303 0 "http://linkeddata.uriburner.com/about/html/http/www.eweisa.com/?q=aretha+franklin+30+greatest+hits%01rdf_load_html_response" "Mozilla/5.0 (Windows; U; Windows NT 6.1; en-US) AppleWebKit/534.10 (KHTML, like Gecko) Chrome/7.0.536.2 Safari/534.10"
111.222.131.14 - - [04/Aug/2017:00:04:29 +0300] "GET /about/html/http/www.isbag.com/?q=aretha+franklin+30+greatest+hits%01rdf_load_html_response HTTP/1.1" 303 0 "http://linkeddata.uriburner.com/about/html/http/www.isbag.com/?q=aretha+franklin+30+greatest+hits%01rdf_load_html_response" "Mozilla/5.0 (Windows; U; Windows NT 6.1; en-US) AppleWebKit/534.10 (KHTML, like Gecko) Chrome/7.0.536.2 Safari/534.10"
111.222.131.14 - - [04/Aug/2017:00:04:29 +0300] "GET /about/html/http/www.glvcd.com/?q=aretha+franklin+30+greatest+hits%01rdf_load_html_response HTTP/1.1" 303 0 "http://linkeddata.uriburner.com/about/html/http/www.glvcd.com/?q=aretha+franklin+30+greatest+hits%01rdf_load_html_response" "Mozilla/5.0 (Windows; U; Windows NT 6.1; en-US) AppleWebKit/534.10 (KHTML, like Gecko) Chrome/7.0.536.2 Safari/534.10"
111.222.131.14 - - [04/Aug/2017:00:04:29 +0300] "GET /about/html/http/www.buyua.cn/?q=aretha+franklin+30+greatest+hits%01rdf_load_html_response HTTP/1.1" 303 0 "http://linkeddata.uriburner.com/about/html/http/www.buyua.cn/?q=aretha+franklin+30+greatest+hits%01rdf_load_html_response" "Mozilla/5.0 (Windows; U; Windows NT 6.1; en-US) AppleWebKit/534.10 (KHTML, like Gecko) Chrome/7.0.536.2 Safari/534.10"
83.212.121.124 - - [04/Aug/2017:00:04:29 +0300] "GET /sparql?query=ASK%0AWHERE%0A++%7B+%3Chttp%3A%2F%2Fwww.wikidata.org%2Fentity%2FQ1048525%3E%0A++++++++++++++%3Chttp%3A%2F%2Fwww.w3.org%2F2000%2F01%2Frdf-schema%23subClassOf%3E++%3Chttp%3A%2F%2Fdbpedia.org%2Fclass%2Fyago%2FCompany108058098%3E%0A++%7D%0A HTTP/1.1" 200 82 "" "Apache-Jena-ARQ/3.0.0"
180.76.15.19 - - [04/Aug/2017:00:04:29 +0300] "GET /ode/?uri=http%3A%2F%2Fdbpedia.org%2Fclass%2Fyago%2FFestivalsInPennsylvania HTTP/1.1" 304 0 "" "Mozilla/5.0 (compatible; Baiduspider/2.0; +http://www.baidu.com/search/spider.html)"
111.222.131.14 - - [04/Aug/2017:00:04:29 +0300] "GET /about/html/http/www.pursebag.com/?q=aretha+franklin+30+greatest+hits%01rdf_load_html_response HTTP/1.1" 303 0 "http://linkeddata.uriburner.com/about/html/http/www.pursebag.com/?q=aretha+franklin+30+greatest+hits%01rdf_load_html_response" "Mozilla/5.0 (Windows; U; Windows NT 6.1; en-US) AppleWebKit/534.10 (KHTML, like Gecko) Chrome/7.0.536.2 Safari/534.10"
111.222.131.14 - - [04/Aug/2017:00:04:29 +0300] "GET /about/html/http/www.zoidstore.com/?q=aretha+franklin+30+greatest+hits%01rdf_load_html_response HTTP/1.1" 303 0 "http://linkeddata.uriburner.com/about/html/http/www.zoidstore.com/?q=aretha+franklin+30+greatest+hits%01rdf_load_html_response" "Mozilla/5.0 (Windows; U; Windows NT 6.1; en-US) AppleWebKit/534.10 (KHTML, like Gecko) Chrome/7.0.536.2 Safari/534.10"
111.222.131.14 - - [04/Aug/2017:00:04:29 +0300] "GET /about/html/http/www.myphonegroup.com/?q=aretha+franklin+30+greatest+hits%01rdf_load_html_response HTTP/1.1" 303 0 "http://linkeddata.uriburner.com/about/html/http/www.myphonegroup.com/?q=aretha+franklin+30+greatest+hits%01rdf_load_html_response" "Mozilla/5.0 (Windows; U; Windows NT 6.1; en-US) AppleWebKit/534.10 (KHTML, like Gecko) Chrome/7.0.536.2 Safari/534.10"
83.212.121.124 - - [04/Aug/2017:00:04:29 +0300] "GET /sparql?query=ASK%0AWHERE%0A++%7B+%3Chttp%3A%2F%2Fwww.wikidata.org%2Fentity%2FQ1048525%3E%0A++++++++++++++%3Chttp%3A%2F%2Fwww.w3.org%2F2000%2F01%2Frdf-schema%23subClassOf%3E++%3Chttp%3A%2F%2Fumbel.org%2Fumbel%2Frc%2FBusiness%3E%0A++%7D%0A HTTP/1.1" 200 82 "" "Apache-Jena-ARQ/3.0.0"
111.222.131.14 - - [04/Aug/2017:00:04:30 +0300] "GET /rdfdesc/login.vsp?returnto=http%3A%2F%2Flinkeddata.uriburner.com%2Fabout%2Fhtml%2Fhttp%3A%2F%2Fwww.eweisa.com%2F%3Fq%3Daretha%2Bfranklin%2B30%2Bgreatest%2Bhits%2501rdf_load_html_response%26@Lookup@%3D%26refresh%3Dclean&error.msg= HTTP/1.1" 200 12819 "http://linkeddata.uriburner.com/about/html/http/www.eweisa.com/?q=aretha+franklin+30+greatest+hits%01rdf_load_html_response" "Mozilla/5.0 (Windows; U; Windows NT 6.1; en-US) AppleWebKit/534.10 (KHTML, like Gecko) Chrome/7.0.536.2 Safari/534.10"
111.222.131.14 - - [04/Aug/2017:00:04:30 +0300] "GET /rdfdesc/login.vsp?returnto=http%3A%2F%2Flinkeddata.uriburner.com%2Fabout%2Fhtml%2Fhttp%3A%2F%2Fwww.glvcd.com%2F%3Fq%3Daretha%2Bfranklin%2B30%2Bgreatest%2Bhits%2501rdf_load_html_response%26@Lookup@%3D%26refresh%3Dclean&error.msg= HTTP/1.1" 200 12803 "http://linkeddata.uriburner.com/about/html/http/www.glvcd.com/?q=aretha+franklin+30+greatest+hits%01rdf_load_html_response" "Mozilla/5.0 (Windows; U; Windows NT 6.1; en-US) AppleWebKit/534.10 (KHTML, like Gecko) Chrome/7.0.536.2 Safari/534.10"
111.222.131.14 - - [04/Aug/2017:00:04:30 +0300] "GET /rdfdesc/login.vsp?returnto=http%3A%2F%2Flinkeddata.uriburner.com%2Fabout%2Fhtml%2Fhttp%3A%2F%2Fwww.buyua.cn%2F%3Fq%3Daretha%2Bfranklin%2B30%2Bgreatest%2Bhits%2501rdf_load_html_response%26@Lookup@%3D%26refresh%3Dclean&error.msg= HTTP/1.1" 200 12787 "http://linkeddata.uriburner.com/about/html/http/www.buyua.cn/?q=aretha+franklin+30+greatest+hits%01rdf_load_html_response" "Mozilla/5.0 (Windows; U; Windows NT 6.1; en-US) AppleWebKit/534.10 (KHTML, like Gecko) Chrome/7.0.536.2 Safari/534.10"
83.212.121.124 - - [04/Aug/2017:00:04:30 +0300] "GET /sparql?query=ASK%0AWHERE%0A++%7B+%3Chttp%3A%2F%2Fwww.wikidata.org%2Fentity%2FQ1048525%3E%0A++++++++++++++%3Chttp%3A%2F%2Fwww.w3.org%2F2000%2F01%2Frdf-schema%23subClassOf%3E++%3Chttp%3A%2F%2Fumbel.org%2Fumbel%2Frc%2FOrganization%3E%0A++%7D%0A HTTP/1.1" 200 82 "" "Apache-Jena-ARQ/3.0.0"
111.222.131.14 - - [04/Aug/2017:00:04:30 +0300] "GET /rdfdesc/login.vsp?returnto=http%3A%2F%2Flinkeddata.uriburner.com%2Fabout%2Fhtml%2Fhttp%3A%2F%2Fwww.pursebag.com%2F%3Fq%3Daretha%2Bfranklin%2B30%2Bgreatest%2Bhits%2501rdf_load_html_response%26@Lookup@%3D%26refresh%3Dclean&error.msg= HTTP/1.1" 200 12851 "http://linkeddata.uriburner.com/about/html/http/www.pursebag.com/?q=aretha+franklin+30+greatest+hits%01rdf_load_html_response" "Mozilla/5.0 (Windows; U; Windows NT 6.1; en-US) AppleWebKit/534.10 (KHTML, like Gecko) Chrome/7.0.536.2 Safari/534.10"
111.222.131.14 - - [04/Aug/2017:00:04:30 +0300] "GET /rdfdesc/login.vsp?returnto=http%3A%2F%2Flinkeddata.uriburner.com%2Fabout%2Fhtml%2Fhttp%3A%2F%2Fwww.zoidstore.com%2F%3Fq%3Daretha%2Bfranklin%2B30%2Bgreatest%2Bhits%2501rdf_load_html_response%26@Lookup@%3D%26refresh%3Dclean&error.msg= HTTP/1.1" 200 12867 "http://linkeddata.uriburner.com/about/html/http/www.zoidstore.com/?q=aretha+franklin+30+greatest+hits%01rdf_load_html_response" "Mozilla/5.0 (Windows; U; Windows NT 6.1; en-US) AppleWebKit/534.10 (KHTML, like Gecko) Chrome/7.0.536.2 Safari/534.10"
111.222.131.14 - - [04/Aug/2017:00:04:30 +0300] "GET /rdfdesc/login.vsp?returnto=http%3A%2F%2Flinkeddata.uriburner.com%2Fabout%2Fhtml%2Fhttp%3A%2F%2Fwww.myphonegroup.com%2F%3Fq%3Daretha%2Bfranklin%2B30%2Bgreatest%2Bhits%2501rdf_load_html_response%26@Lookup@%3D%26refresh%3Dclean&error.msg= HTTP/1.1" 200 12915 "http://linkeddata.uriburner.com/about/html/http/www.myphonegroup.com/?q=aretha+franklin+30+greatest+hits%01rdf_load_html_response" "Mozilla/5.0 (Windows; U; Windows NT 6.1; en-US) AppleWebKit/534.10 (KHTML, like Gecko) Chrome/7.0.536.2 Safari/534.10"
83.212.121.124 - - [04/Aug/2017:00:04:30 +0300] "GET /sparql?query=ASK%0AWHERE%0A++%7B+%3Chttp%3A%2F%2Fwww.wikidata.org%2Fentity%2FQ1048525%3E%0A++++++++++++++%3Chttp%3A%2F%2Fwww.w3.org%2F2000%2F01%2Frdf-schema%23subClassOf%3E++%3Chttp%3A%2F%2Fdbpedia.org%2Fclass%2Fyago%2FTown108665504%3E%0A++%7D%0A HTTP/1.1" 200 82 "" "Apache-Jena-ARQ/3.0.0"
83.212.121.124 - - [04/Aug/2017:00:04:30 +0300] "GET /sparql?query=ASK%0AWHERE%0A++%7B+%3Chttp%3A%2F%2Fwww.wikidata.org%2Fentity%2FQ1048525%3E%0A++++++++++++++%3Chttp%3A%2F%2Fwww.w3.org%2F2000%2F01%2Frdf-schema%23subClassOf%3E++%3Chttp%3A%2F%2Fdbpedia.org%2Fclass%2Fyago%2FCountySeat108547143%3E%0A++%7D%0A HTTP/1.1" 200 82 "" "Apache-Jena-ARQ/3.0.0"
83.212.121.124 - - [04/Aug/2017:00:04:30 +0300] "GET /sparql?query=ASK%0AWHERE%0A++%7B+%3Chttp%3A%2F%2Fwww.wikidata.org%2Fentity%2FQ1048525%3E%0A++++++++++++++%3Chttp%3A%2F%2Fwww.w3.org%2F2000%2F01%2Frdf-schema%23subClassOf%3E++%3Chttp%3A%2F%2Flod.taxonconcept.org%2Fontology%2Ftxn.owl%23Occurrence%3E%0A++%7D%0A HTTP/1.1" 200 82 "" "Apache-Jena-ARQ/3.0.0"
83.212.121.124 - - [04/Aug/2017:00:04:30 +0300] "GET /sparql?query=ASK%0AWHERE%0A++%7B+%3Chttp%3A%2F%2Fwww.wikidata.org%2Fentity%2FQ1048525%3E%0A++++++++++++++%3Chttp%3A%2F%2Fwww.w3.org%2F2000%2F01%2Frdf-schema%23subClassOf%3E++%3Chttp%3A%2F%2Flod.taxonconcept.org%2Fontology%2Ftxn.owl%23Area%3E%0A++%7D%0A HTTP/1.1" 200 82 "" "Apache-Jena-ARQ/3.0.0"
83.212.121.124 - - [04/Aug/2017:00:04:31 +0300] "GET /sparql?query=ASK%0AWHERE%0A++%7B+%3Chttp%3A%2F%2Fwww.wikidata.org%2Fentity%2FQ1048525%3E%0A++++++++++++++%3Chttp%3A%2F%2Fwww.w3.org%2F2000%2F01%2Frdf-schema%23subClassOf%3E++%3Chttp%3A%2F%2Fschema.org%2FLandmarksOrHistoricalBuildings%3E%0A++%7D%0A HTTP/1.1" 200 82 "" "Apache-Jena-ARQ/3.0.0"
111.222.131.14 - - [04/Aug/2017:00:04:31 +0300] "GET /rdfdesc/login.vsp?returnto=http%3A%2F%2Flinkeddata.uriburner.com%2Fabout%2Fhtml%2Fhttp%3A%2F%2Fwww.isbag.com%2F%3Fq%3Daretha%2Bfranklin%2B30%2Bgreatest%2Bhits%2501rdf_load_html_response%26@Lookup@%3D%26refresh%3Dclean&error.msg= HTTP/1.1" 200 12803 "http://linkeddata.uriburner.com/about/html/http/www.isbag.com/?q=aretha+franklin+30+greatest+hits%01rdf_load_html_response" "Mozilla/5.0 (Windows; U; Windows NT 6.1; en-US) AppleWebKit/534.10 (KHTML, like Gecko) Chrome/7.0.536.2 Safari/534.10"
83.212.121.124 - - [04/Aug/2017:00:04:31 +0300] "GET /sparql?query=ASK%0AWHERE%0A++%7B+%3Chttp%3A%2F%2Fwww.wikidata.org%2Fentity%2FQ1048525%3E%0A++++++++++++++%3Chttp%3A%2F%2Fwww.w3.org%2F2000%2F01%2Frdf-schema%23subClassOf%3E++%3Chttp%3A%2F%2Fwww.geonames.org%2Fontology%23Feature%3E%0A++%7D%0A HTTP/1.1" 200 82 "" "Apache-Jena-ARQ/3.0.0"
83.212.121.124 - - [04/Aug/2017:00:04:31 +0300] "GET /sparql?query=ASK%0AWHERE%0A++%7B+%3Chttp%3A%2F%2Fwww.wikidata.org%2Fentity%2FQ1048525%3E%0A++++++++++++++%3Chttp%3A%2F%2Fwww.w3.org%2F2000%2F01%2Frdf-schema%23subClassOf%3E++%3Chttp%3A%2F%2Fschema.org%2FCreativeWork%3E%0A++%7D%0A HTTP/1.1" 200 82 "" "Apache-Jena-ARQ/3.0.0"
83.212.121.124 - - [04/Aug/2017:00:04:31 +0300] "GET /sparql?query=ASK%0AWHERE%0A++%7B+%3Chttp%3A%2F%2Fwww.wikidata.org%2Fentity%2FQ1048525%3E%0A++++++++++++++%3Chttp%3A%2F%2Fwww.w3.org%2F2000%2F01%2Frdf-schema%23subClassOf%3E++%3Chttp%3A%2F%2Fdbpedia.org%2Fclass%2Fyago%2FWikicatPopulatedPlacesEstablishedInThe13thCentury%3E%0A++%7D%0A HTTP/1.1" 200 82 "" "Apache-Jena-ARQ/3.0.0"
104.143.198.2 - - [04/Aug/2017:00:04:32 +0300] "GET /HtmlPivotViewer/?url=http://twitter.com/MihranKalaydji HTTP/1.0" 200 11970 "http://uriburner.com/" "Opera/9.80 (Windows NT 6.2; Win64; x64) Presto/2.12.388 Version/12.17"
83.212.121.124 - - [04/Aug/2017:00:04:32 +0300] "GET /sparql?query=ASK%0AWHERE%0A++%7B+%3Chttp%3A%2F%2Fwww.wikidata.org%2Fentity%2FQ1048525%3E%0A++++++++++++++%3Chttp%3A%2F%2Fwww.w3.org%2F2000%2F01%2Frdf-schema%23subClassOf%3E++%3Chttp%3A%2F%2Fdbpedia.org%2Fclass%2Fyago%2FWikicatCapitalsInEurope%3E%0A++%7D%0A HTTP/1.1" 200 82 "" "Apache-Jena-ARQ/3.0.0"
146.148.67.171 - - [04/Aug/2017:00:04:32 +0300] "GET /sparql?query=define%20sql%3Adescribe-mode%20%22CBD%22%20%20DESCRIBE%20%3Cwww.evasol-distrib.fr%2Fmeilleur-velo-appartement-2016%2F%3E&output=application%2Fatom%2Bxml HTTP/1.1" 200 591 "" "Java/1.8.0_121"
83.212.121.124 - - [04/Aug/2017:00:04:32 +0300] "GET /sparql?query=ASK%0AWHERE%0A++%7B+%3Chttp%3A%2F%2Fwww.wikidata.org%2Fentity%2FQ1048525%3E%0A++++++++++++++%3Chttp%3A%2F%2Fwww.w3.org%2F2000%2F01%2Frdf-schema%23subClassOf%3E++%3Chttp%3A%2F%2Fdbpedia.org%2Fclass%2Fyago%2FWikicatPortCities%3E%0A++%7D%0A HTTP/1.1" 200 82 "" "Apache-Jena-ARQ/3.0.0"
83.212.121.124 - - [04/Aug/2017:00:04:32 +0300] "GET /sparql?query=ASK%0AWHERE%0A++%7B+%3Chttp%3A%2F%2Fwww.wikidata.org%2Fentity%2FQ1048525%3E%0A++++++++++++++%3Chttp%3A%2F%2Fwww.w3.org%2F2000%2F01%2Frdf-schema%23subClassOf%3E++%3Chttp%3A%2F%2Fdbpedia.org%2Fclass%2Fyago%2FEconomy108366753%3E%0A++%7D%0A HTTP/1.1" 200 82 "" "Apache-Jena-ARQ/3.0.0"
217.182.132.72 - - [04/Aug/2017:00:04:32 +0300] "GET /sparql?query=define%20sql%3Adescribe-mode%20%22CBD%22%20%20DESCRIBE%20%3Chttp%3A%2F%2Fkingsley.idehen.net%2Fabout%2Fid%2Fentity%2Fhttp%2Fccin.menlopark.org%2Farchive3%2F1519.html%23fox_A4%3E&output=text%2Fhtml HTTP/1.1" 200 252 "" "Mozilla/5.0 (compatible; AhrefsBot/5.2; +http://ahrefs.com/robot/)"
83.212.121.124 - - [04/Aug/2017:00:04:32 +0300] "GET /sparql?query=ASK%0AWHERE%0A++%7B+%3Chttp%3A%2F%2Fwww.wikidata.org%2Fentity%2FQ1048525%3E%0A++++++++++++++%3Chttp%3A%2F%2Fwww.w3.org%2F2000%2F01%2Frdf-schema%23subClassOf%3E++%3Chttp%3A%2F%2Fdbpedia.org%2Fontology%2FCountry%3E%0A++%7D%0A HTTP/1.1" 200 82 "" "Apache-Jena-ARQ/3.0.0"
83.212.121.124 - - [04/Aug/2017:00:04:33 +0300] "GET /sparql?query=ASK%0AWHERE%0A++%7B+%3Chttp%3A%2F%2Fwww.wikidata.org%2Fentity%2FQ1048525%3E%0A++++++++++++++%3Chttp%3A%2F%2Fwww.w3.org%2F2000%2F01%2Frdf-schema%23subClassOf%3E++%3Chttp%3A%2F%2Fdbpedia.org%2Fclass%2Fyago%2FCountry108544813%3E%0A++%7D%0A HTTP/1.1" 200 82 "" "Apache-Jena-ARQ/3.0.0"
83.212.121.124 - - [04/Aug/2017:00:04:33 +0300] "GET /sparql?query=ASK%0AWHERE%0A++%7B+%3Chttp%3A%2F%2Fwww.wikidata.org%2Fentity%2FQ1048525%3E%0A++++++++++++++%3Chttp%3A%2F%2Fwww.w3.org%2F2000%2F01%2Frdf-schema%23subClassOf%3E++%3Chttp%3A%2F%2Fdbpedia.org%2Fclass%2Fyago%2FSouthAmericanCountries%3E%0A++%7D%0A HTTP/1.1" 200 82 "" "Apache-Jena-ARQ/3.0.0"
83.212.121.124 - - [04/Aug/2017:00:04:33 +0300] "GET /sparql?query=ASK%0AWHERE%0A++%7B+%3Chttp%3A%2F%2Fwww.wikidata.org%2Fentity%2FQ1048525%3E%0A++++++++++++++%3Chttp%3A%2F%2Fwww.w3.org%2F2000%2F01%2Frdf-schema%23subClassOf%3E++%3Chttp%3A%2F%2Fdbpedia.org%2Fclass%2Fyago%2FMemberStatesOfTheUnitedNations%3E%0A++%7D%0A HTTP/1.1" 200 82 "" "Apache-Jena-ARQ/3.0.0"
83.212.121.124 - - [04/Aug/2017:00:04:33 +0300] "GET /sparql?query=ASK%0AWHERE%0A++%7B+%3Chttp%3A%2F%2Fwww.wikidata.org%2Fentity%2FQ1048525%3E%0A++++++++++++++%3Chttp%3A%2F%2Fwww.w3.org%2F2000%2F01%2Frdf-schema%23subClassOf%3E++%3Chttp%3A%2F%2Fdbpedia.org%2Fclass%2Fyago%2FSystem108435388%3E%0A++%7D%0A HTTP/1.1" 200 82 "" "Apache-Jena-ARQ/3.0.0"
83.212.121.124 - - [04/Aug/2017:00:04:33 +0300] "GET /sparql?query=ASK%0AWHERE%0A++%7B+%3Chttp%3A%2F%2Fwww.wikidata.org%2Fentity%2FQ1048525%3E%0A++++++++++++++%3Chttp%3A%2F%2Fwww.w3.org%2F2000%2F01%2Frdf-schema%23subClassOf%3E++%3Chttp%3A%2F%2Fdbpedia.org%2Fclass%2Fyago%2FWorldTradeOrganizationMemberEconomies%3E%0A++%7D%0A HTTP/1.1" 200 82 "" "Apache-Jena-ARQ/3.0.0"
83.212.121.124 - - [04/Aug/2017:00:04:34 +0300] "GET /sparql?query=ASK%0AWHERE%0A++%7B+%3Chttp%3A%2F%2Fwww.wikidata.org%2Fentity%2FQ1048525%3E%0A++++++++++++++%3Chttp%3A%2F%2Fwww.w3.org%2F2000%2F01%2Frdf-schema%23subClassOf%3E++%3Chttp%3A%2F%2Fschema.org%2FCountry%3E%0A++%7D%0A HTTP/1.1" 200 82 "" "Apache-Jena-ARQ/3.0.0"
164.132.161.25 - - [04/Aug/2017:00:04:34 +0300] "GET /sparql?query=define%20sql%3Adescribe-mode%20%22CBD%22%20%20DESCRIBE%20%3Chttp%3A%2F%2Fbooksya.pixnet.net%2Fblog%2Fpost%2F7736549%23HTMLMicrodata_Statement_31%3E&output=application%2Frdf%2Bjson HTTP/1.1" 200 44 "" "Mozilla/5.0 (compatible; AhrefsBot/5.2; +http://ahrefs.com/robot/)"
83.212.121.124 - - [04/Aug/2017:00:04:34 +0300] "GET /sparql?query=ASK%0AWHERE%0A++%7B+%3Chttp%3A%2F%2Fwww.wikidata.org%2Fentity%2FQ1048525%3E%0A++++++++++++++%3Chttp%3A%2F%2Fwww.w3.org%2F2000%2F01%2Frdf-schema%23subClassOf%3E++%3Chttp%3A%2F%2Fumbel.org%2Fumbel%2Frc%2FCountry%3E%0A++%7D%0A HTTP/1.1" 200 82 "" "Apache-Jena-ARQ/3.0.0"
83.212.121.124 - - [04/Aug/2017:00:04:34 +0300] "GET /sparql?query=ASK%0AWHERE%0A++%7B+%3Chttp%3A%2F%2Fwww.wikidata.org%2Fentity%2FQ1048525%3E%0A++++++++++++++%3Chttp%3A%2F%2Fwww.w3.org%2F2000%2F01%2Frdf-schema%23subClassOf%3E++%3Chttp%3A%2F%2Fdbpedia.org%2Fclass%2Fyago%2FFederalCountries%3E%0A++%7D%0A HTTP/1.1" 200 82 "" "Apache-Jena-ARQ/3.0.0"
46.229.168.74 - - [04/Aug/2017:00:04:34 +0300] "GET /ode/?uri=http%3A//pl.dbpedia.org/resource/Lamar_%28herb_szlachecki%29 HTTP/1.1" 200 15166 "" "Mozilla/5.0 (compatible; SemrushBot/1.2~bl; +http://www.semrush.com/bot.html)"
83.212.121.124 - - [04/Aug/2017:00:04:34 +0300] "GET /sparql?query=ASK%0AWHERE%0A++%7B+%3Chttp%3A%2F%2Fwww.wikidata.org%2Fentity%2FQ1048525%3E%0A++++++++++++++%3Chttp%3A%2F%2Fwww.w3.org%2F2000%2F01%2Frdf-schema%23subClassOf%3E++%3Chttp%3A%2F%2Fdbpedia.org%2Fclass%2Fyago%2FSpanish-speakingCountries%3E%0A++%7D%0A HTTP/1.1" 200 82 "" "Apache-Jena-ARQ/3.0.0"
83.212.121.124 - - [04/Aug/2017:00:04:34 +0300] "GET /sparql?query=ASK%0AWHERE%0A++%7B+%3Chttp%3A%2F%2Fwww.wikidata.org%2Fentity%2FQ1048525%3E%0A++++++++++++++%3Chttp%3A%2F%2Fwww.w3.org%2F2000%2F01%2Frdf-schema%23subClassOf%3E++%3Chttp%3A%2F%2Fdbpedia.org%2Fclass%2Fyago%2FCountriesBorderingTheAtlanticOcean%3E%0A++%7D%0A HTTP/1.1" 200 82 "" "Apache-Jena-ARQ/3.0.0"
83.212.121.124 - - [04/Aug/2017:00:04:35 +0300] "GET /sparql?query=ASK%0AWHERE%0A++%7B+%3Chttp%3A%2F%2Fwww.wikidata.org%2Fentity%2FQ1048525%3E%0A++++++++++++++%3Chttp%3A%2F%2Fwww.w3.org%2F2000%2F01%2Frdf-schema%23subClassOf%3E++%3Chttp%3A%2F%2Fdbpedia.org%2Fclass%2Fyago%2FMemberStatesOfTheUnionOfSouthAmericanNations%3E%0A++%7D%0A HTTP/1.1" 200 82 "" "Apache-Jena-ARQ/3.0.0"
83.212.121.124 - - [04/Aug/2017:00:04:35 +0300] "GET /sparql?query=ASK%0AWHERE%0A++%7B+%3Chttp%3A%2F%2Fwww.wikidata.org%2Fentity%2FQ1048525%3E%0A++++++++++++++%3Chttp%3A%2F%2Fwww.w3.org%2F2000%2F01%2Frdf-schema%23subClassOf%3E++%3Chttp%3A%2F%2Fdbpedia.org%2Fclass%2Fyago%2FMemberStatesOfMercosur%3E%0A++%7D%0A HTTP/1.1" 200 82 "" "Apache-Jena-ARQ/3.0.0"
83.212.121.124 - - [04/Aug/2017:00:04:35 +0300] "GET /sparql?query=ASK%0AWHERE%0A++%7B+%3Chttp%3A%2F%2Fwww.wikidata.org%2Fentity%2FQ1048525%3E%0A++++++++++++++%3Chttp%3A%2F%2Fwww.w3.org%2F2000%2F01%2Frdf-schema%23subClassOf%3E++%3Chttp%3A%2F%2Fdbpedia.org%2Fclass%2Fyago%2FPortSettlementsInTheUnitedStates%3E%0A++%7D%0A HTTP/1.1" 200 82 "" "Apache-Jena-ARQ/3.0.0"
83.212.121.124 - - [04/Aug/2017:00:04:35 +0300] "GET /sparql?query=ASK%0AWHERE%0A++%7B+%3Chttp%3A%2F%2Fwww.wikidata.org%2Fentity%2FQ1048525%3E%0A++++++++++++++%3Chttp%3A%2F%2Fwww.w3.org%2F2000%2F01%2Frdf-schema%23subClassOf%3E++%3Chttp%3A%2F%2Fdbpedia.org%2Fclass%2Fyago%2FRegion108630039%3E%0A++%7D%0A HTTP/1.1" 200 82 "" "Apache-Jena-ARQ/3.0.0"
83.212.121.124 - - [04/Aug/2017:00:04:35 +0300] "GET /sparql?query=ASK%0AWHERE%0A++%7B+%3Chttp%3A%2F%2Fwww.wikidata.org%2Fentity%2FQ1048525%3E%0A++++++++++++++%3Chttp%3A%2F%2Fwww.w3.org%2F2000%2F01%2Frdf-schema%23subClassOf%3E++%3Chttp%3A%2F%2Fdbpedia.org%2Fclass%2Fyago%2FBorough108540532%3E%0A++%7D%0A HTTP/1.1" 200 82 "" "Apache-Jena-ARQ/3.0.0"
83.212.121.124 - - [04/Aug/2017:00:04:36 +0300] "GET /sparql?query=ASK%0AWHERE%0A++%7B+%3Chttp%3A%2F%2Fwww.wikidata.org%2Fentity%2FQ1048525%3E%0A++++++++++++++%3Chttp%3A%2F%2Fwww.w3.org%2F2000%2F01%2Frdf-schema%23subClassOf%3E++%3Chttp%3A%2F%2Fdbpedia.org%2Fclass%2Fyago%2FHousing103546340%3E%0A++%7D%0A HTTP/1.1" 200 82 "" "Apache-Jena-ARQ/3.0.0"
83.212.121.124 - - [04/Aug/2017:00:04:36 +0300] "GET /sparql?query=ASK%0AWHERE%0A++%7B+%3Chttp%3A%2F%2Fwww.wikidata.org%2Fentity%2FQ1048525%3E%0A++++++++++++++%3Chttp%3A%2F%2Fwww.w3.org%2F2000%2F01%2Frdf-schema%23subClassOf%3E++%3Chttp%3A%2F%2Fwww.ontologydesignpatterns.org%2Font%2Ffred%2Fdomain.owl%23Country%3E%0A++%7D%0A HTTP/1.1" 200 82 "" "Apache-Jena-ARQ/3.0.0"
83.212.121.124 - - [04/Aug/2017:00:04:36 +0300] "GET /sparql?query=ASK%0AWHERE%0A++%7B+%3Chttp%3A%2F%2Fwww.wikidata.org%2Fentity%2FQ1048525%3E%0A++++++++++++++%3Chttp%3A%2F%2Fwww.w3.org%2F2000%2F01%2Frdf-schema%23subClassOf%3E++%3Chttp%3A%2F%2Fwww.wikidata.org%2Fentity%2FQ6256%3E%0A++%7D%0A HTTP/1.1" 200 82 "" "Apache-Jena-ARQ/3.0.0"
83.212.121.124 - - [04/Aug/2017:00:04:36 +0300] "GET /sparql?query=ASK%0AWHERE%0A++%7B+%3Chttp%3A%2F%2Fwww.wikidata.org%2Fentity%2FQ1048525%3E%0A++++++++++++++%3Chttp%3A%2F%2Fwww.w3.org%2F2000%2F01%2Frdf-schema%23subClassOf%3E++%3Chttp%3A%2F%2Fdbpedia.org%2Fclass%2Fyago%2FWikicatCountries%3E%0A++%7D%0A HTTP/1.1" 200 82 "" "Apache-Jena-ARQ/3.0.0"
83.212.121.124 - - [04/Aug/2017:00:04:36 +0300] "GET /sparql?query=ASK%0AWHERE%0A++%7B+%3Chttp%3A%2F%2Fwww.wikidata.org%2Fentity%2FQ1048525%3E%0A++++++++++++++%3Chttp%3A%2F%2Fwww.w3.org%2F2000%2F01%2Frdf-schema%23subClassOf%3E++%3Chttp%3A%2F%2Fdbpedia.org%2Fclass%2Fyago%2FWikicatMemberStatesOfTheUnitedNations%3E%0A++%7D%0A HTTP/1.1" 200 82 "" "Apache-Jena-ARQ/3.0.0"
180.76.15.19 - - [04/Aug/2017:00:04:36 +0300] "GET /ode/?uri=http%3A%2F%2Fpurl.org%2Fallie%2Fid%2Fshortform%2F178823 HTTP/1.1" 200 15166 "" "Mozilla/5.0 (compatible; Baiduspider/2.0; +http://www.baidu.com/search/spider.html)"
83.212.121.124 - - [04/Aug/2017:00:04:37 +0300] "GET /sparql?query=ASK%0AWHERE%0A++%7B+%3Chttp%3A%2F%2Fwww.wikidata.org%2Fentity%2FQ1048525%3E%0A++++++++++++++%3Chttp%3A%2F%2Fwww.w3.org%2F2000%2F01%2Frdf-schema%23subClassOf%3E++%3Chttp%3A%2F%2Fdbpedia.org%2Fclass%2Fyago%2FWikicatRomanceCountriesAndTerritories%3E%0A++%7D%0A HTTP/1.1" 200 82 "" "Apache-Jena-ARQ/3.0.0"
83.212.121.124 - - [04/Aug/2017:00:04:37 +0300] "GET /sparql?query=ASK%0AWHERE%0A++%7B+%3Chttp%3A%2F%2Fwww.wikidata.org%2Fentity%2FQ1048525%3E%0A++++++++++++++%3Chttp%3A%2F%2Fwww.w3.org%2F2000%2F01%2Frdf-schema%23subClassOf%3E++%3Chttp%3A%2F%2Fdbpedia.org%2Fclass%2Fyago%2FCountriesBorderingThePacificOcean%3E%0A++%7D%0A HTTP/1.1" 200 82 "" "Apache-Jena-ARQ/3.0.0"
83.212.121.124 - - [04/Aug/2017:00:04:37 +0300] "GET /sparql?query=ASK%0AWHERE%0A++%7B+%3Chttp%3A%2F%2Fwww.wikidata.org%2Fentity%2FQ1048525%3E%0A++++++++++++++%3Chttp%3A%2F%2Fwww.w3.org%2F2000%2F01%2Frdf-schema%23subClassOf%3E++%3Chttp%3A%2F%2Fdbpedia.org%2Fontology%2FUniversity%3E%0A++%7D%0A HTTP/1.1" 200 82 "" "Apache-Jena-ARQ/3.0.0"
83.212.121.124 - - [04/Aug/2017:00:04:37 +0300] "GET /sparql?query=ASK%0AWHERE%0A++%7B+%3Chttp%3A%2F%2Fwww.wikidata.org%2Fentity%2FQ1048525%3E%0A++++++++++++++%3Chttp%3A%2F%2Fwww.w3.org%2F2000%2F01%2Frdf-schema%23subClassOf%3E++%3Chttp%3A%2F%2Fschema.org%2FCollegeOrUniversity%3E%0A++%7D%0A HTTP/1.1" 200 82 "" "Apache-Jena-ARQ/3.0.0"
83.212.121.124 - - [04/Aug/2017:00:04:37 +0300] "GET /sparql?query=ASK%0AWHERE%0A++%7B+%3Chttp%3A%2F%2Fwww.wikidata.org%2Fentity%2FQ1048525%3E%0A++++++++++++++%3Chttp%3A%2F%2Fwww.w3.org%2F2000%2F01%2Frdf-schema%23subClassOf%3E++%3Chttp%3A%2F%2Fumbel.org%2Fumbel%2Frc%2FUniversity%3E%0A++%7D%0A HTTP/1.1" 200 82 "" "Apache-Jena-ARQ/3.0.0"
83.212.121.124 - - [04/Aug/2017:00:04:38 +0300] "GET /sparql?query=ASK%0AWHERE%0A++%7B+%3Chttp%3A%2F%2Fwww.wikidata.org%2Fentity%2FQ1048525%3E%0A++++++++++++++%3Chttp%3A%2F%2Fwww.w3.org%2F2000%2F01%2Frdf-schema%23subClassOf%3E++%3Chttp%3A%2F%2Fdbpedia.org%2Fclass%2Fyago%2FUniversity108286569%3E%0A++%7D%0A HTTP/1.1" 200 82 "" "Apache-Jena-ARQ/3.0.0"
83.212.121.124 - - [04/Aug/2017:00:04:38 +0300] "GET /sparql?query=ASK%0AWHERE%0A++%7B+%3Chttp%3A%2F%2Fwww.wikidata.org%2Fentity%2FQ1048525%3E%0A++++++++++++++%3Chttp%3A%2F%2Fwww.w3.org%2F2000%2F01%2Frdf-schema%23subClassOf%3E++%3Chttp%3A%2F%2Fwww.wikidata.org%2Fentity%2FQ3918%3E%0A++%7D%0A HTTP/1.1" 200 82 "" "Apache-Jena-ARQ/3.0.0"
83.212.121.124 - - [04/Aug/2017:00:04:38 +0300] "GET /sparql?query=ASK%0AWHERE%0A++%7B+%3Chttp%3A%2F%2Fwww.wikidata.org%2Fentity%2FQ1048525%3E%0A++++++++++++++%3Chttp%3A%2F%2Fwww.w3.org%2F2000%2F01%2Frdf-schema%23subClassOf%3E++%3Chttp%3A%2F%2Fdbpedia.org%2Fclass%2Fyago%2FMemberStatesOfOPEC%3E%0A++%7D%0A HTTP/1.1" 200 82 "" "Apache-Jena-ARQ/3.0.0"
46.229.168.76 - - [04/Aug/2017:00:04:38 +0300] "GET /ode/?uri=http%3A//linked.opendata.cz/resource/legislation/cz/decision/2013/8-Tdo-654-2013 HTTP/1.1" 200 15166 "" "Mozilla/5.0 (compatible; SemrushBot/1.2~bl; +http://www.semrush.com/bot.html)"
83.212.121.124 - - [04/Aug/2017:00:04:38 +0300] "GET /sparql?query=ASK%0AWHERE%0A++%7B+%3Chttp%3A%2F%2Fwww.wikidata.org%2Fentity%2FQ1048525%3E%0A++++++++++++++%3Chttp%3A%2F%2Fwww.w3.org%2F2000%2F01%2Frdf-schema%23subClassOf%3E++%3Chttp%3A%2F%2Fdbpedia.org%2Fclass%2Fyago%2FAfricanUnionMemberEconomies%3E%0A++%7D%0A HTTP/1.1" 200 82 "" "Apache-Jena-ARQ/3.0.0"
180.76.15.14 - - [04/Aug/2017:00:04:38 +0300] "GET /describe/?url=nodeID%3A%2F%2Fb734995 HTTP/1.1" 200 4246 "" "Mozilla/5.0 (compatible; Baiduspider/2.0; +http://www.baidu.com/search/spider.html)"
83.212.121.124 - - [04/Aug/2017:00:04:38 +0300] "GET /sparql?query=ASK%0AWHERE%0A++%7B+%3Chttp%3A%2F%2Fwww.wikidata.org%2Fentity%2FQ1048525%3E%0A++++++++++++++%3Chttp%3A%2F%2Fwww.w3.org%2F2000%2F01%2Frdf-schema%23subClassOf%3E++%3Chttp%3A%2F%2Fdbpedia.org%2Fclass%2Fyago%2FAfricanCountries%3E%0A++%7D%0A HTTP/1.1" 200 82 "" "Apache-Jena-ARQ/3.0.0"
194.109.129.61 - - [04/Aug/2017:00:04:38 +0300] "GET / HTTP/1.1" 200 18648 "" "Links (2.2; Linux 2.6.37.6-0.7-desktop i686; 225x51)"
83.212.121.124 - - [04/Aug/2017:00:04:39 +0300] "GET /sparql?query=ASK%0AWHERE%0A++%7B+%3Chttp%3A%2F%2Fwww.wikidata.org%2Fentity%2FQ1048525%3E%0A++++++++++++++%3Chttp%3A%2F%2Fwww.w3.org%2F2000%2F01%2Frdf-schema%23subClassOf%3E++%3Chttp%3A%2F%2Fdbpedia.org%2Fclass%2Fyago%2FMemberStatesOfTheAfricanUnion%3E%0A++%7D%0A HTTP/1.1" 200 82 "" "Apache-Jena-ARQ/3.0.0"
83.212.121.124 - - [04/Aug/2017:00:04:39 +0300] "GET /sparql?query=ASK%0AWHERE%0A++%7B+%3Chttp%3A%2F%2Fwww.wikidata.org%2Fentity%2FQ1048525%3E%0A++++++++++++++%3Chttp%3A%2F%2Fwww.w3.org%2F2000%2F01%2Frdf-schema%23subClassOf%3E++%3Chttp%3A%2F%2Fdbpedia.org%2Fclass%2Fyago%2FMemberStatesOfLaFrancophonie%3E%0A++%7D%0A HTTP/1.1" 200 82 "" "Apache-Jena-ARQ/3.0.0"
83.212.121.124 - - [04/Aug/2017:00:04:39 +0300] "GET /sparql?query=ASK%0AWHERE%0A++%7B+%3Chttp%3A%2F%2Fwww.wikidata.org%2Fentity%2FQ1048525%3E%0A++++++++++++++%3Chttp%3A%2F%2Fwww.w3.org%2F2000%2F01%2Frdf-schema%23subClassOf%3E++%3Chttp%3A%2F%2Fcommontag.org%2Fns%23Tag%3E%0A++%7D%0A HTTP/1.1" 200 82 "" "Apache-Jena-ARQ/3.0.0"
83.212.121.124 - - [04/Aug/2017:00:04:39 +0300] "GET /sparql?query=ASK%0AWHERE%0A++%7B+%3Chttp%3A%2F%2Fwww.wikidata.org%2Fentity%2FQ1048525%3E%0A++++++++++++++%3Chttp%3A%2F%2Fwww.w3.org%2F2000%2F01%2Frdf-schema%23subClassOf%3E++%3Chttp%3A%2F%2Fwww.w3.org%2F2004%2F02%2Fskos%2Fcore%23Concept%3E%0A++%7D%0A HTTP/1.1" 200 82 "" "Apache-Jena-ARQ/3.0.0"
83.212.121.124 - - [04/Aug/2017:00:04:39 +0300] "GET /sparql?query=ASK%0AWHERE%0A++%7B+%3Chttp%3A%2F%2Fwww.wikidata.org%2Fentity%2FQ1048525%3E%0A++++++++++++++%3Chttp%3A%2F%2Fwww.w3.org%2F2000%2F01%2Frdf-schema%23subClassOf%3E++%3Chttp%3A%2F%2Fdbpedia.org%2Fclass%2Fyago%2FLand109334396%3E%0A++%7D%0A HTTP/1.1" 200 82 "" "Apache-Jena-ARQ/3.0.0"
83.212.121.124 - - [04/Aug/2017:00:04:40 +0300] "GET /sparql?query=ASK%0AWHERE%0A++%7B+%3Chttp%3A%2F%2Fwww.wikidata.org%2Fentity%2FQ1048525%3E%0A++++++++++++++%3Chttp%3A%2F%2Fwww.w3.org%2F2000%2F01%2Frdf-schema%23subClassOf%3E++%3Chttp%3A%2F%2Fdbpedia.org%2Fclass%2Fyago%2FIsland109316454%3E%0A++%7D%0A HTTP/1.1" 200 82 "" "Apache-Jena-ARQ/3.0.0"
83.212.121.124 - - [04/Aug/2017:00:04:40 +0300] "GET /sparql?query=ASK%0AWHERE%0A++%7B+%3Chttp%3A%2F%2Fwww.wikidata.org%2Fentity%2FQ1048525%3E%0A++++++++++++++%3Chttp%3A%2F%2Fwww.w3.org%2F2000%2F01%2Frdf-schema%23subClassOf%3E++%3Chttp%3A%2F%2Fdbpedia.org%2Fontology%2FIsland%3E%0A++%7D%0A HTTP/1.1" 200 82 "" "Apache-Jena-ARQ/3.0.0"
83.212.121.124 - - [04/Aug/2017:00:04:40 +0300] "GET /sparql?query=ASK%0AWHERE%0A++%7B+%3Chttp%3A%2F%2Fwww.wikidata.org%2Fentity%2FQ1048525%3E%0A++++++++++++++%3Chttp%3A%2F%2Fwww.w3.org%2F2000%2F01%2Frdf-schema%23subClassOf%3E++%3Chttp%3A%2F%2Fwww.wikidata.org%2Fentity%2FQ23442%3E%0A++%7D%0A HTTP/1.1" 200 82 "" "Apache-Jena-ARQ/3.0.0"
192.99.198.209 - - [04/Aug/2017:00:04:40 +0300] "GET /describe/?url=http://www.cam2cam.in/ HTTP/1.1" 200 6342 "http://linkeddata.uriburner.com/" "Mozilla/5.0 (X11; Linux x86_64) AppleWebKit/537.36 (KHTML, like Gecko) Chrome/51.0.2704.106 Safari/537.36"
83.212.121.124 - - [04/Aug/2017:00:04:40 +0300] "GET /sparql?query=ASK%0AWHERE%0A++%7B+%3Chttp%3A%2F%2Fwww.wikidata.org%2Fentity%2FQ1048525%3E%0A++++++++++++++%3Chttp%3A%2F%2Fwww.w3.org%2F2000%2F01%2Frdf-schema%23subClassOf%3E++%3Chttp%3A%2F%2Fdbpedia.org%2Fclass%2Fyago%2FIslandCountries%3E%0A++%7D%0A HTTP/1.1" 200 82 "" "Apache-Jena-ARQ/3.0.0"
192.99.198.209 - - [04/Aug/2017:00:04:40 +0300] "GET /fct/facet_doc.html HTTP/1.1" 200 2775 "http://linkeddata.uriburner.com/describe/?url=http://www.cam2cam.in/" "Mozilla/5.0 (X11; Linux x86_64) AppleWebKit/537.36 (KHTML, like Gecko) Chrome/51.0.2704.106 Safari/537.36"
83.212.121.124 - - [04/Aug/2017:00:04:40 +0300] "GET /sparql?query=ASK%0AWHERE%0A++%7B+%3Chttp%3A%2F%2Fwww.wikidata.org%2Fentity%2FQ1048525%3E%0A++++++++++++++%3Chttp%3A%2F%2Fwww.w3.org%2F2000%2F01%2Frdf-schema%23subClassOf%3E++%3Chttp%3A%2F%2Fdbpedia.org%2Fclass%2Fyago%2FDomain108556491%3E%0A++%7D%0A HTTP/1.1" 200 82 "" "Apache-Jena-ARQ/3.0.0"
83.212.121.124 - - [04/Aug/2017:00:04:41 +0300] "GET /sparql?query=ASK%0AWHERE%0A++%7B+%3Chttp%3A%2F%2Fwww.wikidata.org%2Fentity%2FQ1048525%3E%0A++++++++++++++%3Chttp%3A%2F%2Fwww.w3.org%2F2000%2F01%2Frdf-schema%23subClassOf%3E++%3Chttp%3A%2F%2Fdbpedia.org%2Fclass%2Fyago%2FState108654360%3E%0A++%7D%0A HTTP/1.1" 200 82 "" "Apache-Jena-ARQ/3.0.0"
83.212.121.124 - - [04/Aug/2017:00:04:41 +0300] "GET /sparql?query=ASK%0AWHERE%0A++%7B+%3Chttp%3A%2F%2Fwww.wikidata.org%2Fentity%2FQ1048525%3E%0A++++++++++++++%3Chttp%3A%2F%2Fwww.w3.org%2F2000%2F01%2Frdf-schema%23subClassOf%3E++%3Chttp%3A%2F%2Fdbpedia.org%2Fclass%2Fyago%2FEuropeanCapitalsOfCulture%3E%0A++%7D%0A HTTP/1.1" 200 82 "" "Apache-Jena-ARQ/3.0.0"
83.212.121.124 - - [04/Aug/2017:00:04:41 +0300] "GET /sparql?query=ASK%0AWHERE%0A++%7B+%3Chttp%3A%2F%2Fwww.wikidata.org%2Fentity%2FQ1048525%3E%0A++++++++++++++%3Chttp%3A%2F%2Fwww.w3.org%2F2000%2F01%2Frdf-schema%23subClassOf%3E++%3Chttp%3A%2F%2Fdbpedia.org%2Fclass%2Fyago%2FWikicatCitiesWithMillionsOfInhabitants%3E%0A++%7D%0A HTTP/1.1" 200 82 "" "Apache-Jena-ARQ/3.0.0"
83.212.121.124 - - [04/Aug/2017:00:04:41 +0300] "GET /sparql?query=ASK%0AWHERE%0A++%7B+%3Chttp%3A%2F%2Fwww.wikidata.org%2Fentity%2FQ1048525%3E%0A++++++++++++++%3Chttp%3A%2F%2Fwww.w3.org%2F2000%2F01%2Frdf-schema%23subClassOf%3E++%3Chttp%3A%2F%2Fdbpedia.org%2Fclass%2Fyago%2FAssociation108049401%3E%0A++%7D%0A HTTP/1.1" 200 82 "" "Apache-Jena-ARQ/3.0.0"
83.212.121.124 - - [04/Aug/2017:00:04:42 +0300] "GET /sparql?query=ASK%0AWHERE%0A++%7B+%3Chttp%3A%2F%2Fwww.wikidata.org%2Fentity%2FQ1048525%3E%0A++++++++++++++%3Chttp%3A%2F%2Fwww.w3.org%2F2000%2F01%2Frdf-schema%23subClassOf%3E++%3Chttp%3A%2F%2Fschema.org%2FAdministrativeArea%3E%0A++%7D%0A HTTP/1.1" 200 82 "" "Apache-Jena-ARQ/3.0.0"
83.212.121.124 - - [04/Aug/2017:00:04:42 +0300] "GET /sparql?query=ASK%0AWHERE%0A++%7B+%3Chttp%3A%2F%2Fwww.wikidata.org%2Fentity%2FQ1048525%3E%0A++++++++++++++%3Chttp%3A%2F%2Fwww.w3.org%2F2000%2F01%2Frdf-schema%23subClassOf%3E++%3Chttp%3A%2F%2Fdbpedia.org%2Fontology%2FAdministrativeRegion%3E%0A++%7D%0A HTTP/1.1" 200 82 "" "Apache-Jena-ARQ/3.0.0"
180.76.15.139 - - [04/Aug/2017:00:04:42 +0300] "GET /ode/?uri=http%3A%2F%2Fyago-knowledge.org%2Fresource%2FHeike_Kamerlingh_Onnes HTTP/1.1" 200 15166 "" "Mozilla/5.0 (compatible; Baiduspider/2.0; +http://www.baidu.com/search/spider.html)"
83.212.121.124 - - [04/Aug/2017:00:04:42 +0300] "GET /sparql?query=ASK%0AWHERE%0A++%7B+%3Chttp%3A%2F%2Fwww.wikidata.org%2Fentity%2FQ1048525%3E%0A++++++++++++++%3Chttp%3A%2F%2Fwww.w3.org%2F2000%2F01%2Frdf-schema%23subClassOf%3E++%3Chttp%3A%2F%2Fdbpedia.org%2Fontology%2FRegion%3E%0A++%7D%0A HTTP/1.1" 200 82 "" "Apache-Jena-ARQ/3.0.0"
83.212.121.124 - - [04/Aug/2017:00:04:42 +0300] "GET /sparql?query=ASK%0AWHERE%0A++%7B+%3Chttp%3A%2F%2Fwww.wikidata.org%2Fentity%2FQ1048525%3E%0A++++++++++++++%3Chttp%3A%2F%2Fwww.w3.org%2F2000%2F01%2Frdf-schema%23subClassOf%3E++%3Chttp%3A%2F%2Fwww.wikidata.org%2Fentity%2FQ3455524%3E%0A++%7D%0A HTTP/1.1" 200 82 "" "Apache-Jena-ARQ/3.0.0"
83.212.121.124 - - [04/Aug/2017:00:04:42 +0300] "GET /sparql?query=ASK%0AWHERE%0A++%7B+%3Chttp%3A%2F%2Fwww.wikidata.org%2Fentity%2FQ1048525%3E%0A++++++++++++++%3Chttp%3A%2F%2Fwww.w3.org%2F2000%2F01%2Frdf-schema%23subClassOf%3E++%3Chttp%3A%2F%2Fdbpedia.org%2Fontology%2FPerson%3E%0A++%7D%0A HTTP/1.1" 200 82 "" "Apache-Jena-ARQ/3.0.0"
83.212.121.124 - - [04/Aug/2017:00:04:43 +0300] "GET /sparql?query=ASK%0AWHERE%0A++%7B+%3Chttp%3A%2F%2Fwww.wikidata.org%2Fentity%2FQ1048525%3E%0A++++++++++++++%3Chttp%3A%2F%2Fwww.w3.org%2F2000%2F01%2Frdf-schema%23subClassOf%3E++%3Chttp%3A%2F%2Fschema.org%2FPerson%3E%0A++%7D%0A HTTP/1.1" 200 82 "" "Apache-Jena-ARQ/3.0.0"
83.212.121.124 - - [04/Aug/2017:00:04:43 +0300] "GET /sparql?query=ASK%0AWHERE%0A++%7B+%3Chttp%3A%2F%2Fwww.wikidata.org%2Fentity%2FQ1048525%3E%0A++++++++++++++%3Chttp%3A%2F%2Fwww.w3.org%2F2000%2F01%2Frdf-schema%23subClassOf%3E++%3Chttp%3A%2F%2Fwww.ontologydesignpatterns.org%2Font%2Fdul%2FDUL.owl%23NaturalPerson%3E%0A++%7D%0A HTTP/1.1" 200 82 "" "Apache-Jena-ARQ/3.0.0"
83.212.121.124 - - [04/Aug/2017:00:04:43 +0300] "GET /sparql?query=ASK%0AWHERE%0A++%7B+%3Chttp%3A%2F%2Fwww.wikidata.org%2Fentity%2FQ1048525%3E%0A++++++++++++++%3Chttp%3A%2F%2Fwww.w3.org%2F2000%2F01%2Frdf-schema%23subClassOf%3E++%3Chttp%3A%2F%2Fdbpedia.org%2Fclass%2Fyago%2FEnglish-speakingCountriesAndTerritories%3E%0A++%7D%0A HTTP/1.1" 200 82 "" "Apache-Jena-ARQ/3.0.0"
83.212.121.124 - - [04/Aug/2017:00:04:43 +0300] "GET /sparql?query=ASK%0AWHERE%0A++%7B+%3Chttp%3A%2F%2Fwww.wikidata.org%2Fentity%2FQ1048525%3E%0A++++++++++++++%3Chttp%3A%2F%2Fwww.w3.org%2F2000%2F01%2Frdf-schema%23subClassOf%3E++%3Chttp%3A%2F%2Fdbpedia.org%2Fclass%2Fyago%2FCounty108546183%3E%0A++%7D%0A HTTP/1.1" 200 82 "" "Apache-Jena-ARQ/3.0.0"
83.212.121.124 - - [04/Aug/2017:00:04:44 +0300] "GET /sparql?query=ASK%0AWHERE%0A++%7B+%3Chttp%3A%2F%2Fwww.wikidata.org%2Fentity%2FQ1048525%3E%0A++++++++++++++%3Chttp%3A%2F%2Fwww.w3.org%2F2000%2F01%2Frdf-schema%23subClassOf%3E++%3Chttp%3A%2F%2Fdbpedia.org%2Fclass%2Fyago%2FIncorporatedCitiesAndTownsInCalifornia%3E%0A++%7D%0A HTTP/1.1" 200 82 "" "Apache-Jena-ARQ/3.0.0"
83.212.121.124 - - [04/Aug/2017:00:04:44 +0300] "GET /sparql?query=ASK%0AWHERE%0A++%7B+%3Chttp%3A%2F%2Fwww.wikidata.org%2Fentity%2FQ1048525%3E%0A++++++++++++++%3Chttp%3A%2F%2Fwww.w3.org%2F2000%2F01%2Frdf-schema%23subClassOf%3E++%3Chttp%3A%2F%2Fdbpedia.org%2Fclass%2Fyago%2FBicontinentalCountries%3E%0A++%7D%0A HTTP/1.1" 200 82 "" "Apache-Jena-ARQ/3.0.0"
83.212.121.124 - - [04/Aug/2017:00:04:44 +0300] "GET /sparql?query=ASK%0AWHERE%0A++%7B+%3Chttp%3A%2F%2Fwww.wikidata.org%2Fentity%2FQ1048525%3E%0A++++++++++++++%3Chttp%3A%2F%2Fwww.w3.org%2F2000%2F01%2Frdf-schema%23subClassOf%3E++%3Chttp%3A%2F%2Fdbpedia.org%2Fclass%2Fyago%2FEuropeanUnionMemberEconomies%3E%0A++%7D%0A HTTP/1.1" 200 82 "" "Apache-Jena-ARQ/3.0.0"
46.229.168.73 - - [04/Aug/2017:00:04:44 +0300] "GET /ode/?uri=http%3A//dbpedia.org/resource/Trevor_Hockey HTTP/1.1" 200 15166 "" "Mozilla/5.0 (compatible; SemrushBot/1.2~bl; +http://www.semrush.com/bot.html)"
83.212.121.124 - - [04/Aug/2017:00:04:44 +0300] "GET /sparql?query=ASK%0AWHERE%0A++%7B+%3Chttp%3A%2F%2Fwww.wikidata.org%2Fentity%2FQ1048525%3E%0A++++++++++++++%3Chttp%3A%2F%2Fwww.w3.org%2F2000%2F01%2Frdf-schema%23subClassOf%3E++%3Chttp%3A%2F%2Fdbpedia.org%2Fclass%2Fyago%2FMemberStatesOfTheUnionForTheMediterranean%3E%0A++%7D%0A HTTP/1.1" 200 82 "" "Apache-Jena-ARQ/3.0.0"
83.212.121.124 - - [04/Aug/2017:00:04:44 +0300] "GET /sparql?query=ASK%0AWHERE%0A++%7B+%3Chttp%3A%2F%2Fwww.wikidata.org%2Fentity%2FQ1048525%3E%0A++++++++++++++%3Chttp%3A%2F%2Fwww.w3.org%2F2000%2F01%2Frdf-schema%23subClassOf%3E++%3Chttp%3A%2F%2Fdbpedia.org%2Fclass%2Fyago%2FMemberStatesOfNATO%3E%0A++%7D%0A HTTP/1.1" 200 82 "" "Apache-Jena-ARQ/3.0.0"
83.212.121.124 - - [04/Aug/2017:00:04:45 +0300] "GET /sparql?query=ASK%0AWHERE%0A++%7B+%3Chttp%3A%2F%2Fwww.wikidata.org%2Fentity%2FQ1048525%3E%0A++++++++++++++%3Chttp%3A%2F%2Fwww.w3.org%2F2000%2F01%2Frdf-schema%23subClassOf%3E++%3Chttp%3A%2F%2Fdbpedia.org%2Fclass%2Fyago%2FMemberStatesOfTheEuropeanUnion%3E%0A++%7D%0A HTTP/1.1" 200 82 "" "Apache-Jena-ARQ/3.0.0"
83.212.121.124 - - [04/Aug/2017:00:04:45 +0300] "GET /sparql?query=ASK%0AWHERE%0A++%7B+%3Chttp%3A%2F%2Fwww.wikidata.org%2Fentity%2FQ1048525%3E%0A++++++++++++++%3Chttp%3A%2F%2Fwww.w3.org%2F2000%2F01%2Frdf-schema%23subClassOf%3E++%3Chttp%3A%2F%2Fdbpedia.org%2Fclass%2Fyago%2FEuropeanCountries%3E%0A++%7D%0A HTTP/1.1" 200 82 "" "Apache-Jena-ARQ/3.0.0"
83.212.121.124 - - [04/Aug/2017:00:04:45 +0300] "GET /sparql?query=ASK%0AWHERE%0A++%7B+%3Chttp%3A%2F%2Fwww.wikidata.org%2Fentity%2FQ1048525%3E%0A++++++++++++++%3Chttp%3A%2F%2Fwww.w3.org%2F2000%2F01%2Frdf-schema%23subClassOf%3E++%3Chttp%3A%2F%2Fdbpedia.org%2Fclass%2Fyago%2FCountriesOfTheMediterraneanSea%3E%0A++%7D%0A HTTP/1.1" 200 82 "" "Apache-Jena-ARQ/3.0.0"
31.207.3.2 - - [04/Aug/2017:00:04:45 +0300] "GET /describe/?url=https://www.3rdstreet.tv%2Frdir%2F55008/ HTTP/1.1" 404 3839 "http://linkeddata.uriburner.com/" "Opera/9.80 (Windows NT 6.2; Win64; x64) Presto/2.12.388 Version/12.17"
