83.212.121.124 - - [04/Aug/2017:00:08:33 +0300] "GET /sparql?query=ASK%0AWHERE%0A++%7B+%3Chttp%3A%2F%2Fdbpedia.org%2Fontology%2FRestaurant%3E%0A++++++++++++++%3Chttp%3A%2F%2Fwww.w3.org%2F2000%2F01%2Frdf-schema%23subClassOf%3E++%3Chttp%3A%2F%2Fdbpedia.org%2Fclass%2Fyago%2FHostCitiesOfTheCommonwealthGames%3E%0A++%7D%0A HTTP/1.1" 200 82 "" "Apache-Jena-ARQ/3.0.0"
83.212.121.124 - - [04/Aug/2017:00:08:33 +0300] "GET /sparql?query=ASK%0AWHERE%0A++%7B+%3Chttp%3A%2F%2Fdbpedia.org%2Fontology%2FRestaurant%3E%0A++++++++++++++%3Chttp%3A%2F%2Fwww.w3.org%2F2000%2F01%2Frdf-schema%23subClassOf%3E++%3Chttp%3A%2F%2Fdbpedia.org%2Fclass%2Fyago%2FGeographicPoint108578706%3E%0A++%7D%0A HTTP/1.1" 200 82 "" "Apache-Jena-ARQ/3.0.0"
83.212.121.124 - - [04/Aug/2017:00:08:33 +0300] "GET /sparql?query=ASK%0AWHERE%0A++%7B+%3Chttp%3A%2F%2Fdbpedia.org%2Fontology%2FRestaurant%3E%0A++++++++++++++%3Chttp%3A%2F%2Fwww.w3.org%2F2000%2F01%2Frdf-schema%23subClassOf%3E++%3Chttp%3A%2F%2Fdbpedia.org%2Fclass%2Fyago%2FSite108651247%3E%0A++%7D%0A HTTP/1.1" 200 82 "" "Apache-Jena-ARQ/3.0.0"
83.212.121.124 - - [04/Aug/2017:00:08:33 +0300] "GET /sparql?query=ASK%0AWHERE%0A++%7B+%3Chttp%3A%2F%2Fdbpedia.org%2Fontology%2FRestaurant%3E%0A++++++++++++++%3Chttp%3A%2F%2Fwww.w3.org%2F2000%2F01%2Frdf-schema%23subClassOf%3E++%3Chttp%3A%2F%2Fdbpedia.org%2Fclass%2Fyago%2FAdministrativeDistrict108491826%3E%0A++%7D%0A HTTP/1.1" 200 82 "" "Apache-Jena-ARQ/3.0.0"
83.212.121.124 - - [04/Aug/2017:00:08:33 +0300] "GET /sparql?query=ASK%0AWHERE%0A++%7B+%3Chttp%3A%2F%2Fdbpedia.org%2Fontology%2FRestaurant%3E%0A++++++++++++++%3Chttp%3A%2F%2Fwww.w3.org%2F2000%2F01%2Frdf-schema%23subClassOf%3E++%3Chttp%3A%2F%2Fdbpedia.org%2Fclass%2Fyago%2FCenter108523483%3E%0A++%7D%0A HTTP/1.1" 200 82 "" "Apache-Jena-ARQ/3.0.0"
83.212.121.124 - - [04/Aug/2017:00:08:34 +0300] "GET /sparql?query=ASK%0AWHERE%0A++%7B+%3Chttp%3A%2F%2Fdbpedia.org%2Fontology%2FRestaurant%3E%0A++++++++++++++%3Chttp%3A%2F%2Fwww.w3.org%2F2000%2F01%2Frdf-schema%23subClassOf%3E++%3Chttp%3A%2F%2Fdbpedia.org%2Fclass%2Fyago%2FGeographicalArea108574314%3E%0A++%7D%0A HTTP/1.1" 200 82 "" "Apache-Jena-ARQ/3.0.0"
83.212.121.124 - - [04/Aug/2017:00:08:34 +0300] "GET /sparql?query=ASK%0AWHERE%0A++%7B+%3Chttp%3A%2F%2Fdbpedia.org%2Fontology%2FRestaurant%3E%0A++++++++++++++%3Chttp%3A%2F%2Fwww.w3.org%2F2000%2F01%2Frdf-schema%23subClassOf%3E++%3Chttp%3A%2F%2Fdbpedia.org%2Fclass%2Fyago%2FSeat108647945%3E%0A++%7D%0A HTTP/1.1" 200 82 "" "Apache-Jena-ARQ/3.0.0"
83.212.121.124 - - [04/Aug/2017:00:08:34 +0300] "GET /sparql?query=ASK%0AWHERE%0A++%7B+%3Chttp%3A%2F%2Fdbpedia.org%2Fontology%2FRestaurant%3E%0A++++++++++++++%3Chttp%3A%2F%2Fwww.w3.org%2F2000%2F01%2Frdf-schema%23subClassOf%3E++%3Chttp%3A%2F%2Fdbpedia.org%2Fclass%2Fyago%2FTract108673395%3E%0A++%7D%0A HTTP/1.1" 200 82 "" "Apache-Jena-ARQ/3.0.0"
180.76.15.12 - - [04/Aug/2017:00:08:34 +0300] "GET /ode/?uri=http%3A%2F%2Fyago-knowledge.org%2Fresource%2FScarlet_(color) HTTP/1.1" 200 15166 "" "Mozilla/5.0 (compatible; Baiduspider/2.0; +http://www.baidu.com/search/spider.html)"
83.212.121.124 - - [04/Aug/2017:00:08:34 +0300] "GET /sparql?query=ASK%0AWHERE%0A++%7B+%3Chttp%3A%2F%2Fdbpedia.org%2Fontology%2FRestaurant%3E%0A++++++++++++++%3Chttp%3A%2F%2Fwww.w3.org%2F2000%2F01%2Frdf-schema%23subClassOf%3E++%3Chttp%3A%2F%2Fdbpedia.org%2Fontology%2FCity%3E%0A++%7D%0A HTTP/1.1" 200 82 "" "Apache-Jena-ARQ/3.0.0"
83.212.121.124 - - [04/Aug/2017:00:08:35 +0300] "GET /sparql?query=ASK%0AWHERE%0A++%7B+%3Chttp%3A%2F%2Fdbpedia.org%2Fontology%2FRestaurant%3E%0A++++++++++++++%3Chttp%3A%2F%2Fwww.w3.org%2F2000%2F01%2Frdf-schema%23subClassOf%3E++%3Chttp%3A%2F%2Fdbpedia.org%2Fclass%2Fyago%2FArea108497294%3E%0A++%7D%0A HTTP/1.1" 200 82 "" "Apache-Jena-ARQ/3.0.0"
83.212.121.124 - - [04/Aug/2017:00:08:35 +0300] "GET /sparql?query=ASK%0AWHERE%0A++%7B+%3Chttp%3A%2F%2Fdbpedia.org%2Fontology%2FRestaurant%3E%0A++++++++++++++%3Chttp%3A%2F%2Fwww.w3.org%2F2000%2F01%2Frdf-schema%23subClassOf%3E++%3Chttp%3A%2F%2Fwww.opengis.net%2Fgml%2F_Feature%3E%0A++%7D%0A HTTP/1.1" 200 82 "" "Apache-Jena-ARQ/3.0.0"
83.212.121.124 - - [04/Aug/2017:00:08:35 +0300] "GET /sparql?query=ASK%0AWHERE%0A++%7B+%3Chttp%3A%2F%2Fdbpedia.org%2Fontology%2FRestaurant%3E%0A++++++++++++++%3Chttp%3A%2F%2Fwww.w3.org%2F2000%2F01%2Frdf-schema%23subClassOf%3E++%3Chttp%3A%2F%2Fdbpedia.org%2Fclass%2Fyago%2FCapitalsInEurope%3E%0A++%7D%0A HTTP/1.1" 200 82 "" "Apache-Jena-ARQ/3.0.0"
83.212.121.124 - - [04/Aug/2017:00:08:35 +0300] "GET /sparql?query=ASK%0AWHERE%0A++%7B+%3Chttp%3A%2F%2Fdbpedia.org%2Fontology%2FRestaurant%3E%0A++++++++++++++%3Chttp%3A%2F%2Fwww.w3.org%2F2000%2F01%2Frdf-schema%23subClassOf%3E++%3Chttp%3A%2F%2Fdbpedia.org%2Fclass%2Fyago%2FCity108524735%3E%0A++%7D%0A HTTP/1.1" 200 82 "" "Apache-Jena-ARQ/3.0.0"
83.212.121.124 - - [04/Aug/2017:00:08:35 +0300] "GET /sparql?query=ASK%0AWHERE%0A++%7B+%3Chttp%3A%2F%2Fdbpedia.org%2Fontology%2FRestaurant%3E%0A++++++++++++++%3Chttp%3A%2F%2Fwww.w3.org%2F2000%2F01%2Frdf-schema%23subClassOf%3E++%3Chttp%3A%2F%2Fdbpedia.org%2Fclass%2Fyago%2FHostCitiesOfTheSummerOlympicGames%3E%0A++%7D%0A HTTP/1.1" 200 82 "" "Apache-Jena-ARQ/3.0.0"
83.212.121.124 - - [04/Aug/2017:00:08:36 +0300] "GET /sparql?query=ASK%0AWHERE%0A++%7B+%3Chttp%3A%2F%2Fdbpedia.org%2Fontology%2FRestaurant%3E%0A++++++++++++++%3Chttp%3A%2F%2Fwww.w3.org%2F2000%2F01%2Frdf-schema%23subClassOf%3E++%3Chttp%3A%2F%2Fdbpedia.org%2Fontology%2FPopulatedPlace%3E%0A++%7D%0A HTTP/1.1" 200 82 "" "Apache-Jena-ARQ/3.0.0"
83.212.121.124 - - [04/Aug/2017:00:08:36 +0300] "GET /sparql?query=ASK%0AWHERE%0A++%7B+%3Chttp%3A%2F%2Fdbpedia.org%2Fontology%2FRestaurant%3E%0A++++++++++++++%3Chttp%3A%2F%2Fwww.w3.org%2F2000%2F01%2Frdf-schema%23subClassOf%3E++%3Chttp%3A%2F%2Fdbpedia.org%2Fontology%2FSettlement%3E%0A++%7D%0A HTTP/1.1" 200 82 "" "Apache-Jena-ARQ/3.0.0"
108.62.64.92 - - [04/Aug/2017:00:08:36 +0300] "GET /HtmlPivotViewer/?url=https://www.youtube.com/watch?v=U4XSS6LuL28 HTTP/1.0" 200 12278 "http://uriburner.com/" "Mozilla/5.0 (X11; Linux x86_64) AppleWebKit/537.36 (KHTML, like Gecko) Chrome/51.0.2704.106 Safari/537.36"
180.76.15.15 - - [04/Aug/2017:00:08:36 +0300] "GET /describe/?url=nodeID%3A%2F%2Fb1238307 HTTP/1.1" 200 4404 "" "Mozilla/5.0 (compatible; Baiduspider/2.0; +http://www.baidu.com/search/spider.html)"
83.212.121.124 - - [04/Aug/2017:00:08:36 +0300] "GET /sparql?query=ASK%0AWHERE%0A++%7B+%3Chttp%3A%2F%2Fdbpedia.org%2Fontology%2FRestaurant%3E%0A++++++++++++++%3Chttp%3A%2F%2Fwww.w3.org%2F2000%2F01%2Frdf-schema%23subClassOf%3E++%3Chttp%3A%2F%2Fschema.org%2FCity%3E%0A++%7D%0A HTTP/1.1" 200 82 "" "Apache-Jena-ARQ/3.0.0"
83.212.121.124 - - [04/Aug/2017:00:08:36 +0300] "GET /sparql?query=ASK%0AWHERE%0A++%7B+%3Chttp%3A%2F%2Fdbpedia.org%2Fontology%2FRestaurant%3E%0A++++++++++++++%3Chttp%3A%2F%2Fwww.w3.org%2F2000%2F01%2Frdf-schema%23subClassOf%3E++%3Chttp%3A%2F%2Fumbel.org%2Fumbel%2Frc%2FLocation_Underspecified%3E%0A++%7D%0A HTTP/1.1" 200 82 "" "Apache-Jena-ARQ/3.0.0"
83.212.121.124 - - [04/Aug/2017:00:08:36 +0300] "GET /sparql?query=ASK%0AWHERE%0A++%7B+%3Chttp%3A%2F%2Fdbpedia.org%2Fontology%2FRestaurant%3E%0A++++++++++++++%3Chttp%3A%2F%2Fwww.w3.org%2F2000%2F01%2Frdf-schema%23subClassOf%3E++%3Chttp%3A%2F%2Fumbel.org%2Fumbel%2Frc%2FPopulatedPlace%3E%0A++%7D%0A HTTP/1.1" 200 82 "" "Apache-Jena-ARQ/3.0.0"
83.212.121.124 - - [04/Aug/2017:00:08:37 +0300] "GET /sparql?query=ASK%0AWHERE%0A++%7B+%3Chttp%3A%2F%2Fdbpedia.org%2Fontology%2FRestaurant%3E%0A++++++++++++++%3Chttp%3A%2F%2Fwww.w3.org%2F2000%2F01%2Frdf-schema%23subClassOf%3E++%3Chttp%3A%2F%2Fumbel.org%2Fumbel%2Frc%2FVillage%3E%0A++%7D%0A HTTP/1.1" 200 82 "" "Apache-Jena-ARQ/3.0.0"
83.212.121.124 - - [04/Aug/2017:00:08:37 +0300] "GET /sparql?query=ASK%0AWHERE%0A++%7B+%3Chttp%3A%2F%2Fdbpedia.org%2Fontology%2FRestaurant%3E%0A++++++++++++++%3Chttp%3A%2F%2Fwww.w3.org%2F2000%2F01%2Frdf-schema%23subClassOf%3E++%3Chttp%3A%2F%2Fdbpedia.org%2Fclass%2Fyago%2FDistrict108552138%3E%0A++%7D%0A HTTP/1.1" 200 82 "" "Apache-Jena-ARQ/3.0.0"
137.74.203.194 - - [04/Aug/2017:00:08:37 +0300] "GET /HtmlPivotViewer/?url=http%3A%2F%2Fproxy.uriburner.com%2Fsparql%3Fquery%3Ddefine%2520sql%253Adescribe-mode%2520%2522CBD%2522%2520DESCRIBE%2520%253Chttp%253A%252F%252Feo.dbpedia.org%252Fresource%252F%C3%83%C2%83%C3%82%C2%83%C3%83%C2%82%C3%82%C2%83%C3%83%C2%83%C3%82%C2%82%C3%83%C2%82%C3%82%C2%85%C3%83%C2%83%C3%82%C2%83%C3%83%C2%82%C3%82%C2%82%C3%83%C2%83%C3%82%C2%82%C3%83%C2%82%C3%82%C2%9Civa%C3%83%C2%83%C3%82%C2%83%C3%83%C2%82%C3%82%C2%83%C3%83%C2%83%C3%82%C2%82%C3%83%C2%82%C3%82%C2%84%C3%83%C2%83%C3%82%C2%83%C3%83%C2%82%C3%82%C2%82%C3%83%C2%83%C3%82%C2%82%C3%83%C2%82%C3%82%C2%9Di%253E%26format%3Dcxml HTTP/1.1" 404 188 "" "Mozilla/5.0 (compatible; AhrefsBot/5.2; +http://ahrefs.com/robot/)"
83.212.121.124 - - [04/Aug/2017:00:08:37 +0300] "GET /sparql?query=ASK%0AWHERE%0A++%7B+%3Chttp%3A%2F%2Fdbpedia.org%2Fontology%2FRestaurant%3E%0A++++++++++++++%3Chttp%3A%2F%2Fwww.w3.org%2F2000%2F01%2Frdf-schema%23subClassOf%3E++%3Chttp%3A%2F%2Fdbpedia.org%2Fclass%2Fyago%2FMunicipality108626283%3E%0A++%7D%0A HTTP/1.1" 200 82 "" "Apache-Jena-ARQ/3.0.0"
108.62.64.92 - - [04/Aug/2017:00:08:37 +0300] "GET /HtmlPivotViewer/?url=https://www.youtube.com/watch?v=zUJuK7hgRpY HTTP/1.1" 200 3148 "http://uriburner.com/" "Mozilla/5.0 (X11; Linux x86_64) AppleWebKit/537.36 (KHTML, like Gecko) Chrome/51.0.2704.106 Safari/537.36"
83.212.121.124 - - [04/Aug/2017:00:08:37 +0300] "GET /sparql?query=ASK%0AWHERE%0A++%7B+%3Chttp%3A%2F%2Fdbpedia.org%2Fontology%2FRestaurant%3E%0A++++++++++++++%3Chttp%3A%2F%2Fwww.w3.org%2F2000%2F01%2Frdf-schema%23subClassOf%3E++%3Chttp%3A%2F%2Fdbpedia.org%2Fclass%2Fyago%2FRegion108630985%3E%0A++%7D%0A HTTP/1.1" 200 82 "" "Apache-Jena-ARQ/3.0.0"
83.212.121.124 - - [04/Aug/2017:00:08:37 +0300] "GET /sparql?query=ASK%0AWHERE%0A++%7B+%3Chttp%3A%2F%2Fdbpedia.org%2Fontology%2FRestaurant%3E%0A++++++++++++++%3Chttp%3A%2F%2Fwww.w3.org%2F2000%2F01%2Frdf-schema%23subClassOf%3E++%3Chttp%3A%2F%2Fdbpedia.org%2Fclass%2Fyago%2FCapital108518505%3E%0A++%7D%0A HTTP/1.1" 200 82 "" "Apache-Jena-ARQ/3.0.0"
83.212.121.124 - - [04/Aug/2017:00:08:38 +0300] "GET /sparql?query=ASK%0AWHERE%0A++%7B+%3Chttp%3A%2F%2Fdbpedia.org%2Fontology%2FRestaurant%3E%0A++++++++++++++%3Chttp%3A%2F%2Fwww.w3.org%2F2000%2F01%2Frdf-schema%23subClassOf%3E++%3Chttp%3A%2F%2Fdbpedia.org%2Fclass%2Fyago%2FUrbanArea108675967%3E%0A++%7D%0A HTTP/1.1" 200 82 "" "Apache-Jena-ARQ/3.0.0"
83.212.121.124 - - [04/Aug/2017:00:08:38 +0300] "GET /sparql?query=ASK%0AWHERE%0A++%7B+%3Chttp%3A%2F%2Fdbpedia.org%2Fontology%2FRestaurant%3E%0A++++++++++++++%3Chttp%3A%2F%2Fwww.w3.org%2F2000%2F01%2Frdf-schema%23subClassOf%3E++%3Chttp%3A%2F%2Fwww.wikidata.org%2Fentity%2FQ486972%3E%0A++%7D%0A HTTP/1.1" 200 82 "" "Apache-Jena-ARQ/3.0.0"
83.212.121.124 - - [04/Aug/2017:00:08:38 +0300] "GET /sparql?query=ASK%0AWHERE%0A++%7B+%3Chttp%3A%2F%2Fdbpedia.org%2Fontology%2FRestaurant%3E%0A++++++++++++++%3Chttp%3A%2F%2Fwww.w3.org%2F2000%2F01%2Frdf-schema%23subClassOf%3E++%3Chttp%3A%2F%2Fdbpedia.org%2Fclass%2Fyago%2FAbstraction100002137%3E%0A++%7D%0A HTTP/1.1" 200 82 "" "Apache-Jena-ARQ/3.0.0"
83.212.121.124 - - [04/Aug/2017:00:08:38 +0300] "GET /sparql?query=ASK%0AWHERE%0A++%7B+%3Chttp%3A%2F%2Fdbpedia.org%2Fontology%2FRestaurant%3E%0A++++++++++++++%3Chttp%3A%2F%2Fwww.w3.org%2F2000%2F01%2Frdf-schema%23subClassOf%3E++%3Chttp%3A%2F%2Fdbpedia.org%2Fclass%2Fyago%2FInstitution108053576%3E%0A++%7D%0A HTTP/1.1" 200 82 "" "Apache-Jena-ARQ/3.0.0"
108.62.64.92 - - [04/Aug/2017:00:08:38 +0300] "GET /HtmlPivotViewer/?url=https://www.youtube.com/watch?v=zUJuK7hgRpY HTTP/1.0" 200 12278 "" "Mozilla/5.0 (X11; Linux x86_64) AppleWebKit/537.36 (KHTML, like Gecko) Chrome/51.0.2704.106 Safari/537.36"
46.229.168.72 - - [04/Aug/2017:00:08:38 +0300] "GET /ode/?uri=http%3A//uriburner.com/about/id/entity/http/thinklifecenter.com/%3Fdocument_srl%3D74520 HTTP/1.1" 200 15166 "" "Mozilla/5.0 (compatible; SemrushBot/1.2~bl; +http://www.semrush.com/bot.html)"
83.212.121.124 - - [04/Aug/2017:00:08:38 +0300] "GET /sparql?query=ASK%0AWHERE%0A++%7B+%3Chttp%3A%2F%2Fdbpedia.org%2Fontology%2FRestaurant%3E%0A++++++++++++++%3Chttp%3A%2F%2Fwww.w3.org%2F2000%2F01%2Frdf-schema%23subClassOf%3E++%3Chttp%3A%2F%2Fdbpedia.org%2Fclass%2Fyago%2FSocialGroup107950920%3E%0A++%7D%0A HTTP/1.1" 200 82 "" "Apache-Jena-ARQ/3.0.0"
83.212.121.124 - - [04/Aug/2017:00:08:39 +0300] "GET /sparql?query=ASK%0AWHERE%0A++%7B+%3Chttp%3A%2F%2Fdbpedia.org%2Fontology%2FRestaurant%3E%0A++++++++++++++%3Chttp%3A%2F%2Fwww.w3.org%2F2000%2F01%2Frdf-schema%23subClassOf%3E++%3Chttp%3A%2F%2Fdbpedia.org%2Fontology%2FSchool%3E%0A++%7D%0A HTTP/1.1" 200 82 "" "Apache-Jena-ARQ/3.0.0"
83.212.121.124 - - [04/Aug/2017:00:08:39 +0300] "GET /sparql?query=ASK%0AWHERE%0A++%7B+%3Chttp%3A%2F%2Fdbpedia.org%2Fontology%2FRestaurant%3E%0A++++++++++++++%3Chttp%3A%2F%2Fwww.w3.org%2F2000%2F01%2Frdf-schema%23subClassOf%3E++%3Chttp%3A%2F%2Fdbpedia.org%2Fclass%2Fyago%2FOrganization108008335%3E%0A++%7D%0A HTTP/1.1" 200 82 "" "Apache-Jena-ARQ/3.0.0"
83.212.121.124 - - [04/Aug/2017:00:08:39 +0300] "GET /sparql?query=ASK%0AWHERE%0A++%7B+%3Chttp%3A%2F%2Fdbpedia.org%2Fontology%2FRestaurant%3E%0A++++++++++++++%3Chttp%3A%2F%2Fwww.w3.org%2F2000%2F01%2Frdf-schema%23subClassOf%3E++%3Chttp%3A%2F%2Fdbpedia.org%2Fclass%2Fyago%2FSchool108276720%3E%0A++%7D%0A HTTP/1.1" 200 82 "" "Apache-Jena-ARQ/3.0.0"
83.212.121.124 - - [04/Aug/2017:00:08:39 +0300] "GET /sparql?query=ASK%0AWHERE%0A++%7B+%3Chttp%3A%2F%2Fdbpedia.org%2Fontology%2FRestaurant%3E%0A++++++++++++++%3Chttp%3A%2F%2Fwww.w3.org%2F2000%2F01%2Frdf-schema%23subClassOf%3E++%3Chttp%3A%2F%2Fdbpedia.org%2Fontology%2FAgent%3E%0A++%7D%0A HTTP/1.1" 200 82 "" "Apache-Jena-ARQ/3.0.0"
83.212.121.124 - - [04/Aug/2017:00:08:39 +0300] "GET /sparql?query=ASK%0AWHERE%0A++%7B+%3Chttp%3A%2F%2Fdbpedia.org%2Fontology%2FRestaurant%3E%0A++++++++++++++%3Chttp%3A%2F%2Fwww.w3.org%2F2000%2F01%2Frdf-schema%23subClassOf%3E++%3Chttp%3A%2F%2Fdbpedia.org%2Fontology%2FEducationalInstitution%3E%0A++%7D%0A HTTP/1.1" 200 82 "" "Apache-Jena-ARQ/3.0.0"
180.76.15.162 - - [04/Aug/2017:00:08:39 +0300] "GET /ode/?uri=http%3A%2F%2Fpurl.org%2Fallie%2Fid%2Flongform%2F153688 HTTP/1.1" 200 15166 "" "Mozilla/5.0 (compatible; Baiduspider/2.0; +http://www.baidu.com/search/spider.html)"
83.212.121.124 - - [04/Aug/2017:00:08:40 +0300] "GET /sparql?query=ASK%0AWHERE%0A++%7B+%3Chttp%3A%2F%2Fdbpedia.org%2Fontology%2FRestaurant%3E%0A++++++++++++++%3Chttp%3A%2F%2Fwww.w3.org%2F2000%2F01%2Frdf-schema%23subClassOf%3E++%3Chttp%3A%2F%2Fdbpedia.org%2Fontology%2FOrganisation%3E%0A++%7D%0A HTTP/1.1" 200 82 "" "Apache-Jena-ARQ/3.0.0"
83.212.121.124 - - [04/Aug/2017:00:08:40 +0300] "GET /sparql?query=ASK%0AWHERE%0A++%7B+%3Chttp%3A%2F%2Fdbpedia.org%2Fontology%2FRestaurant%3E%0A++++++++++++++%3Chttp%3A%2F%2Fwww.w3.org%2F2000%2F01%2Frdf-schema%23subClassOf%3E++%3Chttp%3A%2F%2Fschema.org%2FEducationalOrganization%3E%0A++%7D%0A HTTP/1.1" 200 82 "" "Apache-Jena-ARQ/3.0.0"
83.212.121.124 - - [04/Aug/2017:00:08:40 +0300] "GET /sparql?query=ASK%0AWHERE%0A++%7B+%3Chttp%3A%2F%2Fdbpedia.org%2Fontology%2FRestaurant%3E%0A++++++++++++++%3Chttp%3A%2F%2Fwww.w3.org%2F2000%2F01%2Frdf-schema%23subClassOf%3E++%3Chttp%3A%2F%2Fschema.org%2FOrganization%3E%0A++%7D%0A HTTP/1.1" 200 82 "" "Apache-Jena-ARQ/3.0.0"
46.229.168.70 - - [04/Aug/2017:00:08:40 +0300] "GET /ode/?uri=http%3A//dbpedia.org/resource/Category%3ASpeeches_by_George_W._Bush HTTP/1.1" 200 15166 "" "Mozilla/5.0 (compatible; SemrushBot/1.2~bl; +http://www.semrush.com/bot.html)"
83.212.121.124 - - [04/Aug/2017:00:08:40 +0300] "GET /sparql?query=ASK%0AWHERE%0A++%7B+%3Chttp%3A%2F%2Fdbpedia.org%2Fontology%2FRestaurant%3E%0A++++++++++++++%3Chttp%3A%2F%2Fwww.w3.org%2F2000%2F01%2Frdf-schema%23subClassOf%3E++%3Chttp%3A%2F%2Fschema.org%2FSchool%3E%0A++%7D%0A HTTP/1.1" 200 82 "" "Apache-Jena-ARQ/3.0.0"
83.212.121.124 - - [04/Aug/2017:00:08:41 +0300] "GET /sparql?query=ASK%0AWHERE%0A++%7B+%3Chttp%3A%2F%2Fdbpedia.org%2Fontology%2FRestaurant%3E%0A++++++++++++++%3Chttp%3A%2F%2Fwww.w3.org%2F2000%2F01%2Frdf-schema%23subClassOf%3E++%3Chttp%3A%2F%2Fdbpedia.org%2Fclass%2Fyago%2FEducationalInstitution108276342%3E%0A++%7D%0A HTTP/1.1" 200 82 "" "Apache-Jena-ARQ/3.0.0"
83.212.121.124 - - [04/Aug/2017:00:08:41 +0300] "GET /sparql?query=ASK%0AWHERE%0A++%7B+%3Chttp%3A%2F%2Fdbpedia.org%2Fontology%2FRestaurant%3E%0A++++++++++++++%3Chttp%3A%2F%2Fwww.w3.org%2F2000%2F01%2Frdf-schema%23subClassOf%3E++%3Chttp%3A%2F%2Fdbpedia.org%2Fclass%2Fyago%2FGroup100031264%3E%0A++%7D%0A HTTP/1.1" 200 82 "" "Apache-Jena-ARQ/3.0.0"
83.212.121.124 - - [04/Aug/2017:00:08:41 +0300] "GET /sparql?query=ASK%0AWHERE%0A++%7B+%3Chttp%3A%2F%2Fdbpedia.org%2Fontology%2FRestaurant%3E%0A++++++++++++++%3Chttp%3A%2F%2Fwww.w3.org%2F2000%2F01%2Frdf-schema%23subClassOf%3E++%3Chttp%3A%2F%2Fdbpedia.org%2Fclass%2Fyago%2FYagoLegalActor%3E%0A++%7D%0A HTTP/1.1" 200 82 "" "Apache-Jena-ARQ/3.0.0"
83.212.121.124 - - [04/Aug/2017:00:08:41 +0300] "GET /sparql?query=ASK%0AWHERE%0A++%7B+%3Chttp%3A%2F%2Fdbpedia.org%2Fontology%2FRestaurant%3E%0A++++++++++++++%3Chttp%3A%2F%2Fwww.w3.org%2F2000%2F01%2Frdf-schema%23subClassOf%3E++%3Chttp%3A%2F%2Fwww.ontologydesignpatterns.org%2Font%2Fdul%2FDUL.owl%23Agent%3E%0A++%7D%0A HTTP/1.1" 200 82 "" "Apache-Jena-ARQ/3.0.0"
83.212.121.124 - - [04/Aug/2017:00:08:41 +0300] "GET /sparql?query=ASK%0AWHERE%0A++%7B+%3Chttp%3A%2F%2Fdbpedia.org%2Fontology%2FRestaurant%3E%0A++++++++++++++%3Chttp%3A%2F%2Fwww.w3.org%2F2000%2F01%2Frdf-schema%23subClassOf%3E++%3Chttp%3A%2F%2Fwww.ontologydesignpatterns.org%2Font%2Fdul%2FDUL.owl%23SocialPerson%3E%0A++%7D%0A HTTP/1.1" 200 82 "" "Apache-Jena-ARQ/3.0.0"
83.212.121.124 - - [04/Aug/2017:00:08:41 +0300] "GET /sparql?query=ASK%0AWHERE%0A++%7B+%3Chttp%3A%2F%2Fdbpedia.org%2Fontology%2FRestaurant%3E%0A++++++++++++++%3Chttp%3A%2F%2Fwww.w3.org%2F2000%2F01%2Frdf-schema%23subClassOf%3E++%3Chttp%3A%2F%2Fwww.wikidata.org%2Fentity%2FQ3914%3E%0A++%7D%0A HTTP/1.1" 200 82 "" "Apache-Jena-ARQ/3.0.0"
83.212.121.124 - - [04/Aug/2017:00:08:42 +0300] "GET /sparql?query=ASK%0AWHERE%0A++%7B+%3Chttp%3A%2F%2Fdbpedia.org%2Fontology%2FRestaurant%3E%0A++++++++++++++%3Chttp%3A%2F%2Fwww.w3.org%2F2000%2F01%2Frdf-schema%23subClassOf%3E++%3Chttp%3A%2F%2Fwww.wikidata.org%2Fentity%2FQ43229%3E%0A++%7D%0A HTTP/1.1" 200 82 "" "Apache-Jena-ARQ/3.0.0"
164.132.161.16 - - [04/Aug/2017:00:08:42 +0300] "GET /HtmlPivotViewer/?url=http%3A%2F%2Furiburner.com%2Fsparql%3Fquery%3Ddefine%2520sql%253Adescribe-mode%2520%2522CBD%2522%2520DESCRIBE%2520%253Chttp%253A%252F%252Fwww.bbc.co.uk%252Ffood%252Frecipes%252Fvegetablestock_90306%253E%26format%3Dcxml HTTP/1.1" 200 3330 "" "Mozilla/5.0 (compatible; AhrefsBot/5.2; +http://ahrefs.com/robot/)"
83.212.121.124 - - [04/Aug/2017:00:08:42 +0300] "GET /sparql?query=ASK%0AWHERE%0A++%7B+%3Chttp%3A%2F%2Fdbpedia.org%2Fontology%2FRestaurant%3E%0A++++++++++++++%3Chttp%3A%2F%2Fwww.w3.org%2F2000%2F01%2Frdf-schema%23subClassOf%3E++%3Chttp%3A%2F%2Fdbpedia.org%2Fontology%2FSportFacility%3E%0A++%7D%0A HTTP/1.1" 200 82 "" "Apache-Jena-ARQ/3.0.0"
31.207.6.2 - - [04/Aug/2017:00:08:42 +0300] "GET /PivotViewer/?url=http://www.payperleadsuccess.com/ HTTP/1.1" 200 2430 "http://linkeddata.uriburner.com/" "Opera/9.80 (Windows NT 6.2; Win64; x64) Presto/2.12.388 Version/12.17"
83.212.121.124 - - [04/Aug/2017:00:08:42 +0300] "GET /sparql?query=ASK%0AWHERE%0A++%7B+%3Chttp%3A%2F%2Fdbpedia.org%2Fontology%2FRestaurant%3E%0A++++++++++++++%3Chttp%3A%2F%2Fwww.w3.org%2F2000%2F01%2Frdf-schema%23subClassOf%3E++%3Chttp%3A%2F%2Fdbpedia.org%2Fclass%2Fyago%2FStadium104295881%3E%0A++%7D%0A HTTP/1.1" 200 82 "" "Apache-Jena-ARQ/3.0.0"
46.229.168.69 - - [04/Aug/2017:00:08:42 +0300] "GET /ode/?uri=http%3A//ja.dbpedia.org/property/platforms HTTP/1.1" 200 15166 "" "Mozilla/5.0 (compatible; SemrushBot/1.2~bl; +http://www.semrush.com/bot.html)"
83.212.121.124 - - [04/Aug/2017:00:08:42 +0300] "GET /sparql?query=ASK%0AWHERE%0A++%7B+%3Chttp%3A%2F%2Fdbpedia.org%2Fontology%2FRestaurant%3E%0A++++++++++++++%3Chttp%3A%2F%2Fwww.w3.org%2F2000%2F01%2Frdf-schema%23subClassOf%3E++%3Chttp%3A%2F%2Fdbpedia.org%2Fontology%2FStadium%3E%0A++%7D%0A HTTP/1.1" 200 82 "" "Apache-Jena-ARQ/3.0.0"
83.212.121.124 - - [04/Aug/2017:00:08:42 +0300] "GET /sparql?query=ASK%0AWHERE%0A++%7B+%3Chttp%3A%2F%2Fdbpedia.org%2Fontology%2FRestaurant%3E%0A++++++++++++++%3Chttp%3A%2F%2Fwww.w3.org%2F2000%2F01%2Frdf-schema%23subClassOf%3E++%3Chttp%3A%2F%2Fschema.org%2FStadiumOrArena%3E%0A++%7D%0A HTTP/1.1" 200 82 "" "Apache-Jena-ARQ/3.0.0"
83.212.121.124 - - [04/Aug/2017:00:08:43 +0300] "GET /sparql?query=ASK%0AWHERE%0A++%7B+%3Chttp%3A%2F%2Fdbpedia.org%2Fontology%2FRestaurant%3E%0A++++++++++++++%3Chttp%3A%2F%2Fwww.w3.org%2F2000%2F01%2Frdf-schema%23subClassOf%3E++%3Chttp%3A%2F%2Fumbel.org%2Fumbel%2Frc%2FStadium%3E%0A++%7D%0A HTTP/1.1" 200 82 "" "Apache-Jena-ARQ/3.0.0"
83.212.121.124 - - [04/Aug/2017:00:08:43 +0300] "GET /sparql?query=ASK%0AWHERE%0A++%7B+%3Chttp%3A%2F%2Fdbpedia.org%2Fontology%2FRestaurant%3E%0A++++++++++++++%3Chttp%3A%2F%2Fwww.w3.org%2F2000%2F01%2Frdf-schema%23subClassOf%3E++%3Chttp%3A%2F%2Fdbpedia.org%2Fclass%2Fyago%2FStructure104341686%3E%0A++%7D%0A HTTP/1.1" 200 82 "" "Apache-Jena-ARQ/3.0.0"
83.212.121.124 - - [04/Aug/2017:00:08:43 +0300] "GET /sparql?query=ASK%0AWHERE%0A++%7B+%3Chttp%3A%2F%2Fdbpedia.org%2Fontology%2FRestaurant%3E%0A++++++++++++++%3Chttp%3A%2F%2Fwww.w3.org%2F2000%2F01%2Frdf-schema%23subClassOf%3E++%3Chttp%3A%2F%2Fdbpedia.org%2Fclass%2Fyago%2FScene108645963%3E%0A++%7D%0A HTTP/1.1" 200 82 "" "Apache-Jena-ARQ/3.0.0"
103.213.130.231 - - [04/Aug/2017:00:08:43 +0300] "GET /about/html/http://graduateguidedl.com/weblink.asp?college_id=2840&url=mohammadkhoirulamin.blogspot.co.id HTTP/1.1" 500 1112 "" "Mozilla/5.0 (Windows; U; Windows NT 5.1; en-GB; rv:1.8.1.6) Gecko/20070725 Firefox/2.0.0.6"
83.212.121.124 - - [04/Aug/2017:00:08:43 +0300] "GET /sparql?query=ASK%0AWHERE%0A++%7B+%3Chttp%3A%2F%2Fdbpedia.org%2Fontology%2FRestaurant%3E%0A++++++++++++++%3Chttp%3A%2F%2Fwww.w3.org%2F2000%2F01%2Frdf-schema%23subClassOf%3E++%3Chttp%3A%2F%2Fdbpedia.org%2Fclass%2Fyago%2FVenue108677628%3E%0A++%7D%0A HTTP/1.1" 200 82 "" "Apache-Jena-ARQ/3.0.0"
83.212.121.124 - - [04/Aug/2017:00:08:43 +0300] "GET /sparql?query=ASK%0AWHERE%0A++%7B+%3Chttp%3A%2F%2Fdbpedia.org%2Fontology%2FRestaurant%3E%0A++++++++++++++%3Chttp%3A%2F%2Fwww.w3.org%2F2000%2F01%2Frdf-schema%23subClassOf%3E++%3Chttp%3A%2F%2Fumbel.org%2Fumbel%2Frc%2FEducationalOrganization%3E%0A++%7D%0A HTTP/1.1" 200 82 "" "Apache-Jena-ARQ/3.0.0"
83.212.121.124 - - [04/Aug/2017:00:08:44 +0300] "GET /sparql?query=ASK%0AWHERE%0A++%7B+%3Chttp%3A%2F%2Fdbpedia.org%2Fontology%2FRestaurant%3E%0A++++++++++++++%3Chttp%3A%2F%2Fwww.w3.org%2F2000%2F01%2Frdf-schema%23subClassOf%3E++%3Chttp%3A%2F%2Fumbel.org%2Fumbel%2Frc%2FSchool_AcademicOrganization%3E%0A++%7D%0A HTTP/1.1" 200 82 "" "Apache-Jena-ARQ/3.0.0"
83.212.121.124 - - [04/Aug/2017:00:08:44 +0300] "GET /sparql?query=ASK%0AWHERE%0A++%7B+%3Chttp%3A%2F%2Fdbpedia.org%2Fontology%2FRestaurant%3E%0A++++++++++++++%3Chttp%3A%2F%2Fwww.w3.org%2F2000%2F01%2Frdf-schema%23subClassOf%3E++%3Chttp%3A%2F%2Fdbpedia.org%2Fclass%2Fyago%2FSecondarySchool108284481%3E%0A++%7D%0A HTTP/1.1" 200 82 "" "Apache-Jena-ARQ/3.0.0"
83.212.121.124 - - [04/Aug/2017:00:08:44 +0300] "GET /sparql?query=ASK%0AWHERE%0A++%7B+%3Chttp%3A%2F%2Fdbpedia.org%2Fontology%2FRestaurant%3E%0A++++++++++++++%3Chttp%3A%2F%2Fwww.w3.org%2F2000%2F01%2Frdf-schema%23subClassOf%3E++%3Chttp%3A%2F%2Fxmlns.com%2Ffoaf%2F0.1%2FPerson%3E%0A++%7D%0A HTTP/1.1" 200 82 "" "Apache-Jena-ARQ/3.0.0"
83.212.121.124 - - [04/Aug/2017:00:08:44 +0300] "GET /sparql?query=ASK%0AWHERE%0A++%7B+%3Chttp%3A%2F%2Fdbpedia.org%2Fontology%2FRestaurant%3E%0A++++++++++++++%3Chttp%3A%2F%2Fwww.w3.org%2F2000%2F01%2Frdf-schema%23subClassOf%3E++%3Chttp%3A%2F%2Fdbpedia.org%2Fontology%2FWikidata%3AQ532%3E%0A++%7D%0A HTTP/1.1" 200 82 "" "Apache-Jena-ARQ/3.0.0"
23.19.155.86 - - [04/Aug/2017:00:08:44 +0300] "GET /PivotViewer/?url=https://www.youtube.com/watch?v=KP4voRB29_g HTTP/1.0" 200 9670 "http://linkeddata.uriburner.com/" "Mozilla/5.0 (X11; Linux x86_64) AppleWebKit/537.36 (KHTML, like Gecko) Chrome/51.0.2704.106 Safari/537.36"
83.212.121.124 - - [04/Aug/2017:00:08:44 +0300] "GET /sparql?query=ASK%0AWHERE%0A++%7B+%3Chttp%3A%2F%2Fdbpedia.org%2Fontology%2FRestaurant%3E%0A++++++++++++++%3Chttp%3A%2F%2Fwww.w3.org%2F2000%2F01%2Frdf-schema%23subClassOf%3E++%3Chttp%3A%2F%2Fwww.ontologydesignpatterns.org%2Font%2Fd0.owl%23Location%3E%0A++%7D%0A HTTP/1.1" 200 82 "" "Apache-Jena-ARQ/3.0.0"
83.212.121.124 - - [04/Aug/2017:00:08:45 +0300] "GET /sparql?query=ASK%0AWHERE%0A++%7B+%3Chttp%3A%2F%2Fdbpedia.org%2Fontology%2FRestaurant%3E%0A++++++++++++++%3Chttp%3A%2F%2Fwww.w3.org%2F2000%2F01%2Frdf-schema%23subClassOf%3E++%3Chttp%3A%2F%2Fwww.w3.org%2F2006%2Fvcard%2Fns%23VCard%3E%0A++%7D%0A HTTP/1.1" 200 82 "" "Apache-Jena-ARQ/3.0.0"
83.212.121.124 - - [04/Aug/2017:00:08:45 +0300] "GET /sparql?query=ASK%0AWHERE%0A++%7B+%3Chttp%3A%2F%2Fdbpedia.org%2Fontology%2FRestaurant%3E%0A++++++++++++++%3Chttp%3A%2F%2Fwww.w3.org%2F2000%2F01%2Frdf-schema%23subClassOf%3E++%3Chttp%3A%2F%2Fdbpedia.org%2Fclass%2Fyago%2FCapitalsInAsia%3E%0A++%7D%0A HTTP/1.1" 200 82 "" "Apache-Jena-ARQ/3.0.0"
83.212.121.124 - - [04/Aug/2017:00:08:45 +0300] "GET /sparql?query=ASK%0AWHERE%0A++%7B+%3Chttp%3A%2F%2Fdbpedia.org%2Fontology%2FRestaurant%3E%0A++++++++++++++%3Chttp%3A%2F%2Fwww.w3.org%2F2000%2F01%2Frdf-schema%23subClassOf%3E++%3Chttp%3A%2F%2Fumbel.org%2Fumbel%2Frc%2FCity%3E%0A++%7D%0A HTTP/1.1" 200 82 "" "Apache-Jena-ARQ/3.0.0"
83.212.121.124 - - [04/Aug/2017:00:08:45 +0300] "GET /sparql?query=ASK%0AWHERE%0A++%7B+%3Chttp%3A%2F%2Fdbpedia.org%2Fontology%2FRestaurant%3E%0A++++++++++++++%3Chttp%3A%2F%2Fwww.w3.org%2F2000%2F01%2Frdf-schema%23subClassOf%3E++%3Chttp%3A%2F%2Fwww.wikidata.org%2Fentity%2FQ515%3E%0A++%7D%0A HTTP/1.1" 200 82 "" "Apache-Jena-ARQ/3.0.0"
83.212.121.124 - - [04/Aug/2017:00:08:45 +0300] "GET /sparql?query=ASK%0AWHERE%0A++%7B+%3Chttp%3A%2F%2Fdbpedia.org%2Fontology%2FRestaurant%3E%0A++++++++++++++%3Chttp%3A%2F%2Fwww.w3.org%2F2000%2F01%2Frdf-schema%23subClassOf%3E++%3Chttp%3A%2F%2Fdbpedia.org%2Fontology%2FCompany%3E%0A++%7D%0A HTTP/1.1" 200 82 "" "Apache-Jena-ARQ/3.0.0"
23.19.155.86 - - [04/Aug/2017:00:08:45 +0300] "GET /PivotViewer/?url=https://www.youtube.com/watch?v=zUJuK7hgRpY HTTP/1.1" 200 2463 "http://linkeddata.uriburner.com/" "Mozilla/5.0 (X11; Linux x86_64) AppleWebKit/537.36 (KHTML, like Gecko) Chrome/51.0.2704.106 Safari/537.36"
83.212.121.124 - - [04/Aug/2017:00:08:46 +0300] "GET /sparql?query=ASK%0AWHERE%0A++%7B+%3Chttp%3A%2F%2Fdbpedia.org%2Fontology%2FRestaurant%3E%0A++++++++++++++%3Chttp%3A%2F%2Fwww.w3.org%2F2000%2F01%2Frdf-schema%23subClassOf%3E++%3Chttp%3A%2F%2Fdbpedia.org%2Fclass%2Fyago%2FCompany108058098%3E%0A++%7D%0A HTTP/1.1" 200 82 "" "Apache-Jena-ARQ/3.0.0"
83.212.121.124 - - [04/Aug/2017:00:08:46 +0300] "GET /sparql?query=ASK%0AWHERE%0A++%7B+%3Chttp%3A%2F%2Fdbpedia.org%2Fontology%2FRestaurant%3E%0A++++++++++++++%3Chttp%3A%2F%2Fwww.w3.org%2F2000%2F01%2Frdf-schema%23subClassOf%3E++%3Chttp%3A%2F%2Fumbel.org%2Fumbel%2Frc%2FBusiness%3E%0A++%7D%0A HTTP/1.1" 200 82 "" "Apache-Jena-ARQ/3.0.0"
83.212.121.124 - - [04/Aug/2017:00:08:46 +0300] "GET /sparql?query=ASK%0AWHERE%0A++%7B+%3Chttp%3A%2F%2Fdbpedia.org%2Fontology%2FRestaurant%3E%0A++++++++++++++%3Chttp%3A%2F%2Fwww.w3.org%2F2000%2F01%2Frdf-schema%23subClassOf%3E++%3Chttp%3A%2F%2Fumbel.org%2Fumbel%2Frc%2FOrganization%3E%0A++%7D%0A HTTP/1.1" 200 82 "" "Apache-Jena-ARQ/3.0.0"
83.212.121.124 - - [04/Aug/2017:00:08:46 +0300] "GET /sparql?query=ASK%0AWHERE%0A++%7B+%3Chttp%3A%2F%2Fdbpedia.org%2Fontology%2FRestaurant%3E%0A++++++++++++++%3Chttp%3A%2F%2Fwww.w3.org%2F2000%2F01%2Frdf-schema%23subClassOf%3E++%3Chttp%3A%2F%2Fdbpedia.org%2Fclass%2Fyago%2FTown108665504%3E%0A++%7D%0A HTTP/1.1" 200 82 "" "Apache-Jena-ARQ/3.0.0"
83.212.121.124 - - [04/Aug/2017:00:08:46 +0300] "GET /sparql?query=ASK%0AWHERE%0A++%7B+%3Chttp%3A%2F%2Fdbpedia.org%2Fontology%2FRestaurant%3E%0A++++++++++++++%3Chttp%3A%2F%2Fwww.w3.org%2F2000%2F01%2Frdf-schema%23subClassOf%3E++%3Chttp%3A%2F%2Fdbpedia.org%2Fclass%2Fyago%2FCountySeat108547143%3E%0A++%7D%0A HTTP/1.1" 200 82 "" "Apache-Jena-ARQ/3.0.0"
83.212.121.124 - - [04/Aug/2017:00:08:47 +0300] "GET /sparql?query=ASK%0AWHERE%0A++%7B+%3Chttp%3A%2F%2Fdbpedia.org%2Fontology%2FRestaurant%3E%0A++++++++++++++%3Chttp%3A%2F%2Fwww.w3.org%2F2000%2F01%2Frdf-schema%23subClassOf%3E++%3Chttp%3A%2F%2Flod.taxonconcept.org%2Fontology%2Ftxn.owl%23Occurrence%3E%0A++%7D%0A HTTP/1.1" 200 82 "" "Apache-Jena-ARQ/3.0.0"
180.76.15.161 - - [04/Aug/2017:00:08:47 +0300] "GET /ode/?uri=http%3A%2F%2Fen.wikipedia.org%2Fwiki%2FCategory%3AOcean_liners_of_the_United_Kingdom%3Foldid%3D547693943 HTTP/1.1" 200 15166 "" "Mozilla/5.0 (compatible; Baiduspider/2.0; +http://www.baidu.com/search/spider.html)"
23.19.155.86 - - [04/Aug/2017:00:08:47 +0300] "GET /PivotViewer/?url=https://www.youtube.com/watch?v=zUJuK7hgRpY HTTP/1.0" 200 9670 "" "Mozilla/5.0 (X11; Linux x86_64) AppleWebKit/537.36 (KHTML, like Gecko) Chrome/51.0.2704.106 Safari/537.36"
83.212.121.124 - - [04/Aug/2017:00:08:47 +0300] "GET /sparql?query=ASK%0AWHERE%0A++%7B+%3Chttp%3A%2F%2Fdbpedia.org%2Fontology%2FRestaurant%3E%0A++++++++++++++%3Chttp%3A%2F%2Fwww.w3.org%2F2000%2F01%2Frdf-schema%23subClassOf%3E++%3Chttp%3A%2F%2Flod.taxonconcept.org%2Fontology%2Ftxn.owl%23Area%3E%0A++%7D%0A HTTP/1.1" 200 82 "" "Apache-Jena-ARQ/3.0.0"
83.212.121.124 - - [04/Aug/2017:00:08:47 +0300] "GET /sparql?query=ASK%0AWHERE%0A++%7B+%3Chttp%3A%2F%2Fdbpedia.org%2Fontology%2FRestaurant%3E%0A++++++++++++++%3Chttp%3A%2F%2Fwww.w3.org%2F2000%2F01%2Frdf-schema%23subClassOf%3E++%3Chttp%3A%2F%2Fschema.org%2FLandmarksOrHistoricalBuildings%3E%0A++%7D%0A HTTP/1.1" 200 82 "" "Apache-Jena-ARQ/3.0.0"
164.132.161.55 - - [04/Aug/2017:00:08:47 +0300] "GET /sparql?query=define%20sql%3Adescribe-mode%20%22CBD%22%20%20DESCRIBE%20%3Chttp%3A%2F%2Flinkeddata.uriburner.com%2Fabout%2Fid%2Fentity%2Fhttps%2Fvimeo.com%2F149309356%23char%253D193%252C196%3E&output=application%2Fmicrodata%2Bjson HTTP/1.1" 200 57 "" "Mozilla/5.0 (compatible; AhrefsBot/5.2; +http://ahrefs.com/robot/)"
83.212.121.124 - - [04/Aug/2017:00:08:47 +0300] "GET /sparql?query=ASK%0AWHERE%0A++%7B+%3Chttp%3A%2F%2Fdbpedia.org%2Fontology%2FRestaurant%3E%0A++++++++++++++%3Chttp%3A%2F%2Fwww.w3.org%2F2000%2F01%2Frdf-schema%23subClassOf%3E++%3Chttp%3A%2F%2Fwww.geonames.org%2Fontology%23Feature%3E%0A++%7D%0A HTTP/1.1" 200 81 "" "Apache-Jena-ARQ/3.0.0"
83.212.121.124 - - [04/Aug/2017:00:08:47 +0300] "GET /sparql?query=ASK%0AWHERE%0A++%7B+%3Chttp%3A%2F%2Fdbpedia.org%2Fontology%2FRestaurant%3E%0A++++++++++++++%3Chttp%3A%2F%2Fwww.w3.org%2F2000%2F01%2Frdf-schema%23subClassOf%3E++%3Chttp%3A%2F%2Fschema.org%2FCreativeWork%3E%0A++%7D%0A HTTP/1.1" 200 82 "" "Apache-Jena-ARQ/3.0.0"
83.212.121.124 - - [04/Aug/2017:00:08:48 +0300] "GET /sparql?query=ASK%0AWHERE%0A++%7B+%3Chttp%3A%2F%2Fdbpedia.org%2Fontology%2FRestaurant%3E%0A++++++++++++++%3Chttp%3A%2F%2Fwww.w3.org%2F2000%2F01%2Frdf-schema%23subClassOf%3E++%3Chttp%3A%2F%2Fdbpedia.org%2Fclass%2Fyago%2FWikicatPopulatedPlacesEstablishedInThe13thCentury%3E%0A++%7D%0A HTTP/1.1" 200 82 "" "Apache-Jena-ARQ/3.0.0"
83.212.121.124 - - [04/Aug/2017:00:08:48 +0300] "GET /sparql?query=ASK%0AWHERE%0A++%7B+%3Chttp%3A%2F%2Fdbpedia.org%2Fontology%2FRestaurant%3E%0A++++++++++++++%3Chttp%3A%2F%2Fwww.w3.org%2F2000%2F01%2Frdf-schema%23subClassOf%3E++%3Chttp%3A%2F%2Fdbpedia.org%2Fclass%2Fyago%2FWikicatCapitalsInEurope%3E%0A++%7D%0A HTTP/1.1" 200 82 "" "Apache-Jena-ARQ/3.0.0"
83.212.121.124 - - [04/Aug/2017:00:08:48 +0300] "GET /sparql?query=ASK%0AWHERE%0A++%7B+%3Chttp%3A%2F%2Fdbpedia.org%2Fontology%2FRestaurant%3E%0A++++++++++++++%3Chttp%3A%2F%2Fwww.w3.org%2F2000%2F01%2Frdf-schema%23subClassOf%3E++%3Chttp%3A%2F%2Fdbpedia.org%2Fclass%2Fyago%2FWikicatPortCities%3E%0A++%7D%0A HTTP/1.1" 200 82 "" "Apache-Jena-ARQ/3.0.0"
83.212.121.124 - - [04/Aug/2017:00:08:48 +0300] "GET /sparql?query=ASK%0AWHERE%0A++%7B+%3Chttp%3A%2F%2Fdbpedia.org%2Fontology%2FRestaurant%3E%0A++++++++++++++%3Chttp%3A%2F%2Fwww.w3.org%2F2000%2F01%2Frdf-schema%23subClassOf%3E++%3Chttp%3A%2F%2Fdbpedia.org%2Fclass%2Fyago%2FEconomy108366753%3E%0A++%7D%0A HTTP/1.1" 200 82 "" "Apache-Jena-ARQ/3.0.0"
83.212.121.124 - - [04/Aug/2017:00:08:48 +0300] "GET /sparql?query=ASK%0AWHERE%0A++%7B+%3Chttp%3A%2F%2Fdbpedia.org%2Fontology%2FRestaurant%3E%0A++++++++++++++%3Chttp%3A%2F%2Fwww.w3.org%2F2000%2F01%2Frdf-schema%23subClassOf%3E++%3Chttp%3A%2F%2Fdbpedia.org%2Fontology%2FCountry%3E%0A++%7D%0A HTTP/1.1" 200 82 "" "Apache-Jena-ARQ/3.0.0"
83.212.121.124 - - [04/Aug/2017:00:08:49 +0300] "GET /sparql?query=ASK%0AWHERE%0A++%7B+%3Chttp%3A%2F%2Fdbpedia.org%2Fontology%2FRestaurant%3E%0A++++++++++++++%3Chttp%3A%2F%2Fwww.w3.org%2F2000%2F01%2Frdf-schema%23subClassOf%3E++%3Chttp%3A%2F%2Fdbpedia.org%2Fclass%2Fyago%2FCountry108544813%3E%0A++%7D%0A HTTP/1.1" 200 82 "" "Apache-Jena-ARQ/3.0.0"
83.212.121.124 - - [04/Aug/2017:00:08:49 +0300] "GET /sparql?query=ASK%0AWHERE%0A++%7B+%3Chttp%3A%2F%2Fdbpedia.org%2Fontology%2FRestaurant%3E%0A++++++++++++++%3Chttp%3A%2F%2Fwww.w3.org%2F2000%2F01%2Frdf-schema%23subClassOf%3E++%3Chttp%3A%2F%2Fdbpedia.org%2Fclass%2Fyago%2FSouthAmericanCountries%3E%0A++%7D%0A HTTP/1.1" 200 82 "" "Apache-Jena-ARQ/3.0.0"
83.212.121.124 - - [04/Aug/2017:00:08:49 +0300] "GET /sparql?query=ASK%0AWHERE%0A++%7B+%3Chttp%3A%2F%2Fdbpedia.org%2Fontology%2FRestaurant%3E%0A++++++++++++++%3Chttp%3A%2F%2Fwww.w3.org%2F2000%2F01%2Frdf-schema%23subClassOf%3E++%3Chttp%3A%2F%2Fdbpedia.org%2Fclass%2Fyago%2FMemberStatesOfTheUnitedNations%3E%0A++%7D%0A HTTP/1.1" 200 82 "" "Apache-Jena-ARQ/3.0.0"
83.212.121.124 - - [04/Aug/2017:00:08:49 +0300] "GET /sparql?query=ASK%0AWHERE%0A++%7B+%3Chttp%3A%2F%2Fdbpedia.org%2Fontology%2FRestaurant%3E%0A++++++++++++++%3Chttp%3A%2F%2Fwww.w3.org%2F2000%2F01%2Frdf-schema%23subClassOf%3E++%3Chttp%3A%2F%2Fdbpedia.org%2Fclass%2Fyago%2FSystem108435388%3E%0A++%7D%0A HTTP/1.1" 200 82 "" "Apache-Jena-ARQ/3.0.0"
83.212.121.124 - - [04/Aug/2017:00:08:49 +0300] "GET /sparql?query=ASK%0AWHERE%0A++%7B+%3Chttp%3A%2F%2Fdbpedia.org%2Fontology%2FRestaurant%3E%0A++++++++++++++%3Chttp%3A%2F%2Fwww.w3.org%2F2000%2F01%2Frdf-schema%23subClassOf%3E++%3Chttp%3A%2F%2Fdbpedia.org%2Fclass%2Fyago%2FWorldTradeOrganizationMemberEconomies%3E%0A++%7D%0A HTTP/1.1" 200 82 "" "Apache-Jena-ARQ/3.0.0"
217.182.132.51 - - [04/Aug/2017:00:08:50 +0300] "GET /sparql?query=define%20sql%3Adescribe-mode%20%22CBD%22%20%20DESCRIBE%20%3Chttp%3A%2F%2Flinkeddata.uriburner.com%2Fabout%2Fid%2Fentity%2Fhttp%2Feo.dbpedia.org%2Fresource%2FAlvoko_de_la_18a_de_Junio_1940%3E&output=text%2Fcsv HTTP/1.1" 200 66 "" "Mozilla/5.0 (compatible; AhrefsBot/5.2; +http://ahrefs.com/robot/)"
83.212.121.124 - - [04/Aug/2017:00:08:50 +0300] "GET /sparql?query=ASK%0AWHERE%0A++%7B+%3Chttp%3A%2F%2Fdbpedia.org%2Fontology%2FRestaurant%3E%0A++++++++++++++%3Chttp%3A%2F%2Fwww.w3.org%2F2000%2F01%2Frdf-schema%23subClassOf%3E++%3Chttp%3A%2F%2Fschema.org%2FCountry%3E%0A++%7D%0A HTTP/1.1" 200 82 "" "Apache-Jena-ARQ/3.0.0"
83.212.121.124 - - [04/Aug/2017:00:08:50 +0300] "GET /sparql?query=ASK%0AWHERE%0A++%7B+%3Chttp%3A%2F%2Fdbpedia.org%2Fontology%2FRestaurant%3E%0A++++++++++++++%3Chttp%3A%2F%2Fwww.w3.org%2F2000%2F01%2Frdf-schema%23subClassOf%3E++%3Chttp%3A%2F%2Fumbel.org%2Fumbel%2Frc%2FCountry%3E%0A++%7D%0A HTTP/1.1" 200 82 "" "Apache-Jena-ARQ/3.0.0"
83.212.121.124 - - [04/Aug/2017:00:08:50 +0300] "GET /sparql?query=ASK%0AWHERE%0A++%7B+%3Chttp%3A%2F%2Fdbpedia.org%2Fontology%2FRestaurant%3E%0A++++++++++++++%3Chttp%3A%2F%2Fwww.w3.org%2F2000%2F01%2Frdf-schema%23subClassOf%3E++%3Chttp%3A%2F%2Fdbpedia.org%2Fclass%2Fyago%2FFederalCountries%3E%0A++%7D%0A HTTP/1.1" 200 82 "" "Apache-Jena-ARQ/3.0.0"
83.212.121.124 - - [04/Aug/2017:00:08:50 +0300] "GET /sparql?query=ASK%0AWHERE%0A++%7B+%3Chttp%3A%2F%2Fdbpedia.org%2Fontology%2FRestaurant%3E%0A++++++++++++++%3Chttp%3A%2F%2Fwww.w3.org%2F2000%2F01%2Frdf-schema%23subClassOf%3E++%3Chttp%3A%2F%2Fdbpedia.org%2Fclass%2Fyago%2FSpanish-speakingCountries%3E%0A++%7D%0A HTTP/1.1" 200 82 "" "Apache-Jena-ARQ/3.0.0"
46.229.168.67 - - [04/Aug/2017:00:08:50 +0300] "GET /ode/?uri=http%3A//nl.dbpedia.org/property/stadsbus HTTP/1.1" 200 15166 "" "Mozilla/5.0 (compatible; SemrushBot/1.2~bl; +http://www.semrush.com/bot.html)"
83.212.121.124 - - [04/Aug/2017:00:08:50 +0300] "GET /sparql?query=ASK%0AWHERE%0A++%7B+%3Chttp%3A%2F%2Fdbpedia.org%2Fontology%2FRestaurant%3E%0A++++++++++++++%3Chttp%3A%2F%2Fwww.w3.org%2F2000%2F01%2Frdf-schema%23subClassOf%3E++%3Chttp%3A%2F%2Fdbpedia.org%2Fclass%2Fyago%2FCountriesBorderingTheAtlanticOcean%3E%0A++%7D%0A HTTP/1.1" 200 82 "" "Apache-Jena-ARQ/3.0.0"
83.212.121.124 - - [04/Aug/2017:00:08:51 +0300] "GET /sparql?query=ASK%0AWHERE%0A++%7B+%3Chttp%3A%2F%2Fdbpedia.org%2Fontology%2FRestaurant%3E%0A++++++++++++++%3Chttp%3A%2F%2Fwww.w3.org%2F2000%2F01%2Frdf-schema%23subClassOf%3E++%3Chttp%3A%2F%2Fdbpedia.org%2Fclass%2Fyago%2FMemberStatesOfTheUnionOfSouthAmericanNations%3E%0A++%7D%0A HTTP/1.1" 200 82 "" "Apache-Jena-ARQ/3.0.0"
83.212.121.124 - - [04/Aug/2017:00:08:51 +0300] "GET /sparql?query=ASK%0AWHERE%0A++%7B+%3Chttp%3A%2F%2Fdbpedia.org%2Fontology%2FRestaurant%3E%0A++++++++++++++%3Chttp%3A%2F%2Fwww.w3.org%2F2000%2F01%2Frdf-schema%23subClassOf%3E++%3Chttp%3A%2F%2Fdbpedia.org%2Fclass%2Fyago%2FMemberStatesOfMercosur%3E%0A++%7D%0A HTTP/1.1" 200 82 "" "Apache-Jena-ARQ/3.0.0"
83.212.121.124 - - [04/Aug/2017:00:08:51 +0300] "GET /sparql?query=ASK%0AWHERE%0A++%7B+%3Chttp%3A%2F%2Fdbpedia.org%2Fontology%2FRestaurant%3E%0A++++++++++++++%3Chttp%3A%2F%2Fwww.w3.org%2F2000%2F01%2Frdf-schema%23subClassOf%3E++%3Chttp%3A%2F%2Fdbpedia.org%2Fclass%2Fyago%2FPortSettlementsInTheUnitedStates%3E%0A++%7D%0A HTTP/1.1" 200 82 "" "Apache-Jena-ARQ/3.0.0"
83.212.121.124 - - [04/Aug/2017:00:08:51 +0300] "GET /sparql?query=ASK%0AWHERE%0A++%7B+%3Chttp%3A%2F%2Fdbpedia.org%2Fontology%2FRestaurant%3E%0A++++++++++++++%3Chttp%3A%2F%2Fwww.w3.org%2F2000%2F01%2Frdf-schema%23subClassOf%3E++%3Chttp%3A%2F%2Fdbpedia.org%2Fclass%2Fyago%2FRegion108630039%3E%0A++%7D%0A HTTP/1.1" 200 82 "" "Apache-Jena-ARQ/3.0.0"
46.229.168.78 - - [04/Aug/2017:00:08:51 +0300] "GET /ode/?uri=http%3A//linked-statistics.gr/resource/dataset/2015/population-density-nuts-3/obs/1152 HTTP/1.1" 200 15166 "" "Mozilla/5.0 (compatible; SemrushBot/1.2~bl; +http://www.semrush.com/bot.html)"
83.212.121.124 - - [04/Aug/2017:00:08:51 +0300] "GET /sparql?query=ASK%0AWHERE%0A++%7B+%3Chttp%3A%2F%2Fdbpedia.org%2Fontology%2FRestaurant%3E%0A++++++++++++++%3Chttp%3A%2F%2Fwww.w3.org%2F2000%2F01%2Frdf-schema%23subClassOf%3E++%3Chttp%3A%2F%2Fdbpedia.org%2Fclass%2Fyago%2FBorough108540532%3E%0A++%7D%0A HTTP/1.1" 200 82 "" "Apache-Jena-ARQ/3.0.0"
83.212.121.124 - - [04/Aug/2017:00:08:52 +0300] "GET /sparql?query=ASK%0AWHERE%0A++%7B+%3Chttp%3A%2F%2Fdbpedia.org%2Fontology%2FRestaurant%3E%0A++++++++++++++%3Chttp%3A%2F%2Fwww.w3.org%2F2000%2F01%2Frdf-schema%23subClassOf%3E++%3Chttp%3A%2F%2Fdbpedia.org%2Fclass%2Fyago%2FHousing103546340%3E%0A++%7D%0A HTTP/1.1" 200 82 "" "Apache-Jena-ARQ/3.0.0"
83.212.121.124 - - [04/Aug/2017:00:08:52 +0300] "GET /sparql?query=ASK%0AWHERE%0A++%7B+%3Chttp%3A%2F%2Fdbpedia.org%2Fontology%2FRestaurant%3E%0A++++++++++++++%3Chttp%3A%2F%2Fwww.w3.org%2F2000%2F01%2Frdf-schema%23subClassOf%3E++%3Chttp%3A%2F%2Fwww.ontologydesignpatterns.org%2Font%2Ffred%2Fdomain.owl%23Country%3E%0A++%7D%0A HTTP/1.1" 200 82 "" "Apache-Jena-ARQ/3.0.0"
83.212.121.124 - - [04/Aug/2017:00:08:52 +0300] "GET /sparql?query=ASK%0AWHERE%0A++%7B+%3Chttp%3A%2F%2Fdbpedia.org%2Fontology%2FRestaurant%3E%0A++++++++++++++%3Chttp%3A%2F%2Fwww.w3.org%2F2000%2F01%2Frdf-schema%23subClassOf%3E++%3Chttp%3A%2F%2Fwww.wikidata.org%2Fentity%2FQ6256%3E%0A++%7D%0A HTTP/1.1" 200 82 "" "Apache-Jena-ARQ/3.0.0"
180.76.15.31 - - [04/Aug/2017:00:08:52 +0300] "GET /ode/?uri=http%3A%2F%2Freference.eionet.europa.eu%2Faq%2FNO.NILU.AQD%2FSPO_NO0057A_8_44 HTTP/1.1" 200 15166 "" "Mozilla/5.0 (compatible; Baiduspider/2.0; +http://www.baidu.com/search/spider.html)"
83.212.121.124 - - [04/Aug/2017:00:08:52 +0300] "GET /sparql?query=ASK%0AWHERE%0A++%7B+%3Chttp%3A%2F%2Fdbpedia.org%2Fontology%2FRestaurant%3E%0A++++++++++++++%3Chttp%3A%2F%2Fwww.w3.org%2F2000%2F01%2Frdf-schema%23subClassOf%3E++%3Chttp%3A%2F%2Fdbpedia.org%2Fclass%2Fyago%2FWikicatCountries%3E%0A++%7D%0A HTTP/1.1" 200 82 "" "Apache-Jena-ARQ/3.0.0"
83.212.121.124 - - [04/Aug/2017:00:08:52 +0300] "GET /sparql?query=ASK%0AWHERE%0A++%7B+%3Chttp%3A%2F%2Fdbpedia.org%2Fontology%2FRestaurant%3E%0A++++++++++++++%3Chttp%3A%2F%2Fwww.w3.org%2F2000%2F01%2Frdf-schema%23subClassOf%3E++%3Chttp%3A%2F%2Fdbpedia.org%2Fclass%2Fyago%2FWikicatMemberStatesOfTheUnitedNations%3E%0A++%7D%0A HTTP/1.1" 200 82 "" "Apache-Jena-ARQ/3.0.0"
83.212.121.124 - - [04/Aug/2017:00:08:53 +0300] "GET /sparql?query=ASK%0AWHERE%0A++%7B+%3Chttp%3A%2F%2Fdbpedia.org%2Fontology%2FRestaurant%3E%0A++++++++++++++%3Chttp%3A%2F%2Fwww.w3.org%2F2000%2F01%2Frdf-schema%23subClassOf%3E++%3Chttp%3A%2F%2Fdbpedia.org%2Fclass%2Fyago%2FWikicatRomanceCountriesAndTerritories%3E%0A++%7D%0A HTTP/1.1" 200 82 "" "Apache-Jena-ARQ/3.0.0"
83.212.121.124 - - [04/Aug/2017:00:08:53 +0300] "GET /sparql?query=ASK%0AWHERE%0A++%7B+%3Chttp%3A%2F%2Fdbpedia.org%2Fontology%2FRestaurant%3E%0A++++++++++++++%3Chttp%3A%2F%2Fwww.w3.org%2F2000%2F01%2Frdf-schema%23subClassOf%3E++%3Chttp%3A%2F%2Fdbpedia.org%2Fclass%2Fyago%2FCountriesBorderingThePacificOcean%3E%0A++%7D%0A HTTP/1.1" 200 82 "" "Apache-Jena-ARQ/3.0.0"
83.212.121.124 - - [04/Aug/2017:00:08:53 +0300] "GET /sparql?query=ASK%0AWHERE%0A++%7B+%3Chttp%3A%2F%2Fdbpedia.org%2Fontology%2FRestaurant%3E%0A++++++++++++++%3Chttp%3A%2F%2Fwww.w3.org%2F2000%2F01%2Frdf-schema%23subClassOf%3E++%3Chttp%3A%2F%2Fdbpedia.org%2Fontology%2FUniversity%3E%0A++%7D%0A HTTP/1.1" 200 82 "" "Apache-Jena-ARQ/3.0.0"
83.212.121.124 - - [04/Aug/2017:00:08:53 +0300] "GET /sparql?query=ASK%0AWHERE%0A++%7B+%3Chttp%3A%2F%2Fdbpedia.org%2Fontology%2FRestaurant%3E%0A++++++++++++++%3Chttp%3A%2F%2Fwww.w3.org%2F2000%2F01%2Frdf-schema%23subClassOf%3E++%3Chttp%3A%2F%2Fschema.org%2FCollegeOrUniversity%3E%0A++%7D%0A HTTP/1.1" 200 82 "" "Apache-Jena-ARQ/3.0.0"
83.212.121.124 - - [04/Aug/2017:00:08:53 +0300] "GET /sparql?query=ASK%0AWHERE%0A++%7B+%3Chttp%3A%2F%2Fdbpedia.org%2Fontology%2FRestaurant%3E%0A++++++++++++++%3Chttp%3A%2F%2Fwww.w3.org%2F2000%2F01%2Frdf-schema%23subClassOf%3E++%3Chttp%3A%2F%2Fumbel.org%2Fumbel%2Frc%2FUniversity%3E%0A++%7D%0A HTTP/1.1" 200 82 "" "Apache-Jena-ARQ/3.0.0"
83.212.121.124 - - [04/Aug/2017:00:08:54 +0300] "GET /sparql?query=ASK%0AWHERE%0A++%7B+%3Chttp%3A%2F%2Fdbpedia.org%2Fontology%2FRestaurant%3E%0A++++++++++++++%3Chttp%3A%2F%2Fwww.w3.org%2F2000%2F01%2Frdf-schema%23subClassOf%3E++%3Chttp%3A%2F%2Fdbpedia.org%2Fclass%2Fyago%2FUniversity108286569%3E%0A++%7D%0A HTTP/1.1" 200 82 "" "Apache-Jena-ARQ/3.0.0"
83.212.121.124 - - [04/Aug/2017:00:08:54 +0300] "GET /sparql?query=ASK%0AWHERE%0A++%7B+%3Chttp%3A%2F%2Fdbpedia.org%2Fontology%2FRestaurant%3E%0A++++++++++++++%3Chttp%3A%2F%2Fwww.w3.org%2F2000%2F01%2Frdf-schema%23subClassOf%3E++%3Chttp%3A%2F%2Fwww.wikidata.org%2Fentity%2FQ3918%3E%0A++%7D%0A HTTP/1.1" 200 82 "" "Apache-Jena-ARQ/3.0.0"
83.212.121.124 - - [04/Aug/2017:00:08:54 +0300] "GET /sparql?query=ASK%0AWHERE%0A++%7B+%3Chttp%3A%2F%2Fdbpedia.org%2Fontology%2FRestaurant%3E%0A++++++++++++++%3Chttp%3A%2F%2Fwww.w3.org%2F2000%2F01%2Frdf-schema%23subClassOf%3E++%3Chttp%3A%2F%2Fdbpedia.org%2Fclass%2Fyago%2FMemberStatesOfOPEC%3E%0A++%7D%0A HTTP/1.1" 200 82 "" "Apache-Jena-ARQ/3.0.0"
83.212.121.124 - - [04/Aug/2017:00:08:54 +0300] "GET /sparql?query=ASK%0AWHERE%0A++%7B+%3Chttp%3A%2F%2Fdbpedia.org%2Fontology%2FRestaurant%3E%0A++++++++++++++%3Chttp%3A%2F%2Fwww.w3.org%2F2000%2F01%2Frdf-schema%23subClassOf%3E++%3Chttp%3A%2F%2Fdbpedia.org%2Fclass%2Fyago%2FAfricanUnionMemberEconomies%3E%0A++%7D%0A HTTP/1.1" 200 82 "" "Apache-Jena-ARQ/3.0.0"
83.212.121.124 - - [04/Aug/2017:00:08:54 +0300] "GET /sparql?query=ASK%0AWHERE%0A++%7B+%3Chttp%3A%2F%2Fdbpedia.org%2Fontology%2FRestaurant%3E%0A++++++++++++++%3Chttp%3A%2F%2Fwww.w3.org%2F2000%2F01%2Frdf-schema%23subClassOf%3E++%3Chttp%3A%2F%2Fdbpedia.org%2Fclass%2Fyago%2FAfricanCountries%3E%0A++%7D%0A HTTP/1.1" 200 82 "" "Apache-Jena-ARQ/3.0.0"
83.212.121.124 - - [04/Aug/2017:00:08:55 +0300] "GET /sparql?query=ASK%0AWHERE%0A++%7B+%3Chttp%3A%2F%2Fdbpedia.org%2Fontology%2FRestaurant%3E%0A++++++++++++++%3Chttp%3A%2F%2Fwww.w3.org%2F2000%2F01%2Frdf-schema%23subClassOf%3E++%3Chttp%3A%2F%2Fdbpedia.org%2Fclass%2Fyago%2FMemberStatesOfTheAfricanUnion%3E%0A++%7D%0A HTTP/1.1" 200 82 "" "Apache-Jena-ARQ/3.0.0"
83.212.121.124 - - [04/Aug/2017:00:08:55 +0300] "GET /sparql?query=ASK%0AWHERE%0A++%7B+%3Chttp%3A%2F%2Fdbpedia.org%2Fontology%2FRestaurant%3E%0A++++++++++++++%3Chttp%3A%2F%2Fwww.w3.org%2F2000%2F01%2Frdf-schema%23subClassOf%3E++%3Chttp%3A%2F%2Fdbpedia.org%2Fclass%2Fyago%2FMemberStatesOfLaFrancophonie%3E%0A++%7D%0A HTTP/1.1" 200 82 "" "Apache-Jena-ARQ/3.0.0"
217.182.132.177 - - [04/Aug/2017:00:08:55 +0300] "GET /sparql?query=define%20sql%3Adescribe-mode%20%22CBD%22%20%20DESCRIBE%20%3Chttp%3A%2F%2Fen.wikipedia.org%2Fwiki%2FIPod_Nano%3E&output=application%2Frdf%2Bxml HTTP/1.1" 200 170 "" "Mozilla/5.0 (compatible; AhrefsBot/5.2; +http://ahrefs.com/robot/)"
83.212.121.124 - - [04/Aug/2017:00:08:55 +0300] "GET /sparql?query=ASK%0AWHERE%0A++%7B+%3Chttp%3A%2F%2Fdbpedia.org%2Fontology%2FRestaurant%3E%0A++++++++++++++%3Chttp%3A%2F%2Fwww.w3.org%2F2000%2F01%2Frdf-schema%23subClassOf%3E++%3Chttp%3A%2F%2Fcommontag.org%2Fns%23Tag%3E%0A++%7D%0A HTTP/1.1" 200 82 "" "Apache-Jena-ARQ/3.0.0"
31.207.6.2 - - [04/Aug/2017:00:08:55 +0300] "GET /describe/?url=http://in.pinterest.com/pin/708472585102355371/ HTTP/1.1" 404 3861 "http://proxy.uriburner.com/" "Opera/9.80 (Windows NT 6.2; Win64; x64) Presto/2.12.388 Version/12.17"
83.212.121.124 - - [04/Aug/2017:00:08:55 +0300] "GET /sparql?query=ASK%0AWHERE%0A++%7B+%3Chttp%3A%2F%2Fdbpedia.org%2Fontology%2FRestaurant%3E%0A++++++++++++++%3Chttp%3A%2F%2Fwww.w3.org%2F2000%2F01%2Frdf-schema%23subClassOf%3E++%3Chttp%3A%2F%2Fwww.w3.org%2F2004%2F02%2Fskos%2Fcore%23Concept%3E%0A++%7D%0A HTTP/1.1" 200 82 "" "Apache-Jena-ARQ/3.0.0"
83.212.121.124 - - [04/Aug/2017:00:08:56 +0300] "GET /sparql?query=ASK%0AWHERE%0A++%7B+%3Chttp%3A%2F%2Fdbpedia.org%2Fontology%2FRestaurant%3E%0A++++++++++++++%3Chttp%3A%2F%2Fwww.w3.org%2F2000%2F01%2Frdf-schema%23subClassOf%3E++%3Chttp%3A%2F%2Fdbpedia.org%2Fclass%2Fyago%2FLand109334396%3E%0A++%7D%0A HTTP/1.1" 200 82 "" "Apache-Jena-ARQ/3.0.0"
83.212.121.124 - - [04/Aug/2017:00:08:56 +0300] "GET /sparql?query=ASK%0AWHERE%0A++%7B+%3Chttp%3A%2F%2Fdbpedia.org%2Fontology%2FRestaurant%3E%0A++++++++++++++%3Chttp%3A%2F%2Fwww.w3.org%2F2000%2F01%2Frdf-schema%23subClassOf%3E++%3Chttp%3A%2F%2Fdbpedia.org%2Fclass%2Fyago%2FIsland109316454%3E%0A++%7D%0A HTTP/1.1" 200 82 "" "Apache-Jena-ARQ/3.0.0"
83.212.121.124 - - [04/Aug/2017:00:08:56 +0300] "GET /sparql?query=ASK%0AWHERE%0A++%7B+%3Chttp%3A%2F%2Fdbpedia.org%2Fontology%2FRestaurant%3E%0A++++++++++++++%3Chttp%3A%2F%2Fwww.w3.org%2F2000%2F01%2Frdf-schema%23subClassOf%3E++%3Chttp%3A%2F%2Fdbpedia.org%2Fontology%2FIsland%3E%0A++%7D%0A HTTP/1.1" 200 82 "" "Apache-Jena-ARQ/3.0.0"
51.255.65.79 - - [04/Aug/2017:00:08:56 +0300] "GET /isparql/view/?query=define%20sql%3Adescribe-mode%20%22CBD%22%20DESCRIBE%20%3Chttp%3A%2F%2Feo.dbpedia.org%2Fresource%2FKategorio%3AUsonaj_%C3%83%C2%83%C3%82%C2%83%C3%83%C2%82%C3%82%C2%84%C3%83%C2%83%C3%82%C2%82%C3%83%C2%82%C3%82%C2%B5azklarnetistoj%3E&resultview=browser HTTP/1.1" 200 2591 "" "Mozilla/5.0 (compatible; AhrefsBot/5.2; +http://ahrefs.com/robot/)"
83.212.121.124 - - [04/Aug/2017:00:08:56 +0300] "GET /sparql?query=ASK%0AWHERE%0A++%7B+%3Chttp%3A%2F%2Fdbpedia.org%2Fontology%2FRestaurant%3E%0A++++++++++++++%3Chttp%3A%2F%2Fwww.w3.org%2F2000%2F01%2Frdf-schema%23subClassOf%3E++%3Chttp%3A%2F%2Fwww.wikidata.org%2Fentity%2FQ23442%3E%0A++%7D%0A HTTP/1.1" 200 82 "" "Apache-Jena-ARQ/3.0.0"
51.255.65.22 - - [04/Aug/2017:00:08:56 +0300] "GET /sparql?query=define%20sql%3Adescribe-mode%20%22CBD%22%20%20DESCRIBE%20%3Chttp%3A%2F%2Fwww.emergencymedicalrestraint.com%2Flouisvuittonreplicasunglasses.htm%3E&output=text%2Fcsv HTTP/1.1" 200 66 "" "Mozilla/5.0 (compatible; AhrefsBot/5.2; +http://ahrefs.com/robot/)"
83.212.121.124 - - [04/Aug/2017:00:08:56 +0300] "GET /sparql?query=ASK%0AWHERE%0A++%7B+%3Chttp%3A%2F%2Fdbpedia.org%2Fontology%2FRestaurant%3E%0A++++++++++++++%3Chttp%3A%2F%2Fwww.w3.org%2F2000%2F01%2Frdf-schema%23subClassOf%3E++%3Chttp%3A%2F%2Fdbpedia.org%2Fclass%2Fyago%2FIslandCountries%3E%0A++%7D%0A HTTP/1.1" 200 82 "" "Apache-Jena-ARQ/3.0.0"
46.229.168.69 - - [04/Aug/2017:00:08:56 +0300] "GET /ode/?uri=http%3A//cs.dbpedia.org/resource/T%C3%BDn_nad_Vltavou HTTP/1.1" 200 15166 "" "Mozilla/5.0 (compatible; SemrushBot/1.2~bl; +http://www.semrush.com/bot.html)"
83.212.121.124 - - [04/Aug/2017:00:08:57 +0300] "GET /sparql?query=ASK%0AWHERE%0A++%7B+%3Chttp%3A%2F%2Fdbpedia.org%2Fontology%2FRestaurant%3E%0A++++++++++++++%3Chttp%3A%2F%2Fwww.w3.org%2F2000%2F01%2Frdf-schema%23subClassOf%3E++%3Chttp%3A%2F%2Fdbpedia.org%2Fclass%2Fyago%2FDomain108556491%3E%0A++%7D%0A HTTP/1.1" 200 82 "" "Apache-Jena-ARQ/3.0.0"
83.212.121.124 - - [04/Aug/2017:00:08:57 +0300] "GET /sparql?query=ASK%0AWHERE%0A++%7B+%3Chttp%3A%2F%2Fdbpedia.org%2Fontology%2FRestaurant%3E%0A++++++++++++++%3Chttp%3A%2F%2Fwww.w3.org%2F2000%2F01%2Frdf-schema%23subClassOf%3E++%3Chttp%3A%2F%2Fdbpedia.org%2Fclass%2Fyago%2FState108654360%3E%0A++%7D%0A HTTP/1.1" 200 82 "" "Apache-Jena-ARQ/3.0.0"
103.213.130.231 - - [04/Aug/2017:00:08:57 +0300] "GET /HtmlPivotViewer/?url=http://www.kaskus.co.id/profile/9475010 HTTP/1.1" 200 3133 "http://linkeddata.uriburner.com/" "Mozilla/5.0 (Windows NT 10.0; Win64; x64) AppleWebKit/537.36 (KHTML, like Gecko) Chrome/59.0.3071.115 Safari/537.36"
83.212.121.124 - - [04/Aug/2017:00:08:57 +0300] "GET /sparql?query=ASK%0AWHERE%0A++%7B+%3Chttp%3A%2F%2Fdbpedia.org%2Fontology%2FRestaurant%3E%0A++++++++++++++%3Chttp%3A%2F%2Fwww.w3.org%2F2000%2F01%2Frdf-schema%23subClassOf%3E++%3Chttp%3A%2F%2Fdbpedia.org%2Fclass%2Fyago%2FEuropeanCapitalsOfCulture%3E%0A++%7D%0A HTTP/1.1" 200 82 "" "Apache-Jena-ARQ/3.0.0"
