83.212.121.124 - - [04/Aug/2017:00:10:42 +0300] "GET /sparql?query=ASK%0AWHERE%0A++%7B+%3Chttp%3A%2F%2Fschema.org%2FRestaurant%3E%0A++++++++++++++%3Chttp%3A%2F%2Fwww.w3.org%2F2000%2F01%2Frdf-schema%23subClassOf%3E++%3Chttp%3A%2F%2Flive.dbpedia.org%2Fclass%2Fyago%2FYagoGeoEntity%3E%0A++%7D%0A HTTP/1.1" 200 82 "" "Apache-Jena-ARQ/3.0.0"
83.212.121.124 - - [04/Aug/2017:00:10:43 +0300] "GET /sparql?query=ASK%0AWHERE%0A++%7B+%3Chttp%3A%2F%2Fschema.org%2FRestaurant%3E%0A++++++++++++++%3Chttp%3A%2F%2Fwww.w3.org%2F2000%2F01%2Frdf-schema%23subClassOf%3E++%3Chttp%3A%2F%2Flive.dbpedia.org%2Fclass%2Fyago%2FYagoPermanentlyLocatedEntity%3E%0A++%7D%0A HTTP/1.1" 200 82 "" "Apache-Jena-ARQ/3.0.0"
83.212.121.124 - - [04/Aug/2017:00:10:43 +0300] "GET /sparql?query=ASK%0AWHERE%0A++%7B+%3Chttp%3A%2F%2Fschema.org%2FRestaurant%3E%0A++++++++++++++%3Chttp%3A%2F%2Fwww.w3.org%2F2000%2F01%2Frdf-schema%23subClassOf%3E++%3Chttp%3A%2F%2Flive.dbpedia.org%2Fontology%2FPlace%3E%0A++%7D%0A HTTP/1.1" 200 82 "" "Apache-Jena-ARQ/3.0.0"
83.212.121.124 - - [04/Aug/2017:00:10:43 +0300] "GET /sparql?query=ASK%0AWHERE%0A++%7B+%3Chttp%3A%2F%2Fschema.org%2FRestaurant%3E%0A++++++++++++++%3Chttp%3A%2F%2Fwww.w3.org%2F2000%2F01%2Frdf-schema%23subClassOf%3E++%3Chttp%3A%2F%2Flive.dbpedia.org%2Fclass%2Fyago%2FCity108524735%3E%0A++%7D%0A HTTP/1.1" 200 82 "" "Apache-Jena-ARQ/3.0.0"
83.212.121.124 - - [04/Aug/2017:00:10:43 +0300] "GET /sparql?query=ASK%0AWHERE%0A++%7B+%3Chttp%3A%2F%2Fschema.org%2FRestaurant%3E%0A++++++++++++++%3Chttp%3A%2F%2Fwww.w3.org%2F2000%2F01%2Frdf-schema%23subClassOf%3E++%3Chttp%3A%2F%2Flive.dbpedia.org%2Fclass%2Fyago%2FCapital108518505%3E%0A++%7D%0A HTTP/1.1" 200 82 "" "Apache-Jena-ARQ/3.0.0"
83.212.121.124 - - [04/Aug/2017:00:10:43 +0300] "GET /sparql?query=ASK%0AWHERE%0A++%7B+%3Chttp%3A%2F%2Fschema.org%2FRestaurant%3E%0A++++++++++++++%3Chttp%3A%2F%2Fwww.w3.org%2F2000%2F01%2Frdf-schema%23subClassOf%3E++%3Chttp%3A%2F%2Flive.dbpedia.org%2Fclass%2Fyago%2FCapitalsInEurope%3E%0A++%7D%0A HTTP/1.1" 200 82 "" "Apache-Jena-ARQ/3.0.0"
83.212.121.124 - - [04/Aug/2017:00:10:44 +0300] "GET /sparql?query=ASK%0AWHERE%0A++%7B+%3Chttp%3A%2F%2Fschema.org%2FRestaurant%3E%0A++++++++++++++%3Chttp%3A%2F%2Fwww.w3.org%2F2000%2F01%2Frdf-schema%23subClassOf%3E++%3Chttp%3A%2F%2Flive.dbpedia.org%2Fontology%2FLocation%3E%0A++%7D%0A HTTP/1.1" 200 82 "" "Apache-Jena-ARQ/3.0.0"
180.76.15.138 - - [04/Aug/2017:00:10:44 +0300] "GET /ode/?uri=http%3A%2F%2Fja.dbpedia.org%2Fresource%2F%E3%82%A2%E3%83%AC%E3%82%A4%E5%B7%9D HTTP/1.1" 304 0 "" "Mozilla/5.0 (compatible; Baiduspider/2.0; +http://www.baidu.com/search/spider.html)"
83.212.121.124 - - [04/Aug/2017:00:10:44 +0300] "GET /sparql?query=ASK%0AWHERE%0A++%7B+%3Chttp%3A%2F%2Fschema.org%2FRestaurant%3E%0A++++++++++++++%3Chttp%3A%2F%2Fwww.w3.org%2F2000%2F01%2Frdf-schema%23subClassOf%3E++%3Chttp%3A%2F%2Flive.dbpedia.org%2Fclass%2Fyago%2FSite108651247%3E%0A++%7D%0A HTTP/1.1" 200 82 "" "Apache-Jena-ARQ/3.0.0"
96.233.64.17 - - [04/Aug/2017:00:10:44 +0300] "GET /rdfdesc/statics/css/images/ui-icons_444444_256x240.png HTTP/1.1" 404 217 "http://linkeddata.uriburner.com/rdfdesc/statics/css/jquery-ui.min.css" "Mozilla/5.0 (Macintosh; Intel Mac OS X 10_11_6) AppleWebKit/537.36 (KHTML, like Gecko) Chrome/60.0.3112.78 Safari/537.36"
83.212.121.124 - - [04/Aug/2017:00:10:44 +0300] "GET /sparql?query=ASK%0AWHERE%0A++%7B+%3Chttp%3A%2F%2Fschema.org%2FRestaurant%3E%0A++++++++++++++%3Chttp%3A%2F%2Fwww.w3.org%2F2000%2F01%2Frdf-schema%23subClassOf%3E++%3Chttp%3A%2F%2Flive.dbpedia.org%2Fclass%2Fyago%2FDistrict108552138%3E%0A++%7D%0A HTTP/1.1" 200 82 "" "Apache-Jena-ARQ/3.0.0"
83.212.121.124 - - [04/Aug/2017:00:10:44 +0300] "GET /sparql?query=ASK%0AWHERE%0A++%7B+%3Chttp%3A%2F%2Fschema.org%2FRestaurant%3E%0A++++++++++++++%3Chttp%3A%2F%2Fwww.w3.org%2F2000%2F01%2Frdf-schema%23subClassOf%3E++%3Chttp%3A%2F%2Flive.dbpedia.org%2Fclass%2Fyago%2FSeat108647945%3E%0A++%7D%0A HTTP/1.1" 200 82 "" "Apache-Jena-ARQ/3.0.0"
83.212.121.124 - - [04/Aug/2017:00:10:44 +0300] "GET /sparql?query=ASK%0AWHERE%0A++%7B+%3Chttp%3A%2F%2Fschema.org%2FRestaurant%3E%0A++++++++++++++%3Chttp%3A%2F%2Fwww.w3.org%2F2000%2F01%2Frdf-schema%23subClassOf%3E++%3Chttp%3A%2F%2Flive.dbpedia.org%2Fclass%2Fyago%2FAdministrativeDistrict108491826%3E%0A++%7D%0A HTTP/1.1" 200 82 "" "Apache-Jena-ARQ/3.0.0"
46.229.168.73 - - [04/Aug/2017:00:10:45 +0300] "GET /ode/?uri=http%3A//nl.dbpedia.org/resource/Michael_D._Higgins HTTP/1.1" 200 15166 "" "Mozilla/5.0 (compatible; SemrushBot/1.2~bl; +http://www.semrush.com/bot.html)"
83.212.121.124 - - [04/Aug/2017:00:10:45 +0300] "GET /sparql?query=ASK%0AWHERE%0A++%7B+%3Chttp%3A%2F%2Fschema.org%2FRestaurant%3E%0A++++++++++++++%3Chttp%3A%2F%2Fwww.w3.org%2F2000%2F01%2Frdf-schema%23subClassOf%3E++%3Chttp%3A%2F%2Flive.dbpedia.org%2Fclass%2Fyago%2FCenter108523483%3E%0A++%7D%0A HTTP/1.1" 200 82 "" "Apache-Jena-ARQ/3.0.0"
83.212.121.124 - - [04/Aug/2017:00:10:45 +0300] "GET /sparql?query=ASK%0AWHERE%0A++%7B+%3Chttp%3A%2F%2Fschema.org%2FRestaurant%3E%0A++++++++++++++%3Chttp%3A%2F%2Fwww.w3.org%2F2000%2F01%2Frdf-schema%23subClassOf%3E++%3Chttp%3A%2F%2Flive.dbpedia.org%2Fclass%2Fyago%2FGeographicalArea108574314%3E%0A++%7D%0A HTTP/1.1" 200 82 "" "Apache-Jena-ARQ/3.0.0"
83.212.121.124 - - [04/Aug/2017:00:10:45 +0300] "GET /sparql?query=ASK%0AWHERE%0A++%7B+%3Chttp%3A%2F%2Fschema.org%2FRestaurant%3E%0A++++++++++++++%3Chttp%3A%2F%2Fwww.w3.org%2F2000%2F01%2Frdf-schema%23subClassOf%3E++%3Chttp%3A%2F%2Flive.dbpedia.org%2Fclass%2Fyago%2FMunicipality108626283%3E%0A++%7D%0A HTTP/1.1" 200 82 "" "Apache-Jena-ARQ/3.0.0"
96.233.64.17 - - [04/Aug/2017:00:10:45 +0300] "GET /about/queue/status?uri=&&oatSecurityCookie=1587847962378588 HTTP/1.1" 200 260 "http://linkeddata.uriburner.com/about/html/https/www.hl7.org/fhir/fhir.ttl" "Mozilla/5.0 (Macintosh; Intel Mac OS X 10_11_6) AppleWebKit/537.36 (KHTML, like Gecko) Chrome/60.0.3112.78 Safari/537.36"
83.212.121.124 - - [04/Aug/2017:00:10:45 +0300] "GET /sparql?query=ASK%0AWHERE%0A++%7B+%3Chttp%3A%2F%2Fschema.org%2FRestaurant%3E%0A++++++++++++++%3Chttp%3A%2F%2Fwww.w3.org%2F2000%2F01%2Frdf-schema%23subClassOf%3E++%3Chttp%3A%2F%2Flive.dbpedia.org%2Fontology%2FPopulatedPlace%3E%0A++%7D%0A HTTP/1.1" 200 82 "" "Apache-Jena-ARQ/3.0.0"
96.233.64.17 - - [04/Aug/2017:00:10:45 +0300] "GET /about/queue/status?uri=https%3A%2F%2Fwww.hl7.org%2Ffhir%2Ffhir.ttl&&oatSecurityCookie=06599527878623013 HTTP/1.1" 200 55 "http://linkeddata.uriburner.com/about/html/https/www.hl7.org/fhir/fhir.ttl" "Mozilla/5.0 (Macintosh; Intel Mac OS X 10_11_6) AppleWebKit/537.36 (KHTML, like Gecko) Chrome/60.0.3112.78 Safari/537.36"
83.212.121.124 - - [04/Aug/2017:00:10:45 +0300] "GET /sparql?query=ASK%0AWHERE%0A++%7B+%3Chttp%3A%2F%2Fschema.org%2FRestaurant%3E%0A++++++++++++++%3Chttp%3A%2F%2Fwww.w3.org%2F2000%2F01%2Frdf-schema%23subClassOf%3E++%3Chttp%3A%2F%2Flive.dbpedia.org%2Fclass%2Fyago%2FTract108673395%3E%0A++%7D%0A HTTP/1.1" 200 82 "" "Apache-Jena-ARQ/3.0.0"
83.212.121.124 - - [04/Aug/2017:00:10:46 +0300] "GET /sparql?query=ASK%0AWHERE%0A++%7B+%3Chttp%3A%2F%2Fschema.org%2FRestaurant%3E%0A++++++++++++++%3Chttp%3A%2F%2Fwww.w3.org%2F2000%2F01%2Frdf-schema%23subClassOf%3E++%3Chttp%3A%2F%2Flive.dbpedia.org%2Fclass%2Fyago%2FUrbanArea108675967%3E%0A++%7D%0A HTTP/1.1" 200 82 "" "Apache-Jena-ARQ/3.0.0"
83.212.121.124 - - [04/Aug/2017:00:10:46 +0300] "GET /sparql?query=ASK%0AWHERE%0A++%7B+%3Chttp%3A%2F%2Fschema.org%2FRestaurant%3E%0A++++++++++++++%3Chttp%3A%2F%2Fwww.w3.org%2F2000%2F01%2Frdf-schema%23subClassOf%3E++%3Chttp%3A%2F%2Flive.dbpedia.org%2Fclass%2Fyago%2FStatesAndTerritoriesEstablishedIn1237%3E%0A++%7D%0A HTTP/1.1" 200 82 "" "Apache-Jena-ARQ/3.0.0"
83.212.121.124 - - [04/Aug/2017:00:10:46 +0300] "GET /sparql?query=ASK%0AWHERE%0A++%7B+%3Chttp%3A%2F%2Fschema.org%2FRestaurant%3E%0A++++++++++++++%3Chttp%3A%2F%2Fwww.w3.org%2F2000%2F01%2Frdf-schema%23subClassOf%3E++%3Chttp%3A%2F%2Flive.dbpedia.org%2Fclass%2Fyago%2FStatesOfGermany%3E%0A++%7D%0A HTTP/1.1" 200 82 "" "Apache-Jena-ARQ/3.0.0"
83.212.121.124 - - [04/Aug/2017:00:10:46 +0300] "GET /sparql?query=ASK%0AWHERE%0A++%7B+%3Chttp%3A%2F%2Fschema.org%2FRestaurant%3E%0A++++++++++++++%3Chttp%3A%2F%2Fwww.w3.org%2F2000%2F01%2Frdf-schema%23subClassOf%3E++%3Chttp%3A%2F%2Flive.dbpedia.org%2Fclass%2Fyago%2FYagoLegalActorGeo%3E%0A++%7D%0A HTTP/1.1" 200 82 "" "Apache-Jena-ARQ/3.0.0"
83.212.121.124 - - [04/Aug/2017:00:10:46 +0300] "GET /sparql?query=ASK%0AWHERE%0A++%7B+%3Chttp%3A%2F%2Fschema.org%2FRestaurant%3E%0A++++++++++++++%3Chttp%3A%2F%2Fwww.w3.org%2F2000%2F01%2Frdf-schema%23subClassOf%3E++%3Chttp%3A%2F%2Flive.dbpedia.org%2Fclass%2Fyago%2FEuropeanCapitalsOfCulture%3E%0A++%7D%0A HTTP/1.1" 200 82 "" "Apache-Jena-ARQ/3.0.0"
83.212.121.124 - - [04/Aug/2017:00:10:47 +0300] "GET /sparql?query=ASK%0AWHERE%0A++%7B+%3Chttp%3A%2F%2Fschema.org%2FRestaurant%3E%0A++++++++++++++%3Chttp%3A%2F%2Fwww.w3.org%2F2000%2F01%2Frdf-schema%23subClassOf%3E++%3Chttp%3A%2F%2Flive.dbpedia.org%2Fclass%2Fyago%2FCountry108544813%3E%0A++%7D%0A HTTP/1.1" 200 82 "" "Apache-Jena-ARQ/3.0.0"
83.212.121.124 - - [04/Aug/2017:00:10:47 +0300] "GET /sparql?query=ASK%0AWHERE%0A++%7B+%3Chttp%3A%2F%2Fschema.org%2FRestaurant%3E%0A++++++++++++++%3Chttp%3A%2F%2Fwww.w3.org%2F2000%2F01%2Frdf-schema%23subClassOf%3E++%3Chttp%3A%2F%2Flive.dbpedia.org%2Fclass%2Fyago%2FHostCitiesOfTheSummerOlympicGames%3E%0A++%7D%0A HTTP/1.1" 200 82 "" "Apache-Jena-ARQ/3.0.0"
83.212.121.124 - - [04/Aug/2017:00:10:47 +0300] "GET /sparql?query=ASK%0AWHERE%0A++%7B+%3Chttp%3A%2F%2Fschema.org%2FRestaurant%3E%0A++++++++++++++%3Chttp%3A%2F%2Fwww.w3.org%2F2000%2F01%2Frdf-schema%23subClassOf%3E++%3Chttp%3A%2F%2Flive.dbpedia.org%2Fclass%2Fyago%2FStateCapital108695539%3E%0A++%7D%0A HTTP/1.1" 200 82 "" "Apache-Jena-ARQ/3.0.0"
83.212.121.124 - - [04/Aug/2017:00:10:47 +0300] "GET /sparql?query=ASK%0AWHERE%0A++%7B+%3Chttp%3A%2F%2Fschema.org%2FRestaurant%3E%0A++++++++++++++%3Chttp%3A%2F%2Fwww.w3.org%2F2000%2F01%2Frdf-schema%23subClassOf%3E++%3Chttp%3A%2F%2Flive.dbpedia.org%2Fclass%2Fyago%2FGermanStateCapitals%3E%0A++%7D%0A HTTP/1.1" 200 82 "" "Apache-Jena-ARQ/3.0.0"
83.212.121.124 - - [04/Aug/2017:00:10:47 +0300] "GET /sparql?query=ASK%0AWHERE%0A++%7B+%3Chttp%3A%2F%2Fschema.org%2FRestaurant%3E%0A++++++++++++++%3Chttp%3A%2F%2Fwww.w3.org%2F2000%2F01%2Frdf-schema%23subClassOf%3E++%3Chttp%3A%2F%2Flive.dbpedia.org%2Fontology%2FRegion%3E%0A++%7D%0A HTTP/1.1" 200 82 "" "Apache-Jena-ARQ/3.0.0"
83.212.121.124 - - [04/Aug/2017:00:10:48 +0300] "GET /sparql?query=ASK%0AWHERE%0A++%7B+%3Chttp%3A%2F%2Fschema.org%2FRestaurant%3E%0A++++++++++++++%3Chttp%3A%2F%2Fwww.w3.org%2F2000%2F01%2Frdf-schema%23subClassOf%3E++%3Chttp%3A%2F%2Flive.dbpedia.org%2Fclass%2Fyago%2FPopulatedPlacesEstablishedInThe13thCentury%3E%0A++%7D%0A HTTP/1.1" 200 82 "" "Apache-Jena-ARQ/3.0.0"
83.212.121.124 - - [04/Aug/2017:00:10:48 +0300] "GET /sparql?query=ASK%0AWHERE%0A++%7B+%3Chttp%3A%2F%2Fschema.org%2FRestaurant%3E%0A++++++++++++++%3Chttp%3A%2F%2Fwww.w3.org%2F2000%2F01%2Frdf-schema%23subClassOf%3E++%3Chttp%3A%2F%2Flive.dbpedia.org%2Fontology%2FAdministrativeRegion%3E%0A++%7D%0A HTTP/1.1" 200 82 "" "Apache-Jena-ARQ/3.0.0"
83.212.121.124 - - [04/Aug/2017:00:10:48 +0300] "GET /sparql?query=ASK%0AWHERE%0A++%7B+%3Chttp%3A%2F%2Fschema.org%2FRestaurant%3E%0A++++++++++++++%3Chttp%3A%2F%2Fwww.w3.org%2F2000%2F01%2Frdf-schema%23subClassOf%3E++%3Chttp%3A%2F%2Fdbpedia.org%2Fclass%2Fyago%2FWikicatMunicipalitiesOfGermany%3E%0A++%7D%0A HTTP/1.1" 200 82 "" "Apache-Jena-ARQ/3.0.0"
83.212.121.124 - - [04/Aug/2017:00:10:48 +0300] "GET /sparql?query=ASK%0AWHERE%0A++%7B+%3Chttp%3A%2F%2Fschema.org%2FRestaurant%3E%0A++++++++++++++%3Chttp%3A%2F%2Fwww.w3.org%2F2000%2F01%2Frdf-schema%23subClassOf%3E++%3Chttp%3A%2F%2Fdbpedia.org%2Fontology%2FStation%3E%0A++%7D%0A HTTP/1.1" 200 82 "" "Apache-Jena-ARQ/3.0.0"
46.229.168.72 - - [04/Aug/2017:00:10:48 +0300] "GET /ode/?uri=http%3A//www.earlytelevision.org/images/rca_bulova_ad-1.jpg HTTP/1.1" 200 15166 "" "Mozilla/5.0 (compatible; SemrushBot/1.2~bl; +http://www.semrush.com/bot.html)"
83.212.121.124 - - [04/Aug/2017:00:10:48 +0300] "GET /sparql?query=ASK%0AWHERE%0A++%7B+%3Chttp%3A%2F%2Fschema.org%2FRestaurant%3E%0A++++++++++++++%3Chttp%3A%2F%2Fwww.w3.org%2F2000%2F01%2Frdf-schema%23subClassOf%3E++%3Chttp%3A%2F%2Fwww.wikidata.org%2Fentity%2FQ719456%3E%0A++%7D%0A HTTP/1.1" 200 82 "" "Apache-Jena-ARQ/3.0.0"
83.212.121.124 - - [04/Aug/2017:00:10:49 +0300] "GET /sparql?query=ASK%0AWHERE%0A++%7B+%3Chttp%3A%2F%2Fschema.org%2FRestaurant%3E%0A++++++++++++++%3Chttp%3A%2F%2Fwww.w3.org%2F2000%2F01%2Frdf-schema%23subClassOf%3E++%3Chttp%3A%2F%2Fdbpedia.org%2Fontology%2FBodyOfWater%3E%0A++%7D%0A HTTP/1.1" 200 82 "" "Apache-Jena-ARQ/3.0.0"
83.212.121.124 - - [04/Aug/2017:00:10:49 +0300] "GET /sparql?query=ASK%0AWHERE%0A++%7B+%3Chttp%3A%2F%2Fschema.org%2FRestaurant%3E%0A++++++++++++++%3Chttp%3A%2F%2Fwww.w3.org%2F2000%2F01%2Frdf-schema%23subClassOf%3E++%3Chttp%3A%2F%2Fdbpedia.org%2Fontology%2FNaturalPlace%3E%0A++%7D%0A HTTP/1.1" 200 82 "" "Apache-Jena-ARQ/3.0.0"
83.212.121.124 - - [04/Aug/2017:00:10:49 +0300] "GET /sparql?query=ASK%0AWHERE%0A++%7B+%3Chttp%3A%2F%2Fschema.org%2FRestaurant%3E%0A++++++++++++++%3Chttp%3A%2F%2Fwww.w3.org%2F2000%2F01%2Frdf-schema%23subClassOf%3E++%3Chttp%3A%2F%2Fdbpedia.org%2Fontology%2FRiver%3E%0A++%7D%0A HTTP/1.1" 200 82 "" "Apache-Jena-ARQ/3.0.0"
83.212.121.124 - - [04/Aug/2017:00:10:49 +0300] "GET /sparql?query=ASK%0AWHERE%0A++%7B+%3Chttp%3A%2F%2Fschema.org%2FRestaurant%3E%0A++++++++++++++%3Chttp%3A%2F%2Fwww.w3.org%2F2000%2F01%2Frdf-schema%23subClassOf%3E++%3Chttp%3A%2F%2Fdbpedia.org%2Fontology%2FStream%3E%0A++%7D%0A HTTP/1.1" 200 82 "" "Apache-Jena-ARQ/3.0.0"
108.62.195.33 - - [04/Aug/2017:00:10:49 +0300] "GET /HtmlPivotViewer/?url=https://www.youtube.com/watch?v=KRX6sdNxcKY HTTP/1.1" 200 3148 "http://uriburner.com/" "Mozilla/5.0 (X11; Linux x86_64) AppleWebKit/537.36 (KHTML, like Gecko) Chrome/51.0.2704.106 Safari/537.36"
83.212.121.124 - - [04/Aug/2017:00:10:50 +0300] "GET /sparql?query=ASK%0AWHERE%0A++%7B+%3Chttp%3A%2F%2Fschema.org%2FRestaurant%3E%0A++++++++++++++%3Chttp%3A%2F%2Fwww.w3.org%2F2000%2F01%2Frdf-schema%23subClassOf%3E++%3Chttp%3A%2F%2Fschema.org%2FBodyOfWater%3E%0A++%7D%0A HTTP/1.1" 200 82 "" "Apache-Jena-ARQ/3.0.0"
83.212.121.124 - - [04/Aug/2017:00:10:50 +0300] "GET /sparql?query=ASK%0AWHERE%0A++%7B+%3Chttp%3A%2F%2Fschema.org%2FRestaurant%3E%0A++++++++++++++%3Chttp%3A%2F%2Fwww.w3.org%2F2000%2F01%2Frdf-schema%23subClassOf%3E++%3Chttp%3A%2F%2Fschema.org%2FRiverBodyOfWater%3E%0A++%7D%0A HTTP/1.1" 200 82 "" "Apache-Jena-ARQ/3.0.0"
83.212.121.124 - - [04/Aug/2017:00:10:50 +0300] "GET /sparql?query=ASK%0AWHERE%0A++%7B+%3Chttp%3A%2F%2Fschema.org%2FRestaurant%3E%0A++++++++++++++%3Chttp%3A%2F%2Fwww.w3.org%2F2000%2F01%2Frdf-schema%23subClassOf%3E++%3Chttp%3A%2F%2Fwww.wikidata.org%2Fentity%2FQ4022%3E%0A++%7D%0A HTTP/1.1" 200 82 "" "Apache-Jena-ARQ/3.0.0"
83.212.121.124 - - [04/Aug/2017:00:10:50 +0300] "GET /sparql?query=ASK%0AWHERE%0A++%7B+%3Chttp%3A%2F%2Fschema.org%2FRestaurant%3E%0A++++++++++++++%3Chttp%3A%2F%2Fwww.w3.org%2F2000%2F01%2Frdf-schema%23subClassOf%3E++%3Chttp%3A%2F%2Fwww.wikidata.org%2Fentity%2FQ47521%3E%0A++%7D%0A HTTP/1.1" 200 82 "" "Apache-Jena-ARQ/3.0.0"
108.62.195.33 - - [04/Aug/2017:00:10:50 +0300] "GET /HtmlPivotViewer/?url=https://www.youtube.com/watch?v=zxhQ822sU3c HTTP/1.1" 200 3148 "http://uriburner.com/" "Mozilla/5.0 (X11; Linux x86_64) AppleWebKit/537.36 (KHTML, like Gecko) Chrome/51.0.2704.106 Safari/537.36"
83.212.121.124 - - [04/Aug/2017:00:10:50 +0300] "GET /sparql?query=ASK%0AWHERE%0A++%7B+%3Chttp%3A%2F%2Fschema.org%2FRestaurant%3E%0A++++++++++++++%3Chttp%3A%2F%2Fwww.w3.org%2F2000%2F01%2Frdf-schema%23subClassOf%3E++%3Chttp%3A%2F%2Fdbpedia.org%2Fontology%2FMountain%3E%0A++%7D%0A HTTP/1.1" 200 82 "" "Apache-Jena-ARQ/3.0.0"
83.212.121.124 - - [04/Aug/2017:00:10:51 +0300] "GET /sparql?query=ASK%0AWHERE%0A++%7B+%3Chttp%3A%2F%2Fschema.org%2FRestaurant%3E%0A++++++++++++++%3Chttp%3A%2F%2Fwww.w3.org%2F2000%2F01%2Frdf-schema%23subClassOf%3E++%3Chttp%3A%2F%2Fschema.org%2FMountain%3E%0A++%7D%0A HTTP/1.1" 200 82 "" "Apache-Jena-ARQ/3.0.0"
180.76.15.158 - - [04/Aug/2017:00:10:51 +0300] "GET /ode/?uri=http%3A%2F%2Fframebase.org%2Fns%2Ffi-4C4AFDD5373F7DD0D9DAB895B590A487 HTTP/1.1" 200 15166 "" "Mozilla/5.0 (compatible; Baiduspider/2.0; +http://www.baidu.com/search/spider.html)"
83.212.121.124 - - [04/Aug/2017:00:10:51 +0300] "GET /sparql?query=ASK%0AWHERE%0A++%7B+%3Chttp%3A%2F%2Fschema.org%2FRestaurant%3E%0A++++++++++++++%3Chttp%3A%2F%2Fwww.w3.org%2F2000%2F01%2Frdf-schema%23subClassOf%3E++%3Chttp%3A%2F%2Fdbpedia.org%2Fclass%2Fyago%2FGeologicalFormation109287968%3E%0A++%7D%0A HTTP/1.1" 200 82 "" "Apache-Jena-ARQ/3.0.0"
83.212.121.124 - - [04/Aug/2017:00:10:51 +0300] "GET /sparql?query=ASK%0AWHERE%0A++%7B+%3Chttp%3A%2F%2Fschema.org%2FRestaurant%3E%0A++++++++++++++%3Chttp%3A%2F%2Fwww.w3.org%2F2000%2F01%2Frdf-schema%23subClassOf%3E++%3Chttp%3A%2F%2Fdbpedia.org%2Fclass%2Fyago%2FMountain109359803%3E%0A++%7D%0A HTTP/1.1" 200 82 "" "Apache-Jena-ARQ/3.0.0"
83.212.121.124 - - [04/Aug/2017:00:10:51 +0300] "GET /sparql?query=ASK%0AWHERE%0A++%7B+%3Chttp%3A%2F%2Fschema.org%2FRestaurant%3E%0A++++++++++++++%3Chttp%3A%2F%2Fwww.w3.org%2F2000%2F01%2Frdf-schema%23subClassOf%3E++%3Chttp%3A%2F%2Fdbpedia.org%2Fclass%2Fyago%2FNaturalElevation109366317%3E%0A++%7D%0A HTTP/1.1" 200 82 "" "Apache-Jena-ARQ/3.0.0"
108.62.195.33 - - [04/Aug/2017:00:10:51 +0300] "GET /HtmlPivotViewer/?url=https://www.youtube.com/watch?v=zxhQ822sU3c HTTP/1.1" 200 3148 "" "Mozilla/5.0 (X11; Linux x86_64) AppleWebKit/537.36 (KHTML, like Gecko) Chrome/51.0.2704.106 Safari/537.36"
83.212.121.124 - - [04/Aug/2017:00:10:51 +0300] "GET /sparql?query=ASK%0AWHERE%0A++%7B+%3Chttp%3A%2F%2Fschema.org%2FRestaurant%3E%0A++++++++++++++%3Chttp%3A%2F%2Fwww.w3.org%2F2000%2F01%2Frdf-schema%23subClassOf%3E++%3Chttp%3A%2F%2Fwww.wikidata.org%2Fentity%2FQ8502%3E%0A++%7D%0A HTTP/1.1" 200 82 "" "Apache-Jena-ARQ/3.0.0"
83.212.121.124 - - [04/Aug/2017:00:10:52 +0300] "GET /sparql?query=ASK%0AWHERE%0A++%7B+%3Chttp%3A%2F%2Fschema.org%2FRestaurant%3E%0A++++++++++++++%3Chttp%3A%2F%2Fwww.w3.org%2F2000%2F01%2Frdf-schema%23subClassOf%3E++%3Chttp%3A%2F%2Fdbpedia.org%2Fontology%2FHotel%3E%0A++%7D%0A HTTP/1.1" 200 82 "" "Apache-Jena-ARQ/3.0.0"
83.212.121.124 - - [04/Aug/2017:00:10:52 +0300] "GET /sparql?query=ASK%0AWHERE%0A++%7B+%3Chttp%3A%2F%2Fschema.org%2FRestaurant%3E%0A++++++++++++++%3Chttp%3A%2F%2Fwww.w3.org%2F2000%2F01%2Frdf-schema%23subClassOf%3E++%3Chttp%3A%2F%2Fschema.org%2FHotel%3E%0A++%7D%0A HTTP/1.1" 200 82 "" "Apache-Jena-ARQ/3.0.0"
83.212.121.124 - - [04/Aug/2017:00:10:52 +0300] "GET /sparql?query=ASK%0AWHERE%0A++%7B+%3Chttp%3A%2F%2Fschema.org%2FRestaurant%3E%0A++++++++++++++%3Chttp%3A%2F%2Fwww.w3.org%2F2000%2F01%2Frdf-schema%23subClassOf%3E++%3Chttp%3A%2F%2Fwww.wikidata.org%2Fentity%2FQ27686%3E%0A++%7D%0A HTTP/1.1" 200 82 "" "Apache-Jena-ARQ/3.0.0"
46.229.168.68 - - [04/Aug/2017:00:10:52 +0300] "GET /ode/?uri=http%3A//dbpedia.org/resource/The_Astor_Theatre HTTP/1.1" 200 15166 "" "Mozilla/5.0 (compatible; SemrushBot/1.2~bl; +http://www.semrush.com/bot.html)"
83.212.121.124 - - [04/Aug/2017:00:10:53 +0300] "GET /sparql?query=ASK%0AWHERE%0A++%7B+%3Chttp%3A%2F%2Fschema.org%2FRestaurant%3E%0A++++++++++++++%3Chttp%3A%2F%2Fwww.w3.org%2F2000%2F01%2Frdf-schema%23subClassOf%3E++%3Chttp%3A%2F%2Fdbpedia.org%2Fclass%2Fyago%2FAirfield102687992%3E%0A++%7D%0A HTTP/1.1" 200 82 "" "Apache-Jena-ARQ/3.0.0"
83.212.121.124 - - [04/Aug/2017:00:10:53 +0300] "GET /sparql?query=ASK%0AWHERE%0A++%7B+%3Chttp%3A%2F%2Fschema.org%2FRestaurant%3E%0A++++++++++++++%3Chttp%3A%2F%2Fwww.w3.org%2F2000%2F01%2Frdf-schema%23subClassOf%3E++%3Chttp%3A%2F%2Fdbpedia.org%2Fclass%2Fyago%2FAirport102692232%3E%0A++%7D%0A HTTP/1.1" 200 82 "" "Apache-Jena-ARQ/3.0.0"
46.229.168.65 - - [04/Aug/2017:00:10:53 +0300] "GET /ode/?uri=http%3A//fr.dbpedia.org/resource/Antoine_Joseph_Serre_de_La_Tour HTTP/1.1" 200 15166 "" "Mozilla/5.0 (compatible; SemrushBot/1.2~bl; +http://www.semrush.com/bot.html)"
83.212.121.124 - - [04/Aug/2017:00:10:53 +0300] "GET /sparql?query=ASK%0AWHERE%0A++%7B+%3Chttp%3A%2F%2Fschema.org%2FRestaurant%3E%0A++++++++++++++%3Chttp%3A%2F%2Fwww.w3.org%2F2000%2F01%2Frdf-schema%23subClassOf%3E++%3Chttp%3A%2F%2Fdbpedia.org%2Fontology%2FVenue%3E%0A++%7D%0A HTTP/1.1" 200 82 "" "Apache-Jena-ARQ/3.0.0"
83.212.121.124 - - [04/Aug/2017:00:10:53 +0300] "GET /sparql?query=ASK%0AWHERE%0A++%7B+%3Chttp%3A%2F%2Fschema.org%2FRestaurant%3E%0A++++++++++++++%3Chttp%3A%2F%2Fwww.w3.org%2F2000%2F01%2Frdf-schema%23subClassOf%3E++%3Chttp%3A%2F%2Fwww.w3.org%2F2002%2F12%2Fcal%2Ficaltzd%23Vevent%3E%0A++%7D%0A HTTP/1.1" 200 82 "" "Apache-Jena-ARQ/3.0.0"
83.212.121.124 - - [04/Aug/2017:00:10:53 +0300] "GET /sparql?query=ASK%0AWHERE%0A++%7B+%3Chttp%3A%2F%2Fschema.org%2FRestaurant%3E%0A++++++++++++++%3Chttp%3A%2F%2Fwww.w3.org%2F2000%2F01%2Frdf-schema%23subClassOf%3E++%3Chttp%3A%2F%2Fumbel.org%2Fumbel%2Frc%2FPlace%3E%0A++%7D%0A HTTP/1.1" 200 82 "" "Apache-Jena-ARQ/3.0.0"
83.212.121.124 - - [04/Aug/2017:00:10:53 +0300] "GET /sparql?query=ASK%0AWHERE%0A++%7B+%3Chttp%3A%2F%2Fschema.org%2FRestaurant%3E%0A++++++++++++++%3Chttp%3A%2F%2Fwww.w3.org%2F2000%2F01%2Frdf-schema%23subClassOf%3E++%3Chttp%3A%2F%2Fdbpedia.org%2Fclass%2Fyago%2FHouse103544360%3E%0A++%7D%0A HTTP/1.1" 200 82 "" "Apache-Jena-ARQ/3.0.0"
83.212.121.124 - - [04/Aug/2017:00:10:54 +0300] "GET /sparql?query=ASK%0AWHERE%0A++%7B+%3Chttp%3A%2F%2Fschema.org%2FRestaurant%3E%0A++++++++++++++%3Chttp%3A%2F%2Fwww.w3.org%2F2000%2F01%2Frdf-schema%23subClassOf%3E++%3Chttp%3A%2F%2Fdbpedia.org%2Fclass%2Fyago%2FDwelling103259505%3E%0A++%7D%0A HTTP/1.1" 200 82 "" "Apache-Jena-ARQ/3.0.0"
83.212.121.124 - - [04/Aug/2017:00:10:54 +0300] "GET /sparql?query=ASK%0AWHERE%0A++%7B+%3Chttp%3A%2F%2Fschema.org%2FRestaurant%3E%0A++++++++++++++%3Chttp%3A%2F%2Fwww.w3.org%2F2000%2F01%2Frdf-schema%23subClassOf%3E++%3Chttp%3A%2F%2Fdbpedia.org%2Fontology%2FTheatre%3E%0A++%7D%0A HTTP/1.1" 200 82 "" "Apache-Jena-ARQ/3.0.0"
83.212.121.124 - - [04/Aug/2017:00:10:54 +0300] "GET /sparql?query=ASK%0AWHERE%0A++%7B+%3Chttp%3A%2F%2Fschema.org%2FRestaurant%3E%0A++++++++++++++%3Chttp%3A%2F%2Fwww.w3.org%2F2000%2F01%2Frdf-schema%23subClassOf%3E++%3Chttp%3A%2F%2Fwww.wikidata.org%2Fentity%2FQ24354%3E%0A++%7D%0A HTTP/1.1" 200 82 "" "Apache-Jena-ARQ/3.0.0"
210.189.18.242 - - [04/Aug/2017:00:10:54 +0300] "GET /about/html/http://erikttp.livejournal.com HTTP/1.1" 400 278 "http://www.imtalk.org/cmps_index.php?pageid=IMT-Website-Submitter" "Mozilla/5.0 (Windows NT 6.1) AppleWebKit/537.36 (KHTML, like Gecko) Chrome/59.0.3071.115 Safari/537.36"
83.212.121.124 - - [04/Aug/2017:00:10:54 +0300] "GET /sparql?query=ASK%0AWHERE%0A++%7B+%3Chttp%3A%2F%2Fschema.org%2FRestaurant%3E%0A++++++++++++++%3Chttp%3A%2F%2Fwww.w3.org%2F2000%2F01%2Frdf-schema%23subClassOf%3E++%3Chttp%3A%2F%2Fdbpedia.org%2Fontology%2FVillage%3E%0A++%7D%0A HTTP/1.1" 200 82 "" "Apache-Jena-ARQ/3.0.0"
83.212.121.124 - - [04/Aug/2017:00:10:54 +0300] "GET /sparql?query=ASK%0AWHERE%0A++%7B+%3Chttp%3A%2F%2Fschema.org%2FRestaurant%3E%0A++++++++++++++%3Chttp%3A%2F%2Fwww.w3.org%2F2000%2F01%2Frdf-schema%23subClassOf%3E++%3Chttp%3A%2F%2Fwww.wikidata.org%2Fentity%2FQ532%3E%0A++%7D%0A HTTP/1.1" 200 82 "" "Apache-Jena-ARQ/3.0.0"
83.212.121.124 - - [04/Aug/2017:00:10:55 +0300] "GET /sparql?query=ASK%0AWHERE%0A++%7B+%3Chttp%3A%2F%2Fschema.org%2FRestaurant%3E%0A++++++++++++++%3Chttp%3A%2F%2Fwww.w3.org%2F2000%2F01%2Frdf-schema%23subClassOf%3E++%3Chttp%3A%2F%2Fwww.wikidata.org%2Fentity%2FQ15265344%3E%0A++%7D%0A HTTP/1.1" 200 82 "" "Apache-Jena-ARQ/3.0.0"
83.212.121.124 - - [04/Aug/2017:00:10:55 +0300] "GET /sparql?query=ASK%0AWHERE%0A++%7B+%3Chttp%3A%2F%2Fschema.org%2FRestaurant%3E%0A++++++++++++++%3Chttp%3A%2F%2Fwww.w3.org%2F2000%2F01%2Frdf-schema%23subClassOf%3E++%3Chttp%3A%2F%2Fdbpedia.org%2Fclass%2Fyago%2FChurch103028079%3E%0A++%7D%0A HTTP/1.1" 200 82 "" "Apache-Jena-ARQ/3.0.0"
83.212.121.124 - - [04/Aug/2017:00:10:55 +0300] "GET /sparql?query=ASK%0AWHERE%0A++%7B+%3Chttp%3A%2F%2Fschema.org%2FRestaurant%3E%0A++++++++++++++%3Chttp%3A%2F%2Fwww.w3.org%2F2000%2F01%2Frdf-schema%23subClassOf%3E++%3Chttp%3A%2F%2Fdbpedia.org%2Fclass%2Fyago%2FPlaceOfWorship103953416%3E%0A++%7D%0A HTTP/1.1" 200 82 "" "Apache-Jena-ARQ/3.0.0"
83.212.121.124 - - [04/Aug/2017:00:10:55 +0300] "GET /sparql?query=ASK%0AWHERE%0A++%7B+%3Chttp%3A%2F%2Fschema.org%2FRestaurant%3E%0A++++++++++++++%3Chttp%3A%2F%2Fwww.w3.org%2F2000%2F01%2Frdf-schema%23subClassOf%3E++%3Chttp%3A%2F%2Fpurl.org%2Fontology%2Fbibo%2FDocument%3E%0A++%7D%0A HTTP/1.1" 200 82 "" "Apache-Jena-ARQ/3.0.0"
83.212.121.124 - - [04/Aug/2017:00:10:55 +0300] "GET /sparql?query=ASK%0AWHERE%0A++%7B+%3Chttp%3A%2F%2Fschema.org%2FRestaurant%3E%0A++++++++++++++%3Chttp%3A%2F%2Fwww.w3.org%2F2000%2F01%2Frdf-schema%23subClassOf%3E++%3Chttp%3A%2F%2Ftransport.data.gov.uk%2Fdef%2Fnaptan%2FBusStop%3E%0A++%7D%0A HTTP/1.1" 200 82 "" "Apache-Jena-ARQ/3.0.0"
83.212.121.124 - - [04/Aug/2017:00:10:56 +0300] "GET /sparql?query=ASK%0AWHERE%0A++%7B+%3Chttp%3A%2F%2Fschema.org%2FRestaurant%3E%0A++++++++++++++%3Chttp%3A%2F%2Fwww.w3.org%2F2000%2F01%2Frdf-schema%23subClassOf%3E++%3Chttp%3A%2F%2Fvocab.org%2Ftransit%2Fterms%2FStop%3E%0A++%7D%0A HTTP/1.1" 200 82 "" "Apache-Jena-ARQ/3.0.0"
83.212.121.124 - - [04/Aug/2017:00:10:56 +0300] "GET /sparql?query=ASK%0AWHERE%0A++%7B+%3Chttp%3A%2F%2Fschema.org%2FRestaurant%3E%0A++++++++++++++%3Chttp%3A%2F%2Fwww.w3.org%2F2000%2F01%2Frdf-schema%23subClassOf%3E++%3Chttp%3A%2F%2Fdbpedia.org%2Fontology%2FReligiousBuilding%3E%0A++%7D%0A HTTP/1.1" 200 82 "" "Apache-Jena-ARQ/3.0.0"
83.212.121.124 - - [04/Aug/2017:00:10:56 +0300] "GET /sparql?query=ASK%0AWHERE%0A++%7B+%3Chttp%3A%2F%2Fschema.org%2FRestaurant%3E%0A++++++++++++++%3Chttp%3A%2F%2Fwww.w3.org%2F2000%2F01%2Frdf-schema%23subClassOf%3E++%3Chttp%3A%2F%2Fwww.wikidata.org%2Fentity%2FQ1370598%3E%0A++%7D%0A HTTP/1.1" 200 82 "" "Apache-Jena-ARQ/3.0.0"
83.212.121.124 - - [04/Aug/2017:00:10:56 +0300] "GET /sparql?query=ASK%0AWHERE%0A++%7B+%3Chttp%3A%2F%2Fschema.org%2FRestaurant%3E%0A++++++++++++++%3Chttp%3A%2F%2Fwww.w3.org%2F2000%2F01%2Frdf-schema%23subClassOf%3E++%3Chttp%3A%2F%2Fdbpedia.org%2Fontology%2FDam%3E%0A++%7D%0A HTTP/1.1" 200 82 "" "Apache-Jena-ARQ/3.0.0"
180.76.15.8 - - [04/Aug/2017:00:10:56 +0300] "GET /ode/?uri=http%3A%2F%2Fdbpedia.org%2Fresource%2F2012_JAF_Grand_Prix__5__1 HTTP/1.1" 200 15166 "" "Mozilla/5.0 (compatible; Baiduspider/2.0; +http://www.baidu.com/search/spider.html)"
83.212.121.124 - - [04/Aug/2017:00:10:56 +0300] "GET /sparql?query=ASK%0AWHERE%0A++%7B+%3Chttp%3A%2F%2Fschema.org%2FRestaurant%3E%0A++++++++++++++%3Chttp%3A%2F%2Fwww.w3.org%2F2000%2F01%2Frdf-schema%23subClassOf%3E++%3Chttp%3A%2F%2Fwww.wikidata.org%2Fentity%2FQ12323%3E%0A++%7D%0A HTTP/1.1" 200 82 "" "Apache-Jena-ARQ/3.0.0"
46.229.168.71 - - [04/Aug/2017:00:10:56 +0300] "GET /ode/?uri=http%3A//ko.dbpedia.org/resource/%EB%B3%B4%ED%94%84_%EB%8D%94_%EC%9A%A9 HTTP/1.1" 200 15166 "" "Mozilla/5.0 (compatible; SemrushBot/1.2~bl; +http://www.semrush.com/bot.html)"
83.212.121.124 - - [04/Aug/2017:00:10:57 +0300] "GET /sparql?query=ASK%0AWHERE%0A++%7B+%3Chttp%3A%2F%2Fschema.org%2FRestaurant%3E%0A++++++++++++++%3Chttp%3A%2F%2Fwww.w3.org%2F2000%2F01%2Frdf-schema%23subClassOf%3E++%3Chttp%3A%2F%2Fdbpedia.org%2Fontology%2FBridge%3E%0A++%7D%0A HTTP/1.1" 200 82 "" "Apache-Jena-ARQ/3.0.0"
83.212.121.124 - - [04/Aug/2017:00:10:57 +0300] "GET /sparql?query=ASK%0AWHERE%0A++%7B+%3Chttp%3A%2F%2Fschema.org%2FRestaurant%3E%0A++++++++++++++%3Chttp%3A%2F%2Fwww.w3.org%2F2000%2F01%2Frdf-schema%23subClassOf%3E++%3Chttp%3A%2F%2Fwww.wikidata.org%2Fentity%2FQ12280%3E%0A++%7D%0A HTTP/1.1" 200 82 "" "Apache-Jena-ARQ/3.0.0"
83.212.121.124 - - [04/Aug/2017:00:10:57 +0300] "GET /sparql?query=ASK%0AWHERE%0A++%7B+%3Chttp%3A%2F%2Fschema.org%2FRestaurant%3E%0A++++++++++++++%3Chttp%3A%2F%2Fwww.w3.org%2F2000%2F01%2Frdf-schema%23subClassOf%3E++%3Chttp%3A%2F%2Fdbpedia.org%2Fontology%2FLake%3E%0A++%7D%0A HTTP/1.1" 200 82 "" "Apache-Jena-ARQ/3.0.0"
83.212.121.124 - - [04/Aug/2017:00:10:57 +0300] "GET /sparql?query=ASK%0AWHERE%0A++%7B+%3Chttp%3A%2F%2Fschema.org%2FRestaurant%3E%0A++++++++++++++%3Chttp%3A%2F%2Fwww.w3.org%2F2000%2F01%2Frdf-schema%23subClassOf%3E++%3Chttp%3A%2F%2Fschema.org%2FLakeBodyOfWater%3E%0A++%7D%0A HTTP/1.1" 200 82 "" "Apache-Jena-ARQ/3.0.0"
83.212.121.124 - - [04/Aug/2017:00:10:57 +0300] "GET /sparql?query=ASK%0AWHERE%0A++%7B+%3Chttp%3A%2F%2Fschema.org%2FRestaurant%3E%0A++++++++++++++%3Chttp%3A%2F%2Fwww.w3.org%2F2000%2F01%2Frdf-schema%23subClassOf%3E++%3Chttp%3A%2F%2Fwww.wikidata.org%2Fentity%2FQ23397%3E%0A++%7D%0A HTTP/1.1" 200 82 "" "Apache-Jena-ARQ/3.0.0"
83.212.121.124 - - [04/Aug/2017:00:10:58 +0300] "GET /sparql?query=ASK%0AWHERE%0A++%7B+%3Chttp%3A%2F%2Fschema.org%2FRestaurant%3E%0A++++++++++++++%3Chttp%3A%2F%2Fwww.w3.org%2F2000%2F01%2Frdf-schema%23subClassOf%3E++%3Chttp%3A%2F%2Fwww.geonames.org%2Fontology%23A%3E%0A++%7D%0A HTTP/1.1" 200 82 "" "Apache-Jena-ARQ/3.0.0"
83.212.121.124 - - [04/Aug/2017:00:10:58 +0300] "GET /sparql?query=ASK%0AWHERE%0A++%7B+%3Chttp%3A%2F%2Fschema.org%2FRestaurant%3E%0A++++++++++++++%3Chttp%3A%2F%2Fwww.w3.org%2F2000%2F01%2Frdf-schema%23subClassOf%3E++%3Chttp%3A%2F%2Fwww.geonames.org%2Fontology%23P%3E%0A++%7D%0A HTTP/1.1" 200 82 "" "Apache-Jena-ARQ/3.0.0"
83.212.121.124 - - [04/Aug/2017:00:10:58 +0300] "GET /sparql?query=ASK%0AWHERE%0A++%7B+%3Chttp%3A%2F%2Fschema.org%2FRestaurant%3E%0A++++++++++++++%3Chttp%3A%2F%2Fwww.w3.org%2F2000%2F01%2Frdf-schema%23subClassOf%3E++%3Chttp%3A%2F%2Fdbpedia.org%2Fclass%2Fyago%2FMultinationalCompaniesHeadquarteredInTheUnitedStates%3E%0A++%7D%0A HTTP/1.1" 200 82 "" "Apache-Jena-ARQ/3.0.0"
104.143.198.2 - - [04/Aug/2017:00:10:58 +0300] "GET /describe/?uri=http://www.esdlink.de/37596 HTTP/1.1" 404 3818 "http://linkeddata.uriburner.com/" "Opera/9.80 (Windows NT 6.2; Win64; x64) Presto/2.12.388 Version/12.17"
83.212.121.124 - - [04/Aug/2017:00:10:58 +0300] "GET /sparql?query=ASK%0AWHERE%0A++%7B+%3Chttp%3A%2F%2Fschema.org%2FRestaurant%3E%0A++++++++++++++%3Chttp%3A%2F%2Fwww.w3.org%2F2000%2F01%2Frdf-schema%23subClassOf%3E++%3Chttp%3A%2F%2Fdbpedia.org%2Fclass%2Fyago%2FPubliclyTradedCompaniesOfTheUnitedStates%3E%0A++%7D%0A HTTP/1.1" 200 82 "" "Apache-Jena-ARQ/3.0.0"
83.212.121.124 - - [04/Aug/2017:00:10:58 +0300] "GET /sparql?query=ASK%0AWHERE%0A++%7B+%3Chttp%3A%2F%2Fschema.org%2FRestaurant%3E%0A++++++++++++++%3Chttp%3A%2F%2Fwww.w3.org%2F2000%2F01%2Frdf-schema%23subClassOf%3E++%3Chttp%3A%2F%2Fdbpedia.org%2Fclass%2Fyago%2FFormerCapitalsOfTheUnitedStates%3E%0A++%7D%0A HTTP/1.1" 200 82 "" "Apache-Jena-ARQ/3.0.0"
83.212.121.124 - - [04/Aug/2017:00:10:59 +0300] "GET /sparql?query=ASK%0AWHERE%0A++%7B+%3Chttp%3A%2F%2Fschema.org%2FRestaurant%3E%0A++++++++++++++%3Chttp%3A%2F%2Fwww.w3.org%2F2000%2F01%2Frdf-schema%23subClassOf%3E++%3Chttp%3A%2F%2Fdbpedia.org%2Fclass%2Fyago%2FStatesAndTerritoriesEstablishedIn1822%3E%0A++%7D%0A HTTP/1.1" 200 82 "" "Apache-Jena-ARQ/3.0.0"
104.143.198.2 - - [04/Aug/2017:00:10:59 +0300] "GET / HTTP/1.1" 200 5010 "http://linkeddata.uriburner.com" "Opera/9.80 (Windows NT 6.2; Win64; x64) Presto/2.12.388 Version/12.17"
83.212.121.124 - - [04/Aug/2017:00:10:59 +0300] "GET /sparql?query=ASK%0AWHERE%0A++%7B+%3Chttp%3A%2F%2Fschema.org%2FRestaurant%3E%0A++++++++++++++%3Chttp%3A%2F%2Fwww.w3.org%2F2000%2F01%2Frdf-schema%23subClassOf%3E++%3Chttp%3A%2F%2Faims.fao.org%2Faos%2Fgeopolitical.owl%23self_governing%3E%0A++%7D%0A HTTP/1.1" 200 82 "" "Apache-Jena-ARQ/3.0.0"
83.212.121.124 - - [04/Aug/2017:00:10:59 +0300] "GET /sparql?query=ASK%0AWHERE%0A++%7B+%3Chttp%3A%2F%2Fschema.org%2FRestaurant%3E%0A++++++++++++++%3Chttp%3A%2F%2Fwww.w3.org%2F2000%2F01%2Frdf-schema%23subClassOf%3E++%3Chttp%3A%2F%2Fdbpedia.org%2Fclass%2Fyago%2FPortuguese-speakingCountries%3E%0A++%7D%0A HTTP/1.1" 200 82 "" "Apache-Jena-ARQ/3.0.0"
83.212.121.124 - - [04/Aug/2017:00:10:59 +0300] "GET /sparql?query=ASK%0AWHERE%0A++%7B+%3Chttp%3A%2F%2Fschema.org%2FRestaurant%3E%0A++++++++++++++%3Chttp%3A%2F%2Fwww.w3.org%2F2000%2F01%2Frdf-schema%23subClassOf%3E++%3Chttp%3A%2F%2Fpurl.obolibrary.org%2Fobo%2FBFO_0000002%3E%0A++%7D%0A HTTP/1.1" 200 82 "" "Apache-Jena-ARQ/3.0.0"
83.212.121.124 - - [04/Aug/2017:00:11:00 +0300] "GET /sparql?query=ASK%0AWHERE%0A++%7B+%3Chttp%3A%2F%2Fschema.org%2FRestaurant%3E%0A++++++++++++++%3Chttp%3A%2F%2Fwww.w3.org%2F2000%2F01%2Frdf-schema%23subClassOf%3E++%3Chttp%3A%2F%2Fdbpedia.org%2Fclass%2Fyago%2FLatinAmericanCountries%3E%0A++%7D%0A HTTP/1.1" 200 82 "" "Apache-Jena-ARQ/3.0.0"
180.76.15.21 - - [04/Aug/2017:00:11:00 +0300] "GET /about/html/http/dbpedia.org/resource/Cosmin_Contra HTTP/1.1" 303 40 "" "Mozilla/5.0 (compatible; Baiduspider/2.0; +http://www.baidu.com/search/spider.html)"
83.212.121.124 - - [04/Aug/2017:00:11:00 +0300] "GET /sparql?query=ASK%0AWHERE%0A++%7B+%3Chttp%3A%2F%2Fschema.org%2FRestaurant%3E%0A++++++++++++++%3Chttp%3A%2F%2Fwww.w3.org%2F2000%2F01%2Frdf-schema%23subClassOf%3E++%3Chttp%3A%2F%2Fdbpedia.org%2Fclass%2Fyago%2FMemberStatesOfTheCommunityOfPortugueseLanguageCountries%3E%0A++%7D%0A HTTP/1.1" 200 82 "" "Apache-Jena-ARQ/3.0.0"
83.212.121.124 - - [04/Aug/2017:00:11:00 +0300] "GET /sparql?query=ASK%0AWHERE%0A++%7B+%3Chttp%3A%2F%2Fschema.org%2FRestaurant%3E%0A++++++++++++++%3Chttp%3A%2F%2Fwww.w3.org%2F2000%2F01%2Frdf-schema%23subClassOf%3E++%3Chttp%3A%2F%2Fvivoweb.org%2Fontology%2Fcore%23GeopoliticalEntity%3E%0A++%7D%0A HTTP/1.1" 200 82 "" "Apache-Jena-ARQ/3.0.0"
46.229.168.65 - - [04/Aug/2017:00:11:00 +0300] "GET /ode/?uri=http%3A//dbpedia.org/resource/Evans_Woollen HTTP/1.1" 200 15166 "" "Mozilla/5.0 (compatible; SemrushBot/1.2~bl; +http://www.semrush.com/bot.html)"
180.76.15.157 - - [04/Aug/2017:00:11:00 +0300] "GET /rdfdesc/login.vsp?returnto=http%3A%2F%2Fwww.uriburner.com%2Fabout%2Fhtml%2Fhttp%3A%2F%2Fdbpedia.org%2Fresource%2FCosmin_Contra%3F@Lookup@%3D%26refresh%3Dclean&error.msg= HTTP/1.1" 401 82 "" "Mozilla/5.0 (compatible; Baiduspider/2.0; +http://www.baidu.com/search/spider.html)"
83.212.121.124 - - [04/Aug/2017:00:11:01 +0300] "GET /sparql?query=ASK%0AWHERE%0A++%7B+%3Chttp%3A%2F%2Fschema.org%2FRestaurant%3E%0A++++++++++++++%3Chttp%3A%2F%2Fwww.w3.org%2F2000%2F01%2Frdf-schema%23subClassOf%3E++%3Chttp%3A%2F%2Faims.fao.org%2Faos%2Fgeopolitical.owl%23area%3E%0A++%7D%0A HTTP/1.1" 200 82 "" "Apache-Jena-ARQ/3.0.0"
83.212.121.124 - - [04/Aug/2017:00:11:01 +0300] "GET /sparql?query=ASK%0AWHERE%0A++%7B+%3Chttp%3A%2F%2Fschema.org%2FRestaurant%3E%0A++++++++++++++%3Chttp%3A%2F%2Fwww.w3.org%2F2000%2F01%2Frdf-schema%23subClassOf%3E++%3Chttp%3A%2F%2Faims.fao.org%2Faos%2Fgeopolitical.owl%23territory%3E%0A++%7D%0A HTTP/1.1" 200 82 "" "Apache-Jena-ARQ/3.0.0"
83.212.121.124 - - [04/Aug/2017:00:11:01 +0300] "GET /sparql?query=ASK%0AWHERE%0A++%7B+%3Chttp%3A%2F%2Fschema.org%2FRestaurant%3E%0A++++++++++++++%3Chttp%3A%2F%2Fwww.w3.org%2F2000%2F01%2Frdf-schema%23subClassOf%3E++%3Chttp%3A%2F%2Fpurl.obolibrary.org%2Fobo%2FBFO_0000004%3E%0A++%7D%0A HTTP/1.1" 200 82 "" "Apache-Jena-ARQ/3.0.0"
83.212.121.124 - - [04/Aug/2017:00:11:01 +0300] "GET /sparql?query=ASK%0AWHERE%0A++%7B+%3Chttp%3A%2F%2Fschema.org%2FRestaurant%3E%0A++++++++++++++%3Chttp%3A%2F%2Fwww.w3.org%2F2000%2F01%2Frdf-schema%23subClassOf%3E++%3Chttp%3A%2F%2Fpurl.obolibrary.org%2Fobo%2FBFO_0000141%3E%0A++%7D%0A HTTP/1.1" 200 82 "" "Apache-Jena-ARQ/3.0.0"
83.212.121.124 - - [04/Aug/2017:00:11:02 +0300] "GET /sparql?query=ASK%0AWHERE%0A++%7B+%3Chttp%3A%2F%2Fschema.org%2FRestaurant%3E%0A++++++++++++++%3Chttp%3A%2F%2Fwww.w3.org%2F2000%2F01%2Frdf-schema%23subClassOf%3E++%3Chttp%3A%2F%2Fvivoweb.org%2Fontology%2Fcore%23Country%3E%0A++%7D%0A HTTP/1.1" 200 82 "" "Apache-Jena-ARQ/3.0.0"
83.212.121.124 - - [04/Aug/2017:00:11:02 +0300] "GET /sparql?query=ASK%0AWHERE%0A++%7B+%3Chttp%3A%2F%2Fschema.org%2FRestaurant%3E%0A++++++++++++++%3Chttp%3A%2F%2Fwww.w3.org%2F2000%2F01%2Frdf-schema%23subClassOf%3E++%3Chttp%3A%2F%2Fvivoweb.org%2Fontology%2Fcore%23GeographicLocation%3E%0A++%7D%0A HTTP/1.1" 200 82 "" "Apache-Jena-ARQ/3.0.0"
83.212.121.124 - - [04/Aug/2017:00:11:02 +0300] "GET /sparql?query=ASK%0AWHERE%0A++%7B+%3Chttp%3A%2F%2Fschema.org%2FRestaurant%3E%0A++++++++++++++%3Chttp%3A%2F%2Fwww.w3.org%2F2000%2F01%2Frdf-schema%23subClassOf%3E++%3Chttp%3A%2F%2Fvivoweb.org%2Fontology%2Fcore%23GeographicRegion%3E%0A++%7D%0A HTTP/1.1" 200 82 "" "Apache-Jena-ARQ/3.0.0"
46.229.168.67 - - [04/Aug/2017:00:11:02 +0300] "GET /ode/?uri=http%3A//dbpedia.org/resource/Higher_Secondary_Examination HTTP/1.1" 200 15166 "" "Mozilla/5.0 (compatible; SemrushBot/1.2~bl; +http://www.semrush.com/bot.html)"
83.212.121.124 - - [04/Aug/2017:00:11:03 +0300] "GET /sparql?query=ASK%0AWHERE%0A++%7B+%3Chttp%3A%2F%2Fschema.org%2FRestaurant%3E%0A++++++++++++++%3Chttp%3A%2F%2Fwww.w3.org%2F2000%2F01%2Frdf-schema%23subClassOf%3E++%3Chttp%3A%2F%2Fvivoweb.org%2Fontology%2Fcore%23Location%3E%0A++%7D%0A HTTP/1.1" 200 82 "" "Apache-Jena-ARQ/3.0.0"
83.212.121.124 - - [04/Aug/2017:00:11:03 +0300] "GET /sparql?query=ASK%0AWHERE%0A++%7B+%3Chttp%3A%2F%2Fschema.org%2FRestaurant%3E%0A++++++++++++++%3Chttp%3A%2F%2Fwww.w3.org%2F2000%2F01%2Frdf-schema%23subClassOf%3E++%3Chttp%3A%2F%2Fpurl.obolibrary.org%2Fobo%2FBFO_0000001%3E%0A++%7D%0A HTTP/1.1" 200 82 "" "Apache-Jena-ARQ/3.0.0"
83.212.121.124 - - [04/Aug/2017:00:11:03 +0300] "GET /sparql?query=ASK%0AWHERE%0A++%7B+%3Chttp%3A%2F%2Fschema.org%2FRestaurant%3E%0A++++++++++++++%3Chttp%3A%2F%2Fwww.w3.org%2F2000%2F01%2Frdf-schema%23subClassOf%3E++%3Chttp%3A%2F%2Fpurl.obolibrary.org%2Fobo%2FBFO_0000006%3E%0A++%7D%0A HTTP/1.1" 200 82 "" "Apache-Jena-ARQ/3.0.0"
83.212.121.124 - - [04/Aug/2017:00:11:03 +0300] "GET /sparql?query=ASK%0AWHERE%0A++%7B+%3Chttp%3A%2F%2Fschema.org%2FRestaurant%3E%0A++++++++++++++%3Chttp%3A%2F%2Fwww.w3.org%2F2000%2F01%2Frdf-schema%23subClassOf%3E++%3Chttp%3A%2F%2Fdbpedia.org%2Fclass%2Fyago%2FWikicatFederalCountries%3E%0A++%7D%0A HTTP/1.1" 200 82 "" "Apache-Jena-ARQ/3.0.0"
83.212.121.124 - - [04/Aug/2017:00:11:03 +0300] "GET /sparql?query=ASK%0AWHERE%0A++%7B+%3Chttp%3A%2F%2Fschema.org%2FRestaurant%3E%0A++++++++++++++%3Chttp%3A%2F%2Fwww.w3.org%2F2000%2F01%2Frdf-schema%23subClassOf%3E++%3Chttp%3A%2F%2Fdbpedia.org%2Fclass%2Fyago%2FWikicatCountriesInSouthAmerica%3E%0A++%7D%0A HTTP/1.1" 200 82 "" "Apache-Jena-ARQ/3.0.0"
83.212.121.124 - - [04/Aug/2017:00:11:03 +0300] "GET /sparql?query=ASK%0AWHERE%0A++%7B+%3Chttp%3A%2F%2Fschema.org%2FRestaurant%3E%0A++++++++++++++%3Chttp%3A%2F%2Fwww.w3.org%2F2000%2F01%2Frdf-schema%23subClassOf%3E++%3Chttp%3A%2F%2Fdbpedia.org%2Fclass%2Fyago%2FWikicatLatinAmericanCountries%3E%0A++%7D%0A HTTP/1.1" 200 82 "" "Apache-Jena-ARQ/3.0.0"
180.76.15.146 - - [04/Aug/2017:00:11:03 +0300] "GET /HtmlPivotViewer/?url=http%3A%2F%2Flinkeddata.uriburner.com%2Fsparql%3Fquery%3Ddefine%2520sql%253Adescribe-mode%2520%2522SPO%2522%2520DESCRIBE%2520%253Chttp%253A%252F%252Fdbpedia.org%252Fresource%252FFranck_Cazalon%253E%26format%3Dcxml HTTP/1.1" 200 3309 "" "Mozilla/5.0 (compatible; Baiduspider/2.0; +http://www.baidu.com/search/spider.html)"
83.212.121.124 - - [04/Aug/2017:00:11:04 +0300] "GET /sparql?query=ASK%0AWHERE%0A++%7B+%3Chttp%3A%2F%2Fschema.org%2FRestaurant%3E%0A++++++++++++++%3Chttp%3A%2F%2Fwww.w3.org%2F2000%2F01%2Frdf-schema%23subClassOf%3E++%3Chttp%3A%2F%2Fdbpedia.org%2Fclass%2Fyago%2FWikicatMemberStatesOfMercosur%3E%0A++%7D%0A HTTP/1.1" 200 82 "" "Apache-Jena-ARQ/3.0.0"
83.212.121.124 - - [04/Aug/2017:00:11:04 +0300] "GET /sparql?query=ASK%0AWHERE%0A++%7B+%3Chttp%3A%2F%2Fschema.org%2FRestaurant%3E%0A++++++++++++++%3Chttp%3A%2F%2Fwww.w3.org%2F2000%2F01%2Frdf-schema%23subClassOf%3E++%3Chttp%3A%2F%2Fdbpedia.org%2Fclass%2Fyago%2FWikicatMemberStatesOfTheCommunityOfPortugueseLanguageCountries%3E%0A++%7D%0A HTTP/1.1" 200 82 "" "Apache-Jena-ARQ/3.0.0"
83.212.121.124 - - [04/Aug/2017:00:11:04 +0300] "GET /sparql?query=ASK%0AWHERE%0A++%7B+%3Chttp%3A%2F%2Fschema.org%2FRestaurant%3E%0A++++++++++++++%3Chttp%3A%2F%2Fwww.w3.org%2F2000%2F01%2Frdf-schema%23subClassOf%3E++%3Chttp%3A%2F%2Fdbpedia.org%2Fclass%2Fyago%2FWikicatMemberStatesOfTheUnionOfSouthAmericanNations%3E%0A++%7D%0A HTTP/1.1" 200 82 "" "Apache-Jena-ARQ/3.0.0"
83.212.121.124 - - [04/Aug/2017:00:11:05 +0300] "GET /sparql?query=ASK%0AWHERE%0A++%7B+%3Chttp%3A%2F%2Fschema.org%2FRestaurant%3E%0A++++++++++++++%3Chttp%3A%2F%2Fwww.w3.org%2F2000%2F01%2Frdf-schema%23subClassOf%3E++%3Chttp%3A%2F%2Fdbpedia.org%2Fclass%2Fyago%2FWikicatPortuguese-speakingCountriesAndTerritories%3E%0A++%7D%0A HTTP/1.1" 200 82 "" "Apache-Jena-ARQ/3.0.0"
83.212.121.124 - - [04/Aug/2017:00:11:05 +0300] "GET /sparql?query=ASK%0AWHERE%0A++%7B+%3Chttp%3A%2F%2Fschema.org%2FRestaurant%3E%0A++++++++++++++%3Chttp%3A%2F%2Fwww.w3.org%2F2000%2F01%2Frdf-schema%23subClassOf%3E++%3Chttp%3A%2F%2Fdbpedia.org%2Fclass%2Fyago%2FWikicatStatesAndTerritoriesEstablishedIn1822%3E%0A++%7D%0A HTTP/1.1" 200 82 "" "Apache-Jena-ARQ/3.0.0"
83.212.121.124 - - [04/Aug/2017:00:11:05 +0300] "GET /sparql?query=ASK%0AWHERE%0A++%7B+%3Chttp%3A%2F%2Fschema.org%2FRestaurant%3E%0A++++++++++++++%3Chttp%3A%2F%2Fwww.w3.org%2F2000%2F01%2Frdf-schema%23subClassOf%3E++%3Chttp%3A%2F%2Fdbpedia.org%2Fclass%2Fyago%2FFrench-speakingCountries%3E%0A++%7D%0A HTTP/1.1" 200 82 "" "Apache-Jena-ARQ/3.0.0"
46.229.168.65 - - [04/Aug/2017:00:11:05 +0300] "GET /ode/?uri=http%3A//dbpedia.org/resource/Evans_Woollen HTTP/1.1" 200 15166 "" "Mozilla/5.0 (compatible; SemrushBot/1.2~bl; +http://www.semrush.com/bot.html)"
83.212.121.124 - - [04/Aug/2017:00:11:05 +0300] "GET /sparql?query=ASK%0AWHERE%0A++%7B+%3Chttp%3A%2F%2Fschema.org%2FRestaurant%3E%0A++++++++++++++%3Chttp%3A%2F%2Fwww.w3.org%2F2000%2F01%2Frdf-schema%23subClassOf%3E++%3Chttp%3A%2F%2Fdbpedia.org%2Fclass%2Fyago%2FCountyTown108547300%3E%0A++%7D%0A HTTP/1.1" 200 82 "" "Apache-Jena-ARQ/3.0.0"
180.76.15.157 - - [04/Aug/2017:00:11:05 +0300] "GET /describe/?url=nodeID%3A%2F%2Fb879181 HTTP/1.1" 200 4841 "" "Mozilla/5.0 (compatible; Baiduspider/2.0; +http://www.baidu.com/search/spider.html)"
83.212.121.124 - - [04/Aug/2017:00:11:05 +0300] "GET /sparql?query=ASK%0AWHERE%0A++%7B+%3Chttp%3A%2F%2Fschema.org%2FRestaurant%3E%0A++++++++++++++%3Chttp%3A%2F%2Fwww.w3.org%2F2000%2F01%2Frdf-schema%23subClassOf%3E++%3Chttp%3A%2F%2Fdbpedia.org%2Fclass%2Fyago%2FEmpire108557482%3E%0A++%7D%0A HTTP/1.1" 200 82 "" "Apache-Jena-ARQ/3.0.0"
164.132.161.52 - - [04/Aug/2017:00:11:05 +0300] "GET /sparql?query=define%20sql%3Adescribe-mode%20%22CBD%22%20%20DESCRIBE%20%3Chttp%3A%2F%2Feo.dbpedia.org%2Fresource%2FKZ-filio_Schwarze_Poth%3E&output=text%2Fcsv HTTP/1.1" 200 66 "" "Mozilla/5.0 (compatible; AhrefsBot/5.2; +http://ahrefs.com/robot/)"
83.212.121.124 - - [04/Aug/2017:00:11:06 +0300] "GET /sparql?query=ASK%0AWHERE%0A++%7B+%3Chttp%3A%2F%2Fschema.org%2FRestaurant%3E%0A++++++++++++++%3Chttp%3A%2F%2Fwww.w3.org%2F2000%2F01%2Frdf-schema%23subClassOf%3E++%3Chttp%3A%2F%2Fdbpedia.org%2Fclass%2Fyago%2FEstablishment103297735%3E%0A++%7D%0A HTTP/1.1" 200 82 "" "Apache-Jena-ARQ/3.0.0"
83.212.121.124 - - [04/Aug/2017:00:11:06 +0300] "GET /sparql?query=ASK%0AWHERE%0A++%7B+%3Chttp%3A%2F%2Fschema.org%2FRestaurant%3E%0A++++++++++++++%3Chttp%3A%2F%2Fwww.w3.org%2F2000%2F01%2Frdf-schema%23subClassOf%3E++%3Chttp%3A%2F%2Fdbpedia.org%2Fclass%2Fyago%2FSouthAsianCountries%3E%0A++%7D%0A HTTP/1.1" 200 82 "" "Apache-Jena-ARQ/3.0.0"
83.212.121.124 - - [04/Aug/2017:00:11:06 +0300] "GET /sparql?query=ASK%0AWHERE%0A++%7B+%3Chttp%3A%2F%2Fschema.org%2FRestaurant%3E%0A++++++++++++++%3Chttp%3A%2F%2Fwww.w3.org%2F2000%2F01%2Frdf-schema%23subClassOf%3E++%3Chttp%3A%2F%2Fdbpedia.org%2Fclass%2Fyago%2FMemberStatesOfTheSouthAsianAssociationForRegionalCooperation%3E%0A++%7D%0A HTTP/1.1" 200 82 "" "Apache-Jena-ARQ/3.0.0"
83.212.121.124 - - [04/Aug/2017:00:11:06 +0300] "GET /sparql?query=ASK%0AWHERE%0A++%7B+%3Chttp%3A%2F%2Fschema.org%2FRestaurant%3E%0A++++++++++++++%3Chttp%3A%2F%2Fwww.w3.org%2F2000%2F01%2Frdf-schema%23subClassOf%3E++%3Chttp%3A%2F%2Fxmlns.com%2Ffoaf%2F0.1%2FOrganization%3E%0A++%7D%0A HTTP/1.1" 200 82 "" "Apache-Jena-ARQ/3.0.0"
46.229.168.74 - - [04/Aug/2017:00:11:06 +0300] "GET /ode/?uri=http%3A//dbpedia.org/resource/Archeognathus HTTP/1.1" 200 15166 "" "Mozilla/5.0 (compatible; SemrushBot/1.2~bl; +http://www.semrush.com/bot.html)"
83.212.121.124 - - [04/Aug/2017:00:11:07 +0300] "GET /sparql?query=ASK%0AWHERE%0A++%7B+%3Chttp%3A%2F%2Fschema.org%2FRestaurant%3E%0A++++++++++++++%3Chttp%3A%2F%2Fwww.w3.org%2F2000%2F01%2Frdf-schema%23subClassOf%3E++%3Chttp%3A%2F%2Fdbpedia.org%2Fclass%2Fyago%2FCountriesBorderingTheBalticSea%3E%0A++%7D%0A HTTP/1.1" 200 82 "" "Apache-Jena-ARQ/3.0.0"
83.212.121.124 - - [04/Aug/2017:00:11:07 +0300] "GET /sparql?query=ASK%0AWHERE%0A++%7B+%3Chttp%3A%2F%2Fschema.org%2FRestaurant%3E%0A++++++++++++++%3Chttp%3A%2F%2Fwww.w3.org%2F2000%2F01%2Frdf-schema%23subClassOf%3E++%3Chttp%3A%2F%2Fdbpedia.org%2Fclass%2Fyago%2FGerman-speakingCountries%3E%0A++%7D%0A HTTP/1.1" 200 82 "" "Apache-Jena-ARQ/3.0.0"
83.212.121.124 - - [04/Aug/2017:00:11:07 +0300] "GET /sparql?query=ASK%0AWHERE%0A++%7B+%3Chttp%3A%2F%2Fschema.org%2FRestaurant%3E%0A++++++++++++++%3Chttp%3A%2F%2Fwww.w3.org%2F2000%2F01%2Frdf-schema%23subClassOf%3E++%3Chttp%3A%2F%2Fdbpedia.org%2Fclass%2Fyago%2FAlpineCountries%3E%0A++%7D%0A HTTP/1.1" 200 82 "" "Apache-Jena-ARQ/3.0.0"
51.255.65.71 - - [04/Aug/2017:00:11:07 +0300] "GET /sparql?query=define%20sql%3Adescribe-mode%20%22CBD%22%20%20DESCRIBE%20%3Chttp%3A%2F%2Fjcggdb.jp%2Frdf%2Fdiseases%2Fpaconto%23bin_GLY373_PUB092%3E&output=application%2Fatom%2Bxml HTTP/1.1" 200 431 "" "Mozilla/5.0 (compatible; AhrefsBot/5.2; +http://ahrefs.com/robot/)"
83.212.121.124 - - [04/Aug/2017:00:11:07 +0300] "GET /sparql?query=ASK%0AWHERE%0A++%7B+%3Chttp%3A%2F%2Fschema.org%2FRestaurant%3E%0A++++++++++++++%3Chttp%3A%2F%2Fwww.w3.org%2F2000%2F01%2Frdf-schema%23subClassOf%3E++%3Chttp%3A%2F%2Fdbpedia.org%2Fclass%2Fyago%2FAdministrativeUnit108077292%3E%0A++%7D%0A HTTP/1.1" 200 82 "" "Apache-Jena-ARQ/3.0.0"
83.212.121.124 - - [04/Aug/2017:00:11:07 +0300] "GET /sparql?query=ASK%0AWHERE%0A++%7B+%3Chttp%3A%2F%2Fschema.org%2FRestaurant%3E%0A++++++++++++++%3Chttp%3A%2F%2Fwww.w3.org%2F2000%2F01%2Frdf-schema%23subClassOf%3E++%3Chttp%3A%2F%2Fdbpedia.org%2Fclass%2Fyago%2FCommunity108223802%3E%0A++%7D%0A HTTP/1.1" 200 82 "" "Apache-Jena-ARQ/3.0.0"
83.212.121.124 - - [04/Aug/2017:00:11:07 +0300] "GET /sparql?query=ASK%0AWHERE%0A++%7B+%3Chttp%3A%2F%2Fschema.org%2FRestaurant%3E%0A++++++++++++++%3Chttp%3A%2F%2Fwww.w3.org%2F2000%2F01%2Frdf-schema%23subClassOf%3E++%3Chttp%3A%2F%2Fdbpedia.org%2Fclass%2Fyago%2FParish108223688%3E%0A++%7D%0A HTTP/1.1" 200 82 "" "Apache-Jena-ARQ/3.0.0"
83.212.121.124 - - [04/Aug/2017:00:11:08 +0300] "GET /sparql?query=ASK%0AWHERE%0A++%7B+%3Chttp%3A%2F%2Fschema.org%2FRestaurant%3E%0A++++++++++++++%3Chttp%3A%2F%2Fwww.w3.org%2F2000%2F01%2Frdf-schema%23subClassOf%3E++%3Chttp%3A%2F%2Fdbpedia.org%2Fclass%2Fyago%2FParishesInAsturias%3E%0A++%7D%0A HTTP/1.1" 200 82 "" "Apache-Jena-ARQ/3.0.0"
83.212.121.124 - - [04/Aug/2017:00:11:08 +0300] "GET /sparql?query=ASK%0AWHERE%0A++%7B+%3Chttp%3A%2F%2Fschema.org%2FRestaurant%3E%0A++++++++++++++%3Chttp%3A%2F%2Fwww.w3.org%2F2000%2F01%2Frdf-schema%23subClassOf%3E++%3Chttp%3A%2F%2Finstitutions.publicdata.eu%2F%23Policy_Agency%3E%0A++%7D%0A HTTP/1.1" 200 82 "" "Apache-Jena-ARQ/3.0.0"
83.212.121.124 - - [04/Aug/2017:00:11:08 +0300] "GET /sparql?query=ASK%0AWHERE%0A++%7B+%3Chttp%3A%2F%2Fschema.org%2FRestaurant%3E%0A++++++++++++++%3Chttp%3A%2F%2Fwww.w3.org%2F2000%2F01%2Frdf-schema%23subClassOf%3E++%3Chttp%3A%2F%2Fdbpedia.org%2Fclass%2Fyago%2FChurchesInAsturias%3E%0A++%7D%0A HTTP/1.1" 200 82 "" "Apache-Jena-ARQ/3.0.0"
83.212.121.124 - - [04/Aug/2017:00:11:08 +0300] "GET /sparql?query=ASK%0AWHERE%0A++%7B+%3Chttp%3A%2F%2Fschema.org%2FRestaurant%3E%0A++++++++++++++%3Chttp%3A%2F%2Fwww.w3.org%2F2000%2F01%2Frdf-schema%23subClassOf%3E++%3Chttp%3A%2F%2Fschema.org%2FProduct%3E%0A++%7D%0A HTTP/1.1" 200 82 "" "Apache-Jena-ARQ/3.0.0"
83.212.121.124 - - [04/Aug/2017:00:11:08 +0300] "GET /sparql?query=ASK%0AWHERE%0A++%7B+%3Chttp%3A%2F%2Fschema.org%2FRestaurant%3E%0A++++++++++++++%3Chttp%3A%2F%2Fwww.w3.org%2F2000%2F01%2Frdf-schema%23subClassOf%3E++%3Chttp%3A%2F%2Fdbpedia.org%2Fontology%2FMeanOfTransportation%3E%0A++%7D%0A HTTP/1.1" 200 82 "" "Apache-Jena-ARQ/3.0.0"
83.212.121.124 - - [04/Aug/2017:00:11:09 +0300] "GET /sparql?query=ASK%0AWHERE%0A++%7B+%3Chttp%3A%2F%2Fschema.org%2FRestaurant%3E%0A++++++++++++++%3Chttp%3A%2F%2Fwww.w3.org%2F2000%2F01%2Frdf-schema%23subClassOf%3E++%3Chttp%3A%2F%2Fdbpedia.org%2Fontology%2FShip%3E%0A++%7D%0A HTTP/1.1" 200 82 "" "Apache-Jena-ARQ/3.0.0"
180.76.15.24 - - [04/Aug/2017:00:11:09 +0300] "GET /ode/?uri=http%3A%2F%2Fyago-knowledge.org%2Fresource%2FJohn_Hyatt_(clergyman) HTTP/1.1" 200 15166 "" "Mozilla/5.0 (compatible; Baiduspider/2.0; +http://www.baidu.com/search/spider.html)"
83.212.121.124 - - [04/Aug/2017:00:11:09 +0300] "GET /sparql?query=ASK%0AWHERE%0A++%7B+%3Chttp%3A%2F%2Fschema.org%2FRestaurant%3E%0A++++++++++++++%3Chttp%3A%2F%2Fwww.w3.org%2F2000%2F01%2Frdf-schema%23subClassOf%3E++%3Chttp%3A%2F%2Fwww.ontologydesignpatterns.org%2Font%2Fdul%2FDUL.owl%23DesignedArtifact%3E%0A++%7D%0A HTTP/1.1" 200 82 "" "Apache-Jena-ARQ/3.0.0"
83.212.121.124 - - [04/Aug/2017:00:11:09 +0300] "GET /sparql?query=ASK%0AWHERE%0A++%7B+%3Chttp%3A%2F%2Fschema.org%2FRestaurant%3E%0A++++++++++++++%3Chttp%3A%2F%2Fwww.w3.org%2F2000%2F01%2Frdf-schema%23subClassOf%3E++%3Chttp%3A%2F%2Fwww.wikidata.org%2Fentity%2FQ11446%3E%0A++%7D%0A HTTP/1.1" 200 82 "" "Apache-Jena-ARQ/3.0.0"
83.212.121.124 - - [04/Aug/2017:00:11:09 +0300] "GET /sparql?query=ASK%0AWHERE%0A++%7B+%3Chttp%3A%2F%2Fschema.org%2FRestaurant%3E%0A++++++++++++++%3Chttp%3A%2F%2Fwww.w3.org%2F2000%2F01%2Frdf-schema%23subClassOf%3E++%3Chttp%3A%2F%2Fdbpedia.org%2Fontology%2FRailwayStation%3E%0A++%7D%0A HTTP/1.1" 200 82 "" "Apache-Jena-ARQ/3.0.0"
83.212.121.124 - - [04/Aug/2017:00:11:10 +0300] "GET /sparql?query=ASK%0AWHERE%0A++%7B+%3Chttp%3A%2F%2Fschema.org%2FRestaurant%3E%0A++++++++++++++%3Chttp%3A%2F%2Fwww.w3.org%2F2000%2F01%2Frdf-schema%23subClassOf%3E++%3Chttp%3A%2F%2Fdbpedia.org%2Fontology%2FMountainPass%3E%0A++%7D%0A HTTP/1.1" 200 82 "" "Apache-Jena-ARQ/3.0.0"
